Backups Created:
/home/japatmex/public_html/wp-content/edit-wolf.php
Savvy
W
olf -
MANAGER
Edit File: slcodelab.com.japan4n.net-ssl_log
66.249.70.70 - - [08/Jun/2025:08:02:33 -0400] "GET /?c=1551832280646 HTTP/1.1" 200 19426 "-" "Mozilla/5.0 (Linux; Android 6.0.1; Nexus 5X Build/MMB29P) AppleWebKit/537.36 (KHTML, like Gecko) Chrome/136.0.7103.113 Mobile Safari/537.36 (compatible; Googlebot/2.1; +http://www.google.com/bot.html)"
162.0.217.222 - - [08/Jun/2025:08:05:03 -0400] "GET /cron3344/getimeiorders HTTP/1.1" 200 0 "-" "Wget/1.19.5 (linux-gnu)"
162.0.217.222 - - [08/Jun/2025:08:05:03 -0400] "GET /cron3344/sendimeiorders HTTP/1.1" 200 0 "-" "Wget/1.19.5 (linux-gnu)"
66.249.70.70 - - [08/Jun/2025:08:06:53 -0400] "GET /?c=1566748112846 HTTP/1.1" 200 19715 "-" "Mozilla/5.0 (Linux; Android 6.0.1; Nexus 5X Build/MMB29P) AppleWebKit/537.36 (KHTML, like Gecko) Chrome/136.0.7103.113 Mobile Safari/537.36 (compatible; Googlebot/2.1; +http://www.google.com/bot.html)"
162.0.217.222 - - [08/Jun/2025:08:10:03 -0400] "GET /cron3344/getimeiorders HTTP/1.1" 200 0 "-" "Wget/1.19.5 (linux-gnu)"
162.0.217.222 - - [08/Jun/2025:08:10:03 -0400] "GET /cron3344/sendimeiorders HTTP/1.1" 200 0 "-" "Wget/1.19.5 (linux-gnu)"
54.165.237.88 - - [08/Jun/2025:08:10:57 -0400] "GET / HTTP/1.1" 200 16948 "-" "Mozilla/5.0 (Windows NT 10.0; Win64; x64) AppleWebKit/537.36 (KHTML, like Gecko) Chrome/58.0.3029.110 Safari/537.3"
54.165.237.88 - - [08/Jun/2025:08:10:58 -0400] "GET /assets/template1/vendor/modernizr/modernizr.min.js HTTP/1.1" 200 4829 "-" "python-httpx/0.28.1"
54.165.237.88 - - [08/Jun/2025:08:10:58 -0400] "GET /assets/template1/js/theme.init.js HTTP/1.1" 200 1142 "-" "python-httpx/0.28.1"
54.165.237.88 - - [08/Jun/2025:08:10:58 -0400] "GET /assets/js/testimonials.js HTTP/1.1" 200 559 "-" "python-httpx/0.28.1"
54.165.237.88 - - [08/Jun/2025:08:10:58 -0400] "GET /assets/js/contactnew.js HTTP/1.1" 200 521 "-" "python-httpx/0.28.1"
54.165.237.88 - - [08/Jun/2025:08:11:04 -0400] "GET /assets/template1/js/green_js/lity.min.js HTTP/1.1" 200 2954 "-" "python-httpx/0.28.1"
54.165.237.88 - - [08/Jun/2025:08:11:04 -0400] "GET /assets/template1/js/green_js/scroller.min.js HTTP/1.1" 200 15062 "-" "python-httpx/0.28.1"
54.165.237.88 - - [08/Jun/2025:08:11:19 -0400] "GET /assets/template1/js/green_js/multislider.js HTTP/1.1" 200 3733 "-" "python-httpx/0.28.1"
54.165.237.88 - - [08/Jun/2025:08:11:25 -0400] "GET /assets/template1/vendor/owl.carousel/owl.carousel.min.js HTTP/1.1" 200 13244 "-" "python-httpx/0.28.1"
54.165.237.88 - - [08/Jun/2025:08:11:30 -0400] "GET /assets/template1/js/green_js/wow.min.js HTTP/1.1" 200 3061 "-" "python-httpx/0.28.1"
54.165.237.88 - - [08/Jun/2025:08:11:35 -0400] "GET /assets/template1/js/green_js/counter.js HTTP/1.1" 200 1083 "-" "python-httpx/0.28.1"
54.165.237.88 - - [08/Jun/2025:08:11:40 -0400] "GET /assets/sweetalert/sweetalert.min.js HTTP/1.1" 200 5855 "-" "python-httpx/0.28.1"
54.165.237.88 - - [08/Jun/2025:08:11:40 -0400] "GET /assets/template1/js/theme.js HTTP/1.1" 200 13805 "-" "python-httpx/0.28.1"
66.249.70.70 - - [08/Jun/2025:08:14:03 -0400] "GET /?c=914256552046 HTTP/1.1" 200 18628 "-" "Mozilla/5.0 (Linux; Android 6.0.1; Nexus 5X Build/MMB29P) AppleWebKit/537.36 (KHTML, like Gecko) Chrome/136.0.7103.113 Mobile Safari/537.36 (compatible; Googlebot/2.1; +http://www.google.com/bot.html)"
101.198.0.152 - - [08/Jun/2025:08:14:12 -0400] "GET / HTTP/1.1" 200 16948 "http://slcodelab.com/" "Mozilla/5.0 (Macintosh; Intel Mac OS X 10_7_0) AppleWebKit/535.11 (KHTML, like Gecko) Chrome/17.0.963.56 Safari/535.11"
101.198.0.180 - - [08/Jun/2025:08:14:13 -0400] "GET /uplds1/logos/6.jpg HTTP/1.1" 200 4493 "-" "Mozilla/5.0 (Macintosh; Intel Mac OS X 10_7_0) AppleWebKit/535.11 (KHTML, like Gecko) Chrome/17.0.963.56 Safari/535.11"
101.198.0.152 - - [08/Jun/2025:08:14:15 -0400] "GET /robots.txt HTTP/1.1" 200 98 "http://slcodelab.com/robots.txt" "Mozilla/5.0 (Macintosh; Intel Mac OS X 10_7_0) AppleWebKit/535.11 (KHTML, like Gecko) Chrome/17.0.963.56 Safari/535.11"
101.198.0.157 - - [08/Jun/2025:08:14:18 -0400] "GET /sitemap.xml HTTP/1.1" 200 14719 "http://slcodelab.com/sitemap.xml" "Mozilla/5.0 (Macintosh; Intel Mac OS X 10_7_0) AppleWebKit/535.11 (KHTML, like Gecko) Chrome/17.0.963.56 Safari/535.11"
162.0.217.222 - - [08/Jun/2025:08:15:04 -0400] "GET /cron3344/getimeiorders HTTP/1.1" 200 0 "-" "Wget/1.19.5 (linux-gnu)"
162.0.217.222 - - [08/Jun/2025:08:15:04 -0400] "GET /cron3344/sendimeiorders HTTP/1.1" 200 0 "-" "Wget/1.19.5 (linux-gnu)"
173.208.198.210 - - [08/Jun/2025:08:19:09 -0400] "GET /?testPage HTTP/1.1" 200 62 "-" "Mozilla/5.0 (compatible; Googlebot/2.1; +http://www.google.com/bot.html)"
173.208.198.210 - - [08/Jun/2025:08:19:13 -0400] "GET /?testPage HTTP/1.1" 200 14058 "-" "Mozilla/5.0 (Windows NT 10.0; Win64; x64) AppleWebKit/537.36 (KHTML, like Gecko) Chrome/125.0.0.0 Safari/537.36"
101.198.0.180 - - [08/Jun/2025:08:19:38 -0400] "GET / HTTP/1.1" 200 139962 "-" "Mozilla/5.0 (Macintosh; Intel Mac OS X 10_15_7) AppleWebKit/537.36 (KHTML, like Gecko) Chrome/120.0.0.0 Safari/537.36 Edg/120.0.0.0"
101.198.0.182 - - [08/Jun/2025:08:19:55 -0400] "GET /uplds1/logos/6.jpg HTTP/1.1" 200 4493 "-" "Mozilla/5.0 (Macintosh; Intel Mac OS X 10_7_0) AppleWebKit/535.11 (KHTML, like Gecko) Chrome/17.0.963.56 Safari/535.11"
101.198.0.151 - - [08/Jun/2025:08:19:56 -0400] "GET /robots.txt HTTP/1.1" 200 98 "-" "Mozilla/5.0 (Macintosh; Intel Mac OS X 10_7_0) AppleWebKit/535.11 (KHTML, like Gecko) Chrome/17.0.963.56 Safari/535.11"
101.198.0.187 - - [08/Jun/2025:08:19:57 -0400] "GET /sitemap.xml HTTP/1.1" 200 14910 "-" "Mozilla/5.0 (Macintosh; Intel Mac OS X 10_7_0) AppleWebKit/535.11 (KHTML, like Gecko) Chrome/17.0.963.56 Safari/535.11"
162.0.217.222 - - [08/Jun/2025:08:20:04 -0400] "GET /cron3344/getimeiorders HTTP/1.1" 200 0 "-" "Wget/1.19.5 (linux-gnu)"
162.0.217.222 - - [08/Jun/2025:08:20:04 -0400] "GET /cron3344/sendimeiorders HTTP/1.1" 200 0 "-" "Wget/1.19.5 (linux-gnu)"
66.249.70.70 - - [08/Jun/2025:08:20:45 -0400] "GET /?c=1119972293646 HTTP/1.1" 200 19551 "-" "Mozilla/5.0 (Linux; Android 6.0.1; Nexus 5X Build/MMB29P) AppleWebKit/537.36 (KHTML, like Gecko) Chrome/136.0.7103.113 Mobile Safari/537.36 (compatible; Googlebot/2.1; +http://www.google.com/bot.html)"
162.0.217.222 - - [08/Jun/2025:08:25:03 -0400] "GET /cron3344/getimeiorders HTTP/1.1" 200 0 "-" "Wget/1.19.5 (linux-gnu)"
162.0.217.222 - - [08/Jun/2025:08:25:03 -0400] "GET /cron3344/sendimeiorders HTTP/1.1" 200 0 "-" "Wget/1.19.5 (linux-gnu)"
216.73.216.148 - - [08/Jun/2025:08:25:38 -0400] "GET /robots.txt HTTP/1.1" 200 78 "-" "Mozilla/5.0 AppleWebKit/537.36 (KHTML, like Gecko; compatible; ClaudeBot/1.0; +claudebot@anthropic.com)"
216.73.216.148 - - [08/Jun/2025:08:25:39 -0400] "GET /sitemap.xml HTTP/1.1" 200 11042 "-" "Mozilla/5.0 AppleWebKit/537.36 (KHTML, like Gecko; compatible; ClaudeBot/1.0; +claudebot@anthropic.com)"
162.0.217.222 - - [08/Jun/2025:08:30:05 -0400] "GET /cron3344/getimeiorders HTTP/1.1" 200 0 "-" "Wget/1.19.5 (linux-gnu)"
162.0.217.222 - - [08/Jun/2025:08:30:05 -0400] "GET /cron3344/sendimeiorders HTTP/1.1" 200 0 "-" "Wget/1.19.5 (linux-gnu)"
162.0.217.222 - - [08/Jun/2025:08:35:03 -0400] "GET /cron3344/sendimeiorders HTTP/1.1" 200 0 "-" "Wget/1.19.5 (linux-gnu)"
162.0.217.222 - - [08/Jun/2025:08:35:04 -0400] "GET /cron3344/getimeiorders HTTP/1.1" 200 0 "-" "Wget/1.19.5 (linux-gnu)"
66.249.70.71 - - [08/Jun/2025:08:37:45 -0400] "GET /?c=1520356013546 HTTP/1.1" 200 18900 "-" "Mozilla/5.0 (Linux; Android 6.0.1; Nexus 5X Build/MMB29P) AppleWebKit/537.36 (KHTML, like Gecko) Chrome/136.0.7103.113 Mobile Safari/537.36 (compatible; Googlebot/2.1; +http://www.google.com/bot.html)"
162.0.217.222 - - [08/Jun/2025:08:40:04 -0400] "GET /cron3344/getimeiorders HTTP/1.1" 200 0 "-" "Wget/1.19.5 (linux-gnu)"
162.0.217.222 - - [08/Jun/2025:08:40:04 -0400] "GET /cron3344/sendimeiorders HTTP/1.1" 200 0 "-" "Wget/1.19.5 (linux-gnu)"
162.0.217.222 - - [08/Jun/2025:08:45:04 -0400] "GET /cron3344/sendimeiorders HTTP/1.1" 200 0 "-" "Wget/1.19.5 (linux-gnu)"
162.0.217.222 - - [08/Jun/2025:08:45:04 -0400] "GET /cron3344/getimeiorders HTTP/1.1" 200 0 "-" "Wget/1.19.5 (linux-gnu)"
66.249.70.71 - - [08/Jun/2025:08:45:29 -0400] "GET /?c=1456211103346 HTTP/1.1" 200 18949 "-" "Mozilla/5.0 (Linux; Android 6.0.1; Nexus 5X Build/MMB29P) AppleWebKit/537.36 (KHTML, like Gecko) Chrome/136.0.7103.113 Mobile Safari/537.36 (compatible; Googlebot/2.1; +http://www.google.com/bot.html)"
66.249.70.64 - - [08/Jun/2025:08:48:46 -0400] "GET /?c=1447538822146 HTTP/1.1" 200 19493 "-" "Mozilla/5.0 (Linux; Android 6.0.1; Nexus 5X Build/MMB29P) AppleWebKit/537.36 (KHTML, like Gecko) Chrome/136.0.7103.113 Mobile Safari/537.36 (compatible; Googlebot/2.1; +http://www.google.com/bot.html)"
162.0.217.222 - - [08/Jun/2025:08:50:04 -0400] "GET /cron3344/getimeiorders HTTP/1.1" 200 0 "-" "Wget/1.19.5 (linux-gnu)"
162.0.217.222 - - [08/Jun/2025:08:50:04 -0400] "GET /cron3344/sendimeiorders HTTP/1.1" 200 0 "-" "Wget/1.19.5 (linux-gnu)"
66.249.70.64 - - [08/Jun/2025:08:51:24 -0400] "GET /?c=1321265483546 HTTP/1.1" 200 18887 "-" "Mozilla/5.0 (Linux; Android 6.0.1; Nexus 5X Build/MMB29P) AppleWebKit/537.36 (KHTML, like Gecko) Chrome/136.0.7103.113 Mobile Safari/537.36 (compatible; Googlebot/2.1; +http://www.google.com/bot.html)"
162.0.217.222 - - [08/Jun/2025:08:55:03 -0400] "GET /cron3344/getimeiorders HTTP/1.1" 200 0 "-" "Wget/1.19.5 (linux-gnu)"
162.0.217.222 - - [08/Jun/2025:08:55:04 -0400] "GET /cron3344/sendimeiorders HTTP/1.1" 200 0 "-" "Wget/1.19.5 (linux-gnu)"
216.73.216.148 - - [08/Jun/2025:08:56:53 -0400] "GET /sitemap_collections.xml HTTP/1.1" 200 2660 "-" "Mozilla/5.0 AppleWebKit/537.36 (KHTML, like Gecko; compatible; ClaudeBot/1.0; +claudebot@anthropic.com)"
66.249.70.64 - - [08/Jun/2025:08:58:27 -0400] "GET /?c=1448548151346 HTTP/1.1" 200 19931 "-" "Mozilla/5.0 (Linux; Android 6.0.1; Nexus 5X Build/MMB29P) AppleWebKit/537.36 (KHTML, like Gecko) Chrome/136.0.7103.113 Mobile Safari/537.36 (compatible; Googlebot/2.1; +http://www.google.com/bot.html)"
162.0.217.222 - - [08/Jun/2025:09:00:05 -0400] "GET /cron3344/getimeiorders HTTP/1.1" 200 0 "-" "Wget/1.19.5 (linux-gnu)"
162.0.217.222 - - [08/Jun/2025:09:00:05 -0400] "GET /cron3344/sendimeiorders HTTP/1.1" 200 0 "-" "Wget/1.19.5 (linux-gnu)"
66.249.70.70 - - [08/Jun/2025:09:02:32 -0400] "GET /?c=1468933363246 HTTP/1.1" 200 19157 "-" "Mozilla/5.0 (Linux; Android 6.0.1; Nexus 5X Build/MMB29P) AppleWebKit/537.36 (KHTML, like Gecko) Chrome/136.0.7103.113 Mobile Safari/537.36 (compatible; Googlebot/2.1; +http://www.google.com/bot.html)"
162.0.217.222 - - [08/Jun/2025:09:05:05 -0400] "GET /cron3344/getimeiorders HTTP/1.1" 200 0 "-" "Wget/1.19.5 (linux-gnu)"
162.0.217.222 - - [08/Jun/2025:09:05:05 -0400] "GET /cron3344/sendimeiorders HTTP/1.1" 200 0 "-" "Wget/1.19.5 (linux-gnu)"
66.249.70.71 - - [08/Jun/2025:09:07:29 -0400] "GET /?c=1333163072146 HTTP/1.1" 200 19465 "-" "Mozilla/5.0 (Linux; Android 6.0.1; Nexus 5X Build/MMB29P) AppleWebKit/537.36 (KHTML, like Gecko) Chrome/136.0.7103.113 Mobile Safari/537.36 (compatible; Googlebot/2.1; +http://www.google.com/bot.html)"
162.0.217.222 - - [08/Jun/2025:09:10:04 -0400] "GET /cron3344/sendimeiorders HTTP/1.1" 200 0 "-" "Wget/1.19.5 (linux-gnu)"
162.0.217.222 - - [08/Jun/2025:09:10:05 -0400] "GET /cron3344/getimeiorders HTTP/1.1" 200 0 "-" "Wget/1.19.5 (linux-gnu)"
124.226.222.66 - - [08/Jun/2025:09:12:17 -0400] "GET / HTTP/1.1" 200 16948 "http://slcodelab.com" "Mozilla/5.0 (iPhone; CPU iPhone OS 13_2_3 like Mac OS X) AppleWebKit/605.1.15 (KHTML, like Gecko) Version/13.0.3 Mobile/15E148 Safari/604.1"
66.249.70.71 - - [08/Jun/2025:09:14:28 -0400] "GET /?c=1313841001746 HTTP/1.1" 200 20463 "-" "Mozilla/5.0 (Linux; Android 6.0.1; Nexus 5X Build/MMB29P) AppleWebKit/537.36 (KHTML, like Gecko) Chrome/136.0.7103.113 Mobile Safari/537.36 (compatible; Googlebot/2.1; +http://www.google.com/bot.html)"
162.0.217.222 - - [08/Jun/2025:09:15:04 -0400] "GET /cron3344/sendimeiorders HTTP/1.1" 200 0 "-" "Wget/1.19.5 (linux-gnu)"
162.0.217.222 - - [08/Jun/2025:09:15:04 -0400] "GET /cron3344/getimeiorders HTTP/1.1" 200 0 "-" "Wget/1.19.5 (linux-gnu)"
162.0.217.222 - - [08/Jun/2025:09:20:05 -0400] "GET /cron3344/getimeiorders HTTP/1.1" 200 0 "-" "Wget/1.19.5 (linux-gnu)"
162.0.217.222 - - [08/Jun/2025:09:20:05 -0400] "GET /cron3344/sendimeiorders HTTP/1.1" 200 0 "-" "Wget/1.19.5 (linux-gnu)"
162.0.217.222 - - [08/Jun/2025:09:25:04 -0400] "GET /cron3344/getimeiorders HTTP/1.1" 200 0 "-" "Wget/1.19.5 (linux-gnu)"
162.0.217.222 - - [08/Jun/2025:09:25:04 -0400] "GET /cron3344/sendimeiorders HTTP/1.1" 200 0 "-" "Wget/1.19.5 (linux-gnu)"
69.171.231.2 - - [08/Jun/2025:09:25:47 -0400] "GET /robots.txt HTTP/1.1" 200 122 "-" "facebookexternalhit/1.1 (+http://www.facebook.com/externalhit_uatext.php)"
162.0.217.222 - - [08/Jun/2025:09:30:05 -0400] "GET /cron3344/getimeiorders HTTP/1.1" 200 0 "-" "Wget/1.19.5 (linux-gnu)"
162.0.217.222 - - [08/Jun/2025:09:30:05 -0400] "GET /cron3344/sendimeiorders HTTP/1.1" 200 0 "-" "Wget/1.19.5 (linux-gnu)"
66.249.70.70 - - [08/Jun/2025:09:33:29 -0400] "GET /?c=1318674051246 HTTP/1.1" 200 19320 "-" "Mozilla/5.0 (Linux; Android 6.0.1; Nexus 5X Build/MMB29P) AppleWebKit/537.36 (KHTML, like Gecko) Chrome/136.0.7103.113 Mobile Safari/537.36 (compatible; Googlebot/2.1; +http://www.google.com/bot.html)"
162.0.217.222 - - [08/Jun/2025:09:35:04 -0400] "GET /cron3344/getimeiorders HTTP/1.1" 200 0 "-" "Wget/1.19.5 (linux-gnu)"
162.0.217.222 - - [08/Jun/2025:09:35:04 -0400] "GET /cron3344/sendimeiorders HTTP/1.1" 200 0 "-" "Wget/1.19.5 (linux-gnu)"
162.0.217.222 - - [08/Jun/2025:09:40:03 -0400] "GET /cron3344/getimeiorders HTTP/1.1" 200 0 "-" "Wget/1.19.5 (linux-gnu)"
162.0.217.222 - - [08/Jun/2025:09:40:03 -0400] "GET /cron3344/sendimeiorders HTTP/1.1" 200 0 "-" "Wget/1.19.5 (linux-gnu)"
66.249.70.70 - - [08/Jun/2025:09:40:30 -0400] "GET /?c=1354030520446 HTTP/1.1" 200 19169 "-" "Mozilla/5.0 (Linux; Android 6.0.1; Nexus 5X Build/MMB29P) AppleWebKit/537.36 (KHTML, like Gecko) Chrome/136.0.7103.113 Mobile Safari/537.36 (compatible; Googlebot/2.1; +http://www.google.com/bot.html)"
152.42.168.152 - - [08/Jun/2025:09:43:08 -0400] "GET //wp-includes/ID3/license.txt HTTP/1.1" 404 1190 "-" "Mozilla/5.0 (Windows NT 10.0; Win64; x64) AppleWebKit/537.36 (KHTML, like Gecko) Chrome/95.0.4638.69 Safari/537.36"
152.42.168.152 - - [08/Jun/2025:09:43:09 -0400] "GET //feed/ HTTP/1.1" 404 1190 "-" "Mozilla/5.0 (Windows NT 10.0; Win64; x64) AppleWebKit/537.36 (KHTML, like Gecko) Chrome/95.0.4638.69 Safari/537.36"
152.42.168.152 - - [08/Jun/2025:09:43:09 -0400] "GET //xmlrpc.php?rsd HTTP/1.1" 404 1190 "-" "Mozilla/5.0 (Windows NT 10.0; Win64; x64) AppleWebKit/537.36 (KHTML, like Gecko) Chrome/95.0.4638.69 Safari/537.36"
152.42.168.152 - - [08/Jun/2025:09:43:10 -0400] "GET //blog/wp-includes/wlwmanifest.xml HTTP/1.1" 200 269967 "-" "Mozilla/5.0 (Windows NT 10.0; Win64; x64) AppleWebKit/537.36 (KHTML, like Gecko) Chrome/95.0.4638.69 Safari/537.36"
152.42.168.152 - - [08/Jun/2025:09:43:12 -0400] "GET //web/wp-includes/wlwmanifest.xml HTTP/1.1" 200 269986 "-" "Mozilla/5.0 (Windows NT 10.0; Win64; x64) AppleWebKit/537.36 (KHTML, like Gecko) Chrome/95.0.4638.69 Safari/537.36"
152.42.168.152 - - [08/Jun/2025:09:43:14 -0400] "GET //wordpress/wp-includes/wlwmanifest.xml HTTP/1.1" 200 269932 "-" "Mozilla/5.0 (Windows NT 10.0; Win64; x64) AppleWebKit/537.36 (KHTML, like Gecko) Chrome/95.0.4638.69 Safari/537.36"
152.42.168.152 - - [08/Jun/2025:09:43:17 -0400] "GET //wp/wp-includes/wlwmanifest.xml HTTP/1.1" 200 269958 "-" "Mozilla/5.0 (Windows NT 10.0; Win64; x64) AppleWebKit/537.36 (KHTML, like Gecko) Chrome/95.0.4638.69 Safari/537.36"
152.42.168.152 - - [08/Jun/2025:09:43:20 -0400] "GET //2020/wp-includes/wlwmanifest.xml HTTP/1.1" 200 269990 "-" "Mozilla/5.0 (Windows NT 10.0; Win64; x64) AppleWebKit/537.36 (KHTML, like Gecko) Chrome/95.0.4638.69 Safari/537.36"
152.42.168.152 - - [08/Jun/2025:09:43:23 -0400] "GET //2019/wp-includes/wlwmanifest.xml HTTP/1.1" 200 269948 "-" "Mozilla/5.0 (Windows NT 10.0; Win64; x64) AppleWebKit/537.36 (KHTML, like Gecko) Chrome/95.0.4638.69 Safari/537.36"
152.42.168.152 - - [08/Jun/2025:09:43:25 -0400] "GET //2021/wp-includes/wlwmanifest.xml HTTP/1.1" 200 269973 "-" "Mozilla/5.0 (Windows NT 10.0; Win64; x64) AppleWebKit/537.36 (KHTML, like Gecko) Chrome/95.0.4638.69 Safari/537.36"
152.42.168.152 - - [08/Jun/2025:09:43:27 -0400] "GET //shop/wp-includes/wlwmanifest.xml HTTP/1.1" 200 269961 "-" "Mozilla/5.0 (Windows NT 10.0; Win64; x64) AppleWebKit/537.36 (KHTML, like Gecko) Chrome/95.0.4638.69 Safari/537.36"
152.42.168.152 - - [08/Jun/2025:09:43:31 -0400] "GET //wp1/wp-includes/wlwmanifest.xml HTTP/1.1" 200 269952 "-" "Mozilla/5.0 (Windows NT 10.0; Win64; x64) AppleWebKit/537.36 (KHTML, like Gecko) Chrome/95.0.4638.69 Safari/537.36"
152.42.168.152 - - [08/Jun/2025:09:43:33 -0400] "GET //test/wp-includes/wlwmanifest.xml HTTP/1.1" 200 269937 "-" "Mozilla/5.0 (Windows NT 10.0; Win64; x64) AppleWebKit/537.36 (KHTML, like Gecko) Chrome/95.0.4638.69 Safari/537.36"
152.42.168.152 - - [08/Jun/2025:09:43:37 -0400] "GET //site/wp-includes/wlwmanifest.xml HTTP/1.1" 200 270002 "-" "Mozilla/5.0 (Windows NT 10.0; Win64; x64) AppleWebKit/537.36 (KHTML, like Gecko) Chrome/95.0.4638.69 Safari/537.36"
152.42.168.152 - - [08/Jun/2025:09:43:45 -0400] "GET //cms/wp-includes/wlwmanifest.xml HTTP/1.1" 200 269987 "-" "Mozilla/5.0 (Windows NT 10.0; Win64; x64) AppleWebKit/537.36 (KHTML, like Gecko) Chrome/95.0.4638.69 Safari/537.36"
162.0.217.222 - - [08/Jun/2025:09:45:03 -0400] "GET /cron3344/getimeiorders HTTP/1.1" 200 0 "-" "Wget/1.19.5 (linux-gnu)"
162.0.217.222 - - [08/Jun/2025:09:45:04 -0400] "GET /cron3344/sendimeiorders HTTP/1.1" 200 0 "-" "Wget/1.19.5 (linux-gnu)"
66.249.70.70 - - [08/Jun/2025:09:47:32 -0400] "GET /?c=1324969961146 HTTP/1.1" 200 19363 "-" "Mozilla/5.0 (Linux; Android 6.0.1; Nexus 5X Build/MMB29P) AppleWebKit/537.36 (KHTML, like Gecko) Chrome/136.0.7103.113 Mobile Safari/537.36 (compatible; Googlebot/2.1; +http://www.google.com/bot.html)"
162.0.217.222 - - [08/Jun/2025:09:50:05 -0400] "GET /cron3344/sendimeiorders HTTP/1.1" 200 0 "-" "Wget/1.19.5 (linux-gnu)"
162.0.217.222 - - [08/Jun/2025:09:50:05 -0400] "GET /cron3344/getimeiorders HTTP/1.1" 200 0 "-" "Wget/1.19.5 (linux-gnu)"
66.249.70.142 - - [08/Jun/2025:09:50:42 -0400] "GET /?c=436979671546 HTTP/1.1" 200 20323 "-" "Mozilla/5.0 (Linux; Android 6.0.1; Nexus 5X Build/MMB29P) AppleWebKit/537.36 (KHTML, like Gecko) Chrome/136.0.7103.113 Mobile Safari/537.36 (compatible; Googlebot/2.1; +http://www.google.com/bot.html)"
66.249.70.141 - - [08/Jun/2025:09:50:44 -0400] "GET /?/css_7a12d13963a3f11104ca6f6d88944832/custom-global HTTP/1.1" 200 5025 "https://slcodelab.com/?c=436979671546" "Mozilla/5.0 (Linux; Android 6.0.1; Nexus 5X Build/MMB29P) AppleWebKit/537.36 (KHTML, like Gecko) Chrome/136.0.7103.92 Mobile Safari/537.36 (compatible; Googlebot/2.1; +http://www.google.com/bot.html)"
66.249.70.70 - - [08/Jun/2025:09:50:58 -0400] "GET /?c=1492672353346 HTTP/1.1" 200 19103 "-" "Mozilla/5.0 (Linux; Android 6.0.1; Nexus 5X Build/MMB29P) AppleWebKit/537.36 (KHTML, like Gecko) Chrome/136.0.7103.113 Mobile Safari/537.36 (compatible; Googlebot/2.1; +http://www.google.com/bot.html)"
66.249.70.71 - - [08/Jun/2025:09:53:37 -0400] "GET /?c=1571352672646 HTTP/1.1" 200 19527 "-" "Mozilla/5.0 (Linux; Android 6.0.1; Nexus 5X Build/MMB29P) AppleWebKit/537.36 (KHTML, like Gecko) Chrome/136.0.7103.113 Mobile Safari/537.36 (compatible; Googlebot/2.1; +http://www.google.com/bot.html)"
162.0.217.222 - - [08/Jun/2025:09:55:03 -0400] "GET /cron3344/sendimeiorders HTTP/1.1" 200 0 "-" "Wget/1.19.5 (linux-gnu)"
162.0.217.222 - - [08/Jun/2025:09:55:03 -0400] "GET /cron3344/getimeiorders HTTP/1.1" 200 0 "-" "Wget/1.19.5 (linux-gnu)"
52.167.144.219 - - [08/Jun/2025:09:56:41 -0400] "GET /sitemaps.xml HTTP/1.1" 200 11106 "-" "Mozilla/5.0 AppleWebKit/537.36 (KHTML, like Gecko; compatible; bingbot/2.0; +http://www.bing.com/bingbot.htm) Chrome/116.0.1938.76 Safari/537.36"
168.138.172.92 - - [08/Jun/2025:09:58:06 -0400] "GET /media/system/js/core.js HTTP/1.1" 404 586 "http://slcodelab.com/media/system/js/core.js" "Mozilla/5.0 (Macintosh; Intel Mac OS X 10_10_1) AppleWebKit/537.36 (KHTML, like Gecko) Chrome/39.0.2171.95 Safari/537.36"
168.138.172.92 - - [08/Jun/2025:09:58:08 -0400] "GET /wp-includes/js/jquery/jquery.js HTTP/1.1" 404 586 "http://slcodelab.com/wp-includes/js/jquery/jquery.js" "Mozilla/5.0 (Macintosh; Intel Mac OS X 10_10_1) AppleWebKit/537.36 (KHTML, like Gecko) Chrome/39.0.2171.95 Safari/537.36"
162.0.217.222 - - [08/Jun/2025:10:00:06 -0400] "GET /cron3344/sendimeiorders HTTP/1.1" 200 0 "-" "Wget/1.19.5 (linux-gnu)"
162.0.217.222 - - [08/Jun/2025:10:00:06 -0400] "GET /cron3344/getimeiorders HTTP/1.1" 200 0 "-" "Wget/1.19.5 (linux-gnu)"
66.249.70.141 - - [08/Jun/2025:10:00:35 -0400] "GET /?c=1332718380546 HTTP/1.1" 200 19513 "-" "Mozilla/5.0 (Linux; Android 6.0.1; Nexus 5X Build/MMB29P) AppleWebKit/537.36 (KHTML, like Gecko) Chrome/136.0.7103.113 Mobile Safari/537.36 (compatible; Googlebot/2.1; +http://www.google.com/bot.html)"
52.167.144.238 - - [08/Jun/2025:10:00:49 -0400] "GET /sitemap_index.xml HTTP/1.1" 200 11034 "-" "Mozilla/5.0 AppleWebKit/537.36 (KHTML, like Gecko; compatible; bingbot/2.0; +http://www.bing.com/bingbot.htm) Chrome/116.0.1938.76 Safari/537.36"
52.167.144.219 - - [08/Jun/2025:10:00:53 -0400] "GET /sitemap_collections.xml HTTP/1.1" 200 2660 "-" "Mozilla/5.0 AppleWebKit/537.36 (KHTML, like Gecko; compatible; bingbot/2.0; +http://www.bing.com/bingbot.htm) Chrome/116.0.1938.76 Safari/537.36"
40.77.167.38 - - [08/Jun/2025:10:01:02 -0400] "GET /sitemap_collections.xml HTTP/1.1" 200 2669 "-" "Mozilla/5.0 AppleWebKit/537.36 (KHTML, like Gecko; compatible; bingbot/2.0; +http://www.bing.com/bingbot.htm) Chrome/116.0.1938.76 Safari/537.36"
207.46.13.102 - - [08/Jun/2025:10:01:13 -0400] "GET /sitemap.xml HTTP/1.1" 200 11064 "-" "Mozilla/5.0 AppleWebKit/537.36 (KHTML, like Gecko; compatible; bingbot/2.0; +http://www.bing.com/bingbot.htm) Chrome/116.0.1938.76 Safari/537.36"
54.235.191.179 - - [08/Jun/2025:10:01:38 -0400] "GET /home/details/7 HTTP/1.1" 200 14069 "-" "Mozilla/5.0 AppleWebKit/537.36 (KHTML, like Gecko; compatible; Amazonbot/0.1; +https://developer.amazon.com/support/amazonbot) Chrome/119.0.6045.214 Safari/537.36"
43.173.1.57 - - [08/Jun/2025:10:03:21 -0400] "GET / HTTP/1.1" 200 16949 "http://www.slcodelab.com" "Mozilla/5.0 (iPhone; CPU iPhone OS 13_2_3 like Mac OS X) AppleWebKit/605.1.15 (KHTML, like Gecko) Version/13.0.3 Mobile/15E148 Safari/604.1"
157.55.39.196 - - [08/Jun/2025:10:04:44 -0400] "GET /sitemap.xml HTTP/1.1" 200 11072 "-" "Mozilla/5.0 AppleWebKit/537.36 (KHTML, like Gecko; compatible; bingbot/2.0; +http://www.bing.com/bingbot.htm) Chrome/116.0.1938.76 Safari/537.36"
162.0.217.222 - - [08/Jun/2025:10:05:05 -0400] "GET /cron3344/getimeiorders HTTP/1.1" 200 0 "-" "Wget/1.19.5 (linux-gnu)"
162.0.217.222 - - [08/Jun/2025:10:05:05 -0400] "GET /cron3344/sendimeiorders HTTP/1.1" 200 0 "-" "Wget/1.19.5 (linux-gnu)"
47.82.60.118 - - [08/Jun/2025:10:05:06 -0400] "GET /?c=1352777150846 HTTP/1.1" 200 16948 "https://slcodelab.com/?c=1352777150846" "Mozilla/5.0 (Windows NT 10.0; Win64; x64) AppleWebKit/537.36 (KHTML, like Gecko) Chrome/114.0.0.0 Safari/537.36 Edg/114.0.1823.43"
47.82.60.201 - - [08/Jun/2025:10:06:09 -0400] "GET /?c=440780272046 HTTP/1.1" 200 16947 "https://slcodelab.com/?c=440780272046" "Mozilla/5.0 (Windows NT 10.0; Win64; x64) AppleWebKit/537.36 (KHTML, like Gecko) Chrome/114.0.0.0 Safari/537.36 Edg/114.0.1823.43"
66.249.70.71 - - [08/Jun/2025:10:06:41 -0400] "GET /?c=1310755893746 HTTP/1.1" 200 19565 "-" "Mozilla/5.0 (Linux; Android 6.0.1; Nexus 5X Build/MMB29P) AppleWebKit/537.36 (KHTML, like Gecko) Chrome/136.0.7103.113 Mobile Safari/537.36 (compatible; Googlebot/2.1; +http://www.google.com/bot.html)"
162.0.217.222 - - [08/Jun/2025:10:10:05 -0400] "GET /cron3344/getimeiorders HTTP/1.1" 200 0 "-" "Wget/1.19.5 (linux-gnu)"
162.0.217.222 - - [08/Jun/2025:10:10:05 -0400] "GET /cron3344/sendimeiorders HTTP/1.1" 200 0 "-" "Wget/1.19.5 (linux-gnu)"
66.249.70.141 - - [08/Jun/2025:10:13:30 -0400] "GET /?c=1325503582146 HTTP/1.1" 200 18454 "-" "Mozilla/5.0 (Linux; Android 6.0.1; Nexus 5X Build/MMB29P) AppleWebKit/537.36 (KHTML, like Gecko) Chrome/136.0.7103.113 Mobile Safari/537.36 (compatible; Googlebot/2.1; +http://www.google.com/bot.html)"
47.82.60.58 - - [08/Jun/2025:10:14:35 -0400] "GET /?c=1585178351846 HTTP/1.1" 200 16947 "https://www.slcodelab.com/?c=1585178351846" "Mozilla/5.0 (Windows NT 10.0; Win64; x64) AppleWebKit/537.36 (KHTML, like Gecko) Chrome/114.0.0.0 Safari/537.36 Edg/114.0.1823.43"
162.0.217.222 - - [08/Jun/2025:10:15:04 -0400] "GET /cron3344/sendimeiorders HTTP/1.1" 200 0 "-" "Wget/1.19.5 (linux-gnu)"
162.0.217.222 - - [08/Jun/2025:10:15:05 -0400] "GET /cron3344/getimeiorders HTTP/1.1" 200 0 "-" "Wget/1.19.5 (linux-gnu)"
20.15.133.184 - - [08/Jun/2025:10:17:20 -0400] "GET /?c=508477283046 HTTP/1.1" 200 18743 "-" "Mozilla/5.0 AppleWebKit/537.36 (KHTML, like Gecko; compatible; bingbot/2.0; +http://www.bing.com/bingbot.htm) Chrome/116.0.1938.76 Safari/537.36"
20.15.133.162 - - [08/Jun/2025:10:19:13 -0400] "GET /?c=956028961046 HTTP/1.1" 200 19365 "-" "Mozilla/5.0 AppleWebKit/537.36 (KHTML, like Gecko; compatible; bingbot/2.0; +http://www.bing.com/bingbot.htm) Chrome/116.0.1938.76 Safari/537.36"
20.15.133.184 - - [08/Jun/2025:10:19:40 -0400] "GET /?c=1203518060346 HTTP/1.1" 200 19969 "-" "Mozilla/5.0 AppleWebKit/537.36 (KHTML, like Gecko; compatible; bingbot/2.0; +http://www.bing.com/bingbot.htm) Chrome/116.0.1938.76 Safari/537.36"
20.15.133.162 - - [08/Jun/2025:10:19:53 -0400] "GET /?c=134093842246 HTTP/1.1" 200 18688 "-" "Mozilla/5.0 AppleWebKit/537.36 (KHTML, like Gecko; compatible; bingbot/2.0; +http://www.bing.com/bingbot.htm) Chrome/116.0.1938.76 Safari/537.36"
162.0.217.222 - - [08/Jun/2025:10:20:03 -0400] "GET /cron3344/getimeiorders HTTP/1.1" 200 0 "-" "Wget/1.19.5 (linux-gnu)"
162.0.217.222 - - [08/Jun/2025:10:20:03 -0400] "GET /cron3344/sendimeiorders HTTP/1.1" 200 0 "-" "Wget/1.19.5 (linux-gnu)"
47.82.60.61 - - [08/Jun/2025:10:21:18 -0400] "GET / HTTP/1.1" 200 16948 "https://slcodelab.com/" "Mozilla/5.0 (Windows NT 10.0; Win64; x64) AppleWebKit/537.36 (KHTML, like Gecko) Chrome/114.0.0.0 Safari/537.36 Edg/114.0.1823.43"
47.79.5.247 - - [08/Jun/2025:10:24:14 -0400] "GET /?c=1550223470146 HTTP/1.1" 200 16949 "https://www.slcodelab.com/?c=1550223470146" "Mozilla/5.0 (Windows NT 10.0; Win64; x64) AppleWebKit/537.36 (KHTML, like Gecko) Chrome/114.0.0.0 Safari/537.36 Edg/114.0.1823.43"
20.15.133.162 - - [08/Jun/2025:10:24:23 -0400] "GET /?c=1477060471146 HTTP/1.1" 200 18999 "-" "Mozilla/5.0 AppleWebKit/537.36 (KHTML, like Gecko; compatible; bingbot/2.0; +http://www.bing.com/bingbot.htm) Chrome/116.0.1938.76 Safari/537.36"
162.0.217.222 - - [08/Jun/2025:10:25:04 -0400] "GET /cron3344/getimeiorders HTTP/1.1" 200 0 "-" "Wget/1.19.5 (linux-gnu)"
162.0.217.222 - - [08/Jun/2025:10:25:04 -0400] "GET /cron3344/sendimeiorders HTTP/1.1" 200 0 "-" "Wget/1.19.5 (linux-gnu)"
20.15.133.184 - - [08/Jun/2025:10:25:43 -0400] "GET /?c=1348470443946 HTTP/1.1" 200 19905 "-" "Mozilla/5.0 AppleWebKit/537.36 (KHTML, like Gecko; compatible; bingbot/2.0; +http://www.bing.com/bingbot.htm) Chrome/116.0.1938.76 Safari/537.36"
20.15.133.174 - - [08/Jun/2025:10:25:51 -0400] "GET /?c=55391581546 HTTP/1.1" 200 18726 "-" "Mozilla/5.0 AppleWebKit/537.36 (KHTML, like Gecko; compatible; bingbot/2.0; +http://www.bing.com/bingbot.htm) Chrome/116.0.1938.76 Safari/537.36"
20.15.133.175 - - [08/Jun/2025:10:25:52 -0400] "GET /?c=62083094046 HTTP/1.1" 200 18537 "-" "Mozilla/5.0 AppleWebKit/537.36 (KHTML, like Gecko; compatible; bingbot/2.0; +http://www.bing.com/bingbot.htm) Chrome/116.0.1938.76 Safari/537.36"
20.15.133.175 - - [08/Jun/2025:10:25:52 -0400] "GET /?c=840601713846 HTTP/1.1" 200 18351 "-" "Mozilla/5.0 AppleWebKit/537.36 (KHTML, like Gecko; compatible; bingbot/2.0; +http://www.bing.com/bingbot.htm) Chrome/116.0.1938.76 Safari/537.36"
20.15.133.174 - - [08/Jun/2025:10:27:11 -0400] "GET /?c=1109031631646 HTTP/1.1" 200 19655 "-" "Mozilla/5.0 AppleWebKit/537.36 (KHTML, like Gecko; compatible; bingbot/2.0; +http://www.bing.com/bingbot.htm) Chrome/116.0.1938.76 Safari/537.36"
20.15.133.174 - - [08/Jun/2025:10:27:13 -0400] "GET /?c=840558522546 HTTP/1.1" 200 18931 "-" "Mozilla/5.0 AppleWebKit/537.36 (KHTML, like Gecko; compatible; bingbot/2.0; +http://www.bing.com/bingbot.htm) Chrome/116.0.1938.76 Safari/537.36"
216.73.216.148 - - [08/Jun/2025:10:27:17 -0400] "GET /robots.txt HTTP/1.1" 200 78 "-" "Mozilla/5.0 AppleWebKit/537.36 (KHTML, like Gecko; compatible; ClaudeBot/1.0; +claudebot@anthropic.com)"
216.73.216.148 - - [08/Jun/2025:10:27:17 -0400] "GET /sitemap_collections.xml HTTP/1.1" 200 2660 "-" "Mozilla/5.0 AppleWebKit/537.36 (KHTML, like Gecko; compatible; ClaudeBot/1.0; +claudebot@anthropic.com)"
20.15.133.162 - - [08/Jun/2025:10:29:34 -0400] "GET /?c=1003818751746 HTTP/1.1" 200 18725 "-" "Mozilla/5.0 AppleWebKit/537.36 (KHTML, like Gecko; compatible; bingbot/2.0; +http://www.bing.com/bingbot.htm) Chrome/116.0.1938.76 Safari/537.36"
162.0.217.222 - - [08/Jun/2025:10:30:04 -0400] "GET /cron3344/sendimeiorders HTTP/1.1" 200 0 "-" "Wget/1.19.5 (linux-gnu)"
162.0.217.222 - - [08/Jun/2025:10:30:04 -0400] "GET /cron3344/getimeiorders HTTP/1.1" 200 0 "-" "Wget/1.19.5 (linux-gnu)"
20.15.133.162 - - [08/Jun/2025:10:31:44 -0400] "GET /?c=919071490646 HTTP/1.1" 200 19771 "-" "Mozilla/5.0 AppleWebKit/537.36 (KHTML, like Gecko; compatible; bingbot/2.0; +http://www.bing.com/bingbot.htm) Chrome/116.0.1938.76 Safari/537.36"
20.15.133.162 - - [08/Jun/2025:10:31:54 -0400] "GET /?c=461234041346 HTTP/1.1" 200 19195 "-" "Mozilla/5.0 AppleWebKit/537.36 (KHTML, like Gecko; compatible; bingbot/2.0; +http://www.bing.com/bingbot.htm) Chrome/116.0.1938.76 Safari/537.36"
20.15.133.175 - - [08/Jun/2025:10:32:01 -0400] "GET /?c=314438370346 HTTP/1.1" 200 18563 "-" "Mozilla/5.0 AppleWebKit/537.36 (KHTML, like Gecko; compatible; bingbot/2.0; +http://www.bing.com/bingbot.htm) Chrome/116.0.1938.76 Safari/537.36"
20.15.133.175 - - [08/Jun/2025:10:32:12 -0400] "GET /?c=864256110746 HTTP/1.1" 200 19028 "-" "Mozilla/5.0 AppleWebKit/537.36 (KHTML, like Gecko; compatible; bingbot/2.0; +http://www.bing.com/bingbot.htm) Chrome/116.0.1938.76 Safari/537.36"
20.15.133.163 - - [08/Jun/2025:10:34:42 -0400] "GET /?c=886623321946 HTTP/1.1" 200 18312 "-" "Mozilla/5.0 AppleWebKit/537.36 (KHTML, like Gecko; compatible; bingbot/2.0; +http://www.bing.com/bingbot.htm) Chrome/116.0.1938.76 Safari/537.36"
162.0.217.222 - - [08/Jun/2025:10:35:04 -0400] "GET /cron3344/getimeiorders HTTP/1.1" 200 0 "-" "Wget/1.19.5 (linux-gnu)"
162.0.217.222 - - [08/Jun/2025:10:35:04 -0400] "GET /cron3344/sendimeiorders HTTP/1.1" 200 0 "-" "Wget/1.19.5 (linux-gnu)"
23.178.112.210 - - [08/Jun/2025:10:36:36 -0400] "GET /.well-known/acme-challenge/K5KVj9tHLF23eHS0t5W0yEiKPVOlx9552a5spK3VS24 HTTP/1.1" 404 1251 "http://slcodelab.com/.well-known/acme-challenge/K5KVj9tHLF23eHS0t5W0yEiKPVOlx9552a5spK3VS24" "Mozilla/5.0 (compatible; Let's Encrypt validation server; +https://www.letsencrypt.org)"
216.73.216.148 - - [08/Jun/2025:10:36:55 -0400] "GET /sitemap.xml HTTP/1.1" 200 11061 "-" "Mozilla/5.0 AppleWebKit/537.36 (KHTML, like Gecko; compatible; ClaudeBot/1.0; +claudebot@anthropic.com)"
20.15.133.175 - - [08/Jun/2025:10:37:32 -0400] "GET /?c=4154792746 HTTP/1.1" 200 19140 "-" "Mozilla/5.0 AppleWebKit/537.36 (KHTML, like Gecko; compatible; bingbot/2.0; +http://www.bing.com/bingbot.htm) Chrome/116.0.1938.76 Safari/537.36"
162.0.217.222 - - [08/Jun/2025:10:40:03 -0400] "GET /cron3344/getimeiorders HTTP/1.1" 200 0 "-" "Wget/1.19.5 (linux-gnu)"
162.0.217.222 - - [08/Jun/2025:10:40:04 -0400] "GET /cron3344/sendimeiorders HTTP/1.1" 200 0 "-" "Wget/1.19.5 (linux-gnu)"
162.0.217.222 - - [08/Jun/2025:10:45:04 -0400] "GET /cron3344/getimeiorders HTTP/1.1" 200 0 "-" "Wget/1.19.5 (linux-gnu)"
162.0.217.222 - - [08/Jun/2025:10:45:04 -0400] "GET /cron3344/sendimeiorders HTTP/1.1" 200 0 "-" "Wget/1.19.5 (linux-gnu)"
47.79.3.70 - - [08/Jun/2025:10:49:58 -0400] "GET /?c=1382629763346 HTTP/1.1" 200 16947 "https://www.slcodelab.com/?c=1382629763346" "Mozilla/5.0 (Windows NT 10.0; Win64; x64) AppleWebKit/537.36 (KHTML, like Gecko) Chrome/114.0.0.0 Safari/537.36 Edg/114.0.1823.43"
162.0.217.222 - - [08/Jun/2025:10:50:04 -0400] "GET /cron3344/sendimeiorders HTTP/1.1" 200 0 "-" "Wget/1.19.5 (linux-gnu)"
162.0.217.222 - - [08/Jun/2025:10:50:04 -0400] "GET /cron3344/getimeiorders HTTP/1.1" 200 0 "-" "Wget/1.19.5 (linux-gnu)"
40.77.167.64 - - [08/Jun/2025:10:50:19 -0400] "GET /?c=1440456462946 HTTP/1.1" 200 18554 "-" "Mozilla/5.0 AppleWebKit/537.36 (KHTML, like Gecko; compatible; bingbot/2.0; +http://www.bing.com/bingbot.htm) Chrome/116.0.1938.76 Safari/537.36"
66.249.70.71 - - [08/Jun/2025:10:50:36 -0400] "GET /?c=860015052746 HTTP/1.1" 200 19359 "-" "Mozilla/5.0 (Linux; Android 6.0.1; Nexus 5X Build/MMB29P) AppleWebKit/537.36 (KHTML, like Gecko) Chrome/136.0.7103.113 Mobile Safari/537.36 (compatible; Googlebot/2.1; +http://www.google.com/bot.html)"
162.0.217.222 - - [08/Jun/2025:10:55:04 -0400] "GET /cron3344/getimeiorders HTTP/1.1" 200 0 "-" "Wget/1.19.5 (linux-gnu)"
162.0.217.222 - - [08/Jun/2025:10:55:04 -0400] "GET /cron3344/sendimeiorders HTTP/1.1" 200 0 "-" "Wget/1.19.5 (linux-gnu)"
162.0.217.222 - - [08/Jun/2025:11:00:05 -0400] "GET /cron3344/getimeiorders HTTP/1.1" 200 0 "-" "Wget/1.19.5 (linux-gnu)"
162.0.217.222 - - [08/Jun/2025:11:00:05 -0400] "GET /cron3344/sendimeiorders HTTP/1.1" 200 0 "-" "Wget/1.19.5 (linux-gnu)"
162.0.217.222 - - [08/Jun/2025:11:05:04 -0400] "GET /cron3344/getimeiorders HTTP/1.1" 200 0 "-" "Wget/1.19.5 (linux-gnu)"
162.0.217.222 - - [08/Jun/2025:11:05:04 -0400] "GET /cron3344/sendimeiorders HTTP/1.1" 200 0 "-" "Wget/1.19.5 (linux-gnu)"
20.15.133.191 - - [08/Jun/2025:11:06:05 -0400] "GET /?c=842240562646 HTTP/1.1" 200 19048 "-" "Mozilla/5.0 AppleWebKit/537.36 (KHTML, like Gecko; compatible; bingbot/2.0; +http://www.bing.com/bingbot.htm) Chrome/116.0.1938.76 Safari/537.36"
66.249.70.70 - - [08/Jun/2025:11:08:09 -0400] "GET /?c=1530736253246 HTTP/1.1" 200 18246 "-" "Mozilla/5.0 (Linux; Android 6.0.1; Nexus 5X Build/MMB29P) AppleWebKit/537.36 (KHTML, like Gecko) Chrome/136.0.7103.113 Mobile Safari/537.36 (compatible; Googlebot/2.1; +http://www.google.com/bot.html)"
66.249.70.70 - - [08/Jun/2025:11:08:14 -0400] "GET /?/css_8c2c192de95c3949f5593c12d51c17ec/custom-pages HTTP/1.1" 200 2930 "https://www.slcodelab.com/?c=1530736253246" "Mozilla/5.0 (Linux; Android 6.0.1; Nexus 5X Build/MMB29P) AppleWebKit/537.36 (KHTML, like Gecko) Chrome/136.0.7103.92 Mobile Safari/537.36 (compatible; Googlebot/2.1; +http://www.google.com/bot.html)"
162.0.217.222 - - [08/Jun/2025:11:10:04 -0400] "GET /cron3344/getimeiorders HTTP/1.1" 200 0 "-" "Wget/1.19.5 (linux-gnu)"
162.0.217.222 - - [08/Jun/2025:11:10:04 -0400] "GET /cron3344/sendimeiorders HTTP/1.1" 200 0 "-" "Wget/1.19.5 (linux-gnu)"
47.79.117.123 - - [08/Jun/2025:11:13:25 -0400] "GET /?c=1452052992046 HTTP/1.1" 200 16948 "https://slcodelab.com/?c=1452052992046" "Mozilla/5.0 (Windows NT 10.0; Win64; x64) AppleWebKit/537.36 (KHTML, like Gecko) Chrome/114.0.0.0 Safari/537.36 Edg/114.0.1823.43"
162.0.217.222 - - [08/Jun/2025:11:15:04 -0400] "GET /cron3344/sendimeiorders HTTP/1.1" 200 0 "-" "Wget/1.19.5 (linux-gnu)"
162.0.217.222 - - [08/Jun/2025:11:15:04 -0400] "GET /cron3344/getimeiorders HTTP/1.1" 200 0 "-" "Wget/1.19.5 (linux-gnu)"
162.0.217.222 - - [08/Jun/2025:11:20:04 -0400] "GET /cron3344/sendimeiorders HTTP/1.1" 200 0 "-" "Wget/1.19.5 (linux-gnu)"
162.0.217.222 - - [08/Jun/2025:11:20:04 -0400] "GET /cron3344/getimeiorders HTTP/1.1" 200 0 "-" "Wget/1.19.5 (linux-gnu)"
66.249.70.64 - - [08/Jun/2025:11:20:12 -0400] "GET /?c=1260877583146 HTTP/1.1" 200 20193 "-" "Mozilla/5.0 (Linux; Android 6.0.1; Nexus 5X Build/MMB29P) AppleWebKit/537.36 (KHTML, like Gecko) Chrome/136.0.7103.113 Mobile Safari/537.36 (compatible; Googlebot/2.1; +http://www.google.com/bot.html)"
66.249.70.70 - - [08/Jun/2025:11:22:26 -0400] "GET /?c=1272398341746 HTTP/1.1" 200 19659 "-" "Mozilla/5.0 (Linux; Android 6.0.1; Nexus 5X Build/MMB29P) AppleWebKit/537.36 (KHTML, like Gecko) Chrome/136.0.7103.113 Mobile Safari/537.36 (compatible; Googlebot/2.1; +http://www.google.com/bot.html)"
162.0.217.222 - - [08/Jun/2025:11:25:03 -0400] "GET /cron3344/getimeiorders HTTP/1.1" 200 0 "-" "Wget/1.19.5 (linux-gnu)"
162.0.217.222 - - [08/Jun/2025:11:25:03 -0400] "GET /cron3344/sendimeiorders HTTP/1.1" 200 0 "-" "Wget/1.19.5 (linux-gnu)"
47.82.60.76 - - [08/Jun/2025:11:25:13 -0400] "GET / HTTP/1.1" 200 16948 "https://www.slcodelab.com/" "Mozilla/5.0 (Windows NT 10.0; Win64; x64) AppleWebKit/537.36 (KHTML, like Gecko) Chrome/114.0.0.0 Safari/537.36 Edg/114.0.1823.43"
18.213.102.186 - - [08/Jun/2025:11:28:21 -0400] "GET /home/details/2 HTTP/1.1" 200 14048 "-" "Mozilla/5.0 AppleWebKit/537.36 (KHTML, like Gecko; compatible; Amazonbot/0.1; +https://developer.amazon.com/support/amazonbot) Chrome/119.0.6045.214 Safari/537.36"
66.249.70.70 - - [08/Jun/2025:11:28:56 -0400] "GET /?c=1261718021646 HTTP/1.1" 200 19300 "-" "Mozilla/5.0 (Linux; Android 6.0.1; Nexus 5X Build/MMB29P) AppleWebKit/537.36 (KHTML, like Gecko) Chrome/137.0.7151.68 Mobile Safari/537.36 (compatible; Googlebot/2.1; +http://www.google.com/bot.html)"
47.82.60.206 - - [08/Jun/2025:11:29:10 -0400] "GET /?c=1483302771846 HTTP/1.1" 200 16953 "https://www.slcodelab.com/?c=1483302771846" "Mozilla/5.0 (Windows NT 10.0; Win64; x64) AppleWebKit/537.36 (KHTML, like Gecko) Chrome/114.0.0.0 Safari/537.36 Edg/114.0.1823.43"
66.249.70.71 - - [08/Jun/2025:11:29:27 -0400] "GET /?c=1337560811846 HTTP/1.1" 200 19912 "-" "Mozilla/5.0 (Linux; Android 6.0.1; Nexus 5X Build/MMB29P) AppleWebKit/537.36 (KHTML, like Gecko) Chrome/136.0.7103.113 Mobile Safari/537.36 (compatible; Googlebot/2.1; +http://www.google.com/bot.html)"
162.0.217.222 - - [08/Jun/2025:11:30:05 -0400] "GET /cron3344/getimeiorders HTTP/1.1" 200 0 "-" "Wget/1.19.5 (linux-gnu)"
162.0.217.222 - - [08/Jun/2025:11:30:05 -0400] "GET /cron3344/sendimeiorders HTTP/1.1" 200 0 "-" "Wget/1.19.5 (linux-gnu)"
43.157.147.3 - - [08/Jun/2025:11:32:30 -0400] "GET / HTTP/1.1" 200 16947 "http://slcodelab.com" "Mozilla/5.0 (iPhone; CPU iPhone OS 13_2_3 like Mac OS X) AppleWebKit/605.1.15 (KHTML, like Gecko) Version/13.0.3 Mobile/15E148 Safari/604.1"
20.15.133.162 - - [08/Jun/2025:11:34:09 -0400] "GET /?c=326752702946 HTTP/1.1" 200 19006 "-" "Mozilla/5.0 AppleWebKit/537.36 (KHTML, like Gecko; compatible; bingbot/2.0; +http://www.bing.com/bingbot.htm) Chrome/116.0.1938.76 Safari/537.36"
66.249.70.64 - - [08/Jun/2025:11:34:14 -0400] "GET /?c=1413874323946 HTTP/1.1" 200 18837 "-" "Mozilla/5.0 (Linux; Android 6.0.1; Nexus 5X Build/MMB29P) AppleWebKit/537.36 (KHTML, like Gecko) Chrome/136.0.7103.113 Mobile Safari/537.36 (compatible; Googlebot/2.1; +http://www.google.com/bot.html)"
162.0.217.222 - - [08/Jun/2025:11:35:04 -0400] "GET /cron3344/getimeiorders HTTP/1.1" 200 0 "-" "Wget/1.19.5 (linux-gnu)"
162.0.217.222 - - [08/Jun/2025:11:35:04 -0400] "GET /cron3344/sendimeiorders HTTP/1.1" 200 0 "-" "Wget/1.19.5 (linux-gnu)"
66.249.70.70 - - [08/Jun/2025:11:36:02 -0400] "GET /?c=1390425051046 HTTP/1.1" 200 19112 "-" "Mozilla/5.0 (Linux; Android 6.0.1; Nexus 5X Build/MMB29P) AppleWebKit/537.36 (KHTML, like Gecko) Chrome/136.0.7103.113 Mobile Safari/537.36 (compatible; Googlebot/2.1; +http://www.google.com/bot.html)"
162.0.217.222 - - [08/Jun/2025:11:40:04 -0400] "GET /cron3344/getimeiorders HTTP/1.1" 200 0 "-" "Wget/1.19.5 (linux-gnu)"
162.0.217.222 - - [08/Jun/2025:11:40:04 -0400] "GET /cron3344/sendimeiorders HTTP/1.1" 200 0 "-" "Wget/1.19.5 (linux-gnu)"
162.0.217.222 - - [08/Jun/2025:11:45:04 -0400] "GET /cron3344/sendimeiorders HTTP/1.1" 200 0 "-" "Wget/1.19.5 (linux-gnu)"
162.0.217.222 - - [08/Jun/2025:11:45:04 -0400] "GET /cron3344/getimeiorders HTTP/1.1" 200 0 "-" "Wget/1.19.5 (linux-gnu)"
216.73.216.148 - - [08/Jun/2025:11:47:22 -0400] "GET /robots.txt HTTP/1.1" 200 78 "-" "Mozilla/5.0 AppleWebKit/537.36 (KHTML, like Gecko; compatible; ClaudeBot/1.0; +claudebot@anthropic.com)"
216.73.216.148 - - [08/Jun/2025:11:47:22 -0400] "GET /sitemap.xml HTTP/1.1" 200 11107 "-" "Mozilla/5.0 AppleWebKit/537.36 (KHTML, like Gecko; compatible; ClaudeBot/1.0; +claudebot@anthropic.com)"
162.0.217.222 - - [08/Jun/2025:11:50:04 -0400] "GET /cron3344/sendimeiorders HTTP/1.1" 200 0 "-" "Wget/1.19.5 (linux-gnu)"
162.0.217.222 - - [08/Jun/2025:11:50:04 -0400] "GET /cron3344/getimeiorders HTTP/1.1" 200 0 "-" "Wget/1.19.5 (linux-gnu)"
162.0.217.222 - - [08/Jun/2025:11:55:03 -0400] "GET /cron3344/sendimeiorders HTTP/1.1" 200 0 "-" "Wget/1.19.5 (linux-gnu)"
162.0.217.222 - - [08/Jun/2025:11:55:03 -0400] "GET /cron3344/getimeiorders HTTP/1.1" 200 0 "-" "Wget/1.19.5 (linux-gnu)"
162.0.217.222 - - [08/Jun/2025:12:00:08 -0400] "GET /cron3344/getimeiorders HTTP/1.1" 200 0 "-" "Wget/1.19.5 (linux-gnu)"
162.0.217.222 - - [08/Jun/2025:12:00:08 -0400] "GET /cron3344/sendimeiorders HTTP/1.1" 200 0 "-" "Wget/1.19.5 (linux-gnu)"
66.249.70.71 - - [08/Jun/2025:12:00:20 -0400] "GET /?c=1400493652846 HTTP/1.1" 200 19470 "-" "Mozilla/5.0 (Linux; Android 6.0.1; Nexus 5X Build/MMB29P) AppleWebKit/537.36 (KHTML, like Gecko) Chrome/136.0.7103.113 Mobile Safari/537.36 (compatible; Googlebot/2.1; +http://www.google.com/bot.html)"
104.152.222.128 - - [08/Jun/2025:12:04:52 -0400] "POST //api/index.php HTTP/1.1" 200 82 "-" "axios/1.7.4"
104.152.222.128 - - [08/Jun/2025:12:05:03 -0400] "POST //api/index.php HTTP/1.1" 200 22 "-" "Wget/1.19.5 (linux-gnu)"
162.0.217.222 - - [08/Jun/2025:12:05:04 -0400] "GET /cron3344/getimeiorders HTTP/1.1" 200 0 "-" "Wget/1.19.5 (linux-gnu)"
162.0.217.222 - - [08/Jun/2025:12:05:04 -0400] "GET /cron3344/sendimeiorders HTTP/1.1" 200 0 "-" "Wget/1.19.5 (linux-gnu)"
104.152.222.128 - - [08/Jun/2025:12:05:15 -0400] "POST //api/index.php HTTP/1.1" 200 22 "-" "axios/1.7.4"
104.152.222.128 - - [08/Jun/2025:12:07:12 -0400] "POST //api/index.php HTTP/1.1" 200 22 "-" "axios/1.7.4"
104.152.222.128 - - [08/Jun/2025:12:09:12 -0400] "POST //api/index.php HTTP/1.1" 200 22 "-" "axios/1.7.4"
66.249.70.70 - - [08/Jun/2025:12:09:55 -0400] "GET /?c=1406762292346 HTTP/1.1" 200 19442 "-" "Mozilla/5.0 (Linux; Android 6.0.1; Nexus 5X Build/MMB29P) AppleWebKit/537.36 (KHTML, like Gecko) Chrome/136.0.7103.113 Mobile Safari/537.36 (compatible; Googlebot/2.1; +http://www.google.com/bot.html)"
104.152.222.128 - - [08/Jun/2025:12:10:03 -0400] "POST //api/index.php HTTP/1.1" 200 22 "-" "Wget/1.19.5 (linux-gnu)"
162.0.217.222 - - [08/Jun/2025:12:10:04 -0400] "GET /cron3344/getimeiorders HTTP/1.1" 200 0 "-" "Wget/1.19.5 (linux-gnu)"
162.0.217.222 - - [08/Jun/2025:12:10:04 -0400] "GET /cron3344/sendimeiorders HTTP/1.1" 200 0 "-" "Wget/1.19.5 (linux-gnu)"
104.152.222.128 - - [08/Jun/2025:12:11:12 -0400] "POST //api/index.php HTTP/1.1" 200 22 "-" "axios/1.7.4"
104.152.222.128 - - [08/Jun/2025:12:13:12 -0400] "POST //api/index.php HTTP/1.1" 200 22 "-" "axios/1.7.4"
104.152.222.128 - - [08/Jun/2025:12:15:04 -0400] "POST //api/index.php HTTP/1.1" 200 22 "-" "Wget/1.19.5 (linux-gnu)"
162.0.217.222 - - [08/Jun/2025:12:15:05 -0400] "GET /cron3344/getimeiorders HTTP/1.1" 200 0 "-" "Wget/1.19.5 (linux-gnu)"
162.0.217.222 - - [08/Jun/2025:12:15:05 -0400] "GET /cron3344/sendimeiorders HTTP/1.1" 200 0 "-" "Wget/1.19.5 (linux-gnu)"
104.152.222.128 - - [08/Jun/2025:12:15:12 -0400] "POST //api/index.php HTTP/1.1" 200 22 "-" "axios/1.7.4"
104.152.222.128 - - [08/Jun/2025:12:17:12 -0400] "POST //api/index.php HTTP/1.1" 200 22 "-" "axios/1.7.4"
104.152.222.128 - - [08/Jun/2025:12:19:12 -0400] "POST //api/index.php HTTP/1.1" 200 22 "-" "axios/1.7.4"
104.152.222.128 - - [08/Jun/2025:12:20:03 -0400] "POST //api/index.php HTTP/1.1" 200 22 "-" "Wget/1.19.5 (linux-gnu)"
162.0.217.222 - - [08/Jun/2025:12:20:04 -0400] "GET /cron3344/getimeiorders HTTP/1.1" 200 0 "-" "Wget/1.19.5 (linux-gnu)"
162.0.217.222 - - [08/Jun/2025:12:20:04 -0400] "GET /cron3344/sendimeiorders HTTP/1.1" 200 0 "-" "Wget/1.19.5 (linux-gnu)"
104.152.222.128 - - [08/Jun/2025:12:21:12 -0400] "POST //api/index.php HTTP/1.1" 200 22 "-" "axios/1.7.4"
47.82.60.92 - - [08/Jun/2025:12:22:12 -0400] "GET /?c=1440109613246 HTTP/1.1" 200 16949 "https://www.slcodelab.com/?c=1440109613246" "Mozilla/5.0 (Windows NT 10.0; Win64; x64) AppleWebKit/537.36 (KHTML, like Gecko) Chrome/114.0.0.0 Safari/537.36 Edg/114.0.1823.43"
139.155.139.22 - - [08/Jun/2025:12:22:21 -0400] "GET / HTTP/1.1" 200 16948 "http://www.slcodelab.com" "Mozilla/5.0 (iPhone; CPU iPhone OS 13_2_3 like Mac OS X) AppleWebKit/605.1.15 (KHTML, like Gecko) Version/13.0.3 Mobile/15E148 Safari/604.1"
104.152.222.128 - - [08/Jun/2025:12:23:12 -0400] "POST //api/index.php HTTP/1.1" 200 22 "-" "axios/1.7.4"
162.0.217.222 - - [08/Jun/2025:12:25:04 -0400] "GET /cron3344/getimeiorders HTTP/1.1" 200 0 "-" "Wget/1.19.5 (linux-gnu)"
162.0.217.222 - - [08/Jun/2025:12:25:04 -0400] "GET /cron3344/sendimeiorders HTTP/1.1" 200 0 "-" "Wget/1.19.5 (linux-gnu)"
104.152.222.128 - - [08/Jun/2025:12:25:04 -0400] "POST //api/index.php HTTP/1.1" 200 22 "-" "Wget/1.19.5 (linux-gnu)"
104.152.222.128 - - [08/Jun/2025:12:25:12 -0400] "POST //api/index.php HTTP/1.1" 200 22 "-" "axios/1.7.4"
104.152.222.128 - - [08/Jun/2025:12:27:12 -0400] "POST //api/index.php HTTP/1.1" 200 22 "-" "axios/1.7.4"
104.152.222.128 - - [08/Jun/2025:12:29:12 -0400] "POST //api/index.php HTTP/1.1" 200 22 "-" "axios/1.7.4"
162.0.217.222 - - [08/Jun/2025:12:30:04 -0400] "GET /cron3344/getimeiorders HTTP/1.1" 200 0 "-" "Wget/1.19.5 (linux-gnu)"
104.152.222.128 - - [08/Jun/2025:12:30:04 -0400] "POST //api/index.php HTTP/1.1" 200 22 "-" "Wget/1.19.5 (linux-gnu)"
162.0.217.222 - - [08/Jun/2025:12:30:05 -0400] "GET /cron3344/sendimeiorders HTTP/1.1" 200 0 "-" "Wget/1.19.5 (linux-gnu)"
104.152.222.128 - - [08/Jun/2025:12:31:12 -0400] "POST //api/index.php HTTP/1.1" 200 22 "-" "axios/1.7.4"
104.152.222.128 - - [08/Jun/2025:12:33:12 -0400] "POST //api/index.php HTTP/1.1" 200 22 "-" "axios/1.7.4"
104.152.222.128 - - [08/Jun/2025:12:35:03 -0400] "POST //api/index.php HTTP/1.1" 200 22 "-" "Wget/1.19.5 (linux-gnu)"
162.0.217.222 - - [08/Jun/2025:12:35:04 -0400] "GET /cron3344/getimeiorders HTTP/1.1" 200 0 "-" "Wget/1.19.5 (linux-gnu)"
162.0.217.222 - - [08/Jun/2025:12:35:04 -0400] "GET /cron3344/sendimeiorders HTTP/1.1" 200 0 "-" "Wget/1.19.5 (linux-gnu)"
104.152.222.128 - - [08/Jun/2025:12:35:14 -0400] "POST //api/index.php HTTP/1.1" 200 22 "-" "axios/1.7.4"
66.249.70.71 - - [08/Jun/2025:12:36:36 -0400] "GET /?c=1570221323946 HTTP/1.1" 200 19232 "-" "Mozilla/5.0 (Linux; Android 6.0.1; Nexus 5X Build/MMB29P) AppleWebKit/537.36 (KHTML, like Gecko) Chrome/136.0.7103.113 Mobile Safari/537.36 (compatible; Googlebot/2.1; +http://www.google.com/bot.html)"
104.152.222.128 - - [08/Jun/2025:12:37:12 -0400] "POST //api/index.php HTTP/1.1" 200 22 "-" "axios/1.7.4"
66.249.70.64 - - [08/Jun/2025:12:37:31 -0400] "GET /?c=1335900082446 HTTP/1.1" 200 19345 "-" "Mozilla/5.0 (Linux; Android 6.0.1; Nexus 5X Build/MMB29P) AppleWebKit/537.36 (KHTML, like Gecko) Chrome/136.0.7103.113 Mobile Safari/537.36 (compatible; Googlebot/2.1; +http://www.google.com/bot.html)"
104.152.222.128 - - [08/Jun/2025:12:39:12 -0400] "POST //api/index.php HTTP/1.1" 200 22 "-" "axios/1.7.4"
162.0.217.222 - - [08/Jun/2025:12:40:04 -0400] "GET /cron3344/sendimeiorders HTTP/1.1" 200 0 "-" "Wget/1.19.5 (linux-gnu)"
162.0.217.222 - - [08/Jun/2025:12:40:04 -0400] "GET /cron3344/getimeiorders HTTP/1.1" 200 0 "-" "Wget/1.19.5 (linux-gnu)"
104.152.222.128 - - [08/Jun/2025:12:40:13 -0400] "POST //api/index.php HTTP/1.1" 200 22 "-" "Wget/1.19.5 (linux-gnu)"
104.152.222.128 - - [08/Jun/2025:12:41:12 -0400] "POST //api/index.php HTTP/1.1" 200 22 "-" "axios/1.7.4"
104.152.222.128 - - [08/Jun/2025:12:43:12 -0400] "POST //api/index.php HTTP/1.1" 200 22 "-" "axios/1.7.4"
66.249.70.71 - - [08/Jun/2025:12:43:34 -0400] "GET /?c=1105778351146 HTTP/1.1" 200 19963 "-" "Mozilla/5.0 (Linux; Android 6.0.1; Nexus 5X Build/MMB29P) AppleWebKit/537.36 (KHTML, like Gecko) Chrome/136.0.7103.113 Mobile Safari/537.36 (compatible; Googlebot/2.1; +http://www.google.com/bot.html)"
66.249.70.64 - - [08/Jun/2025:12:43:36 -0400] "GET /?c=1426904570646 HTTP/1.1" 200 19373 "-" "Mozilla/5.0 (Linux; Android 6.0.1; Nexus 5X Build/MMB29P) AppleWebKit/537.36 (KHTML, like Gecko) Chrome/136.0.7103.113 Mobile Safari/537.36 (compatible; Googlebot/2.1; +http://www.google.com/bot.html)"
66.249.70.70 - - [08/Jun/2025:12:43:39 -0400] "GET /?c=1412798951146 HTTP/1.1" 200 19790 "-" "Mozilla/5.0 (Linux; Android 6.0.1; Nexus 5X Build/MMB29P) AppleWebKit/537.36 (KHTML, like Gecko) Chrome/136.0.7103.113 Mobile Safari/537.36 (compatible; Googlebot/2.1; +http://www.google.com/bot.html)"
66.249.70.70 - - [08/Jun/2025:12:43:40 -0400] "GET /?c=1512497981146 HTTP/1.1" 200 19520 "-" "Mozilla/5.0 (Linux; Android 6.0.1; Nexus 5X Build/MMB29P) AppleWebKit/537.36 (KHTML, like Gecko) Chrome/136.0.7103.113 Mobile Safari/537.36 (compatible; Googlebot/2.1; +http://www.google.com/bot.html)"
66.249.70.70 - - [08/Jun/2025:12:43:43 -0400] "GET /?c=1345803283946 HTTP/1.1" 200 19179 "-" "Mozilla/5.0 (Linux; Android 6.0.1; Nexus 5X Build/MMB29P) AppleWebKit/537.36 (KHTML, like Gecko) Chrome/136.0.7103.113 Mobile Safari/537.36 (compatible; Googlebot/2.1; +http://www.google.com/bot.html)"
66.249.70.70 - - [08/Jun/2025:12:43:47 -0400] "GET /?c=1267327172046 HTTP/1.1" 200 18253 "-" "Mozilla/5.0 (Linux; Android 6.0.1; Nexus 5X Build/MMB29P) AppleWebKit/537.36 (KHTML, like Gecko) Chrome/136.0.7103.113 Mobile Safari/537.36 (compatible; Googlebot/2.1; +http://www.google.com/bot.html)"
