66.249.70.70 - - [08/Jun/2025:14:48:20 -0400] "GET /?c=1560527592946 HTTP/1.1" 200 19334 "-" "Mozilla/5.0 (Linux; Android 6.0.1; Nexus 5X Build/MMB29P) AppleWebKit/537.36 (KHTML, like Gecko) Chrome/136.0.7103.113 Mobile Safari/537.36 (compatible; Googlebot/2.1; +http://www.google.com/bot.html)"
66.249.70.70 - - [08/Jun/2025:14:48:30 -0400] "GET /?c=1329171573046 HTTP/1.1" 200 19602 "-" "Mozilla/5.0 (Linux; Android 6.0.1; Nexus 5X Build/MMB29P) AppleWebKit/537.36 (KHTML, like Gecko) Chrome/136.0.7103.113 Mobile Safari/537.36 (compatible; Googlebot/2.1; +http://www.google.com/bot.html)"
104.152.222.128 - - [08/Jun/2025:14:49:12 -0400] "POST //api/index.php HTTP/1.1" 200 22 "-" "axios/1.7.4"
104.152.222.128 - - [08/Jun/2025:14:50:04 -0400] "POST //api/index.php HTTP/1.1" 200 22 "-" "Wget/1.19.5 (linux-gnu)"
162.0.217.222 - - [08/Jun/2025:14:50:05 -0400] "GET /cron3344/getimeiorders HTTP/1.1" 200 0 "-" "Wget/1.19.5 (linux-gnu)"
162.0.217.222 - - [08/Jun/2025:14:50:05 -0400] "GET /cron3344/sendimeiorders HTTP/1.1" 200 0 "-" "Wget/1.19.5 (linux-gnu)"
66.249.70.71 - - [08/Jun/2025:14:51:11 -0400] "GET /?c=1467075032846 HTTP/1.1" 200 19186 "-" "Mozilla/5.0 (Linux; Android 6.0.1; Nexus 5X Build/MMB29P) AppleWebKit/537.36 (KHTML, like Gecko) Chrome/136.0.7103.113 Mobile Safari/537.36 (compatible; Googlebot/2.1; +http://www.google.com/bot.html)"
104.152.222.128 - - [08/Jun/2025:14:51:12 -0400] "POST //api/index.php HTTP/1.1" 200 22 "-" "axios/1.7.4"
66.249.70.70 - - [08/Jun/2025:14:51:12 -0400] "GET /?c=1301162143246 HTTP/1.1" 200 18102 "-" "Mozilla/5.0 (Linux; Android 6.0.1; Nexus 5X Build/MMB29P) AppleWebKit/537.36 (KHTML, like Gecko) Chrome/136.0.7103.113 Mobile Safari/537.36 (compatible; Googlebot/2.1; +http://www.google.com/bot.html)"
66.249.70.71 - - [08/Jun/2025:14:51:22 -0400] "GET /?c=1439121912746 HTTP/1.1" 200 19439 "-" "Mozilla/5.0 (Linux; Android 6.0.1; Nexus 5X Build/MMB29P) AppleWebKit/537.36 (KHTML, like Gecko) Chrome/136.0.7103.113 Mobile Safari/537.36 (compatible; Googlebot/2.1; +http://www.google.com/bot.html)"
66.249.70.70 - - [08/Jun/2025:14:51:36 -0400] "GET /?c=1352959272846 HTTP/1.1" 200 18996 "-" "Mozilla/5.0 (Linux; Android 6.0.1; Nexus 5X Build/MMB29P) AppleWebKit/537.36 (KHTML, like Gecko) Chrome/136.0.7103.113 Mobile Safari/537.36 (compatible; Googlebot/2.1; +http://www.google.com/bot.html)"
66.249.70.70 - - [08/Jun/2025:14:51:45 -0400] "GET /?c=1363535270246 HTTP/1.1" 200 19636 "-" "Mozilla/5.0 (Linux; Android 6.0.1; Nexus 5X Build/MMB29P) AppleWebKit/537.36 (KHTML, like Gecko) Chrome/136.0.7103.113 Mobile Safari/537.36 (compatible; Googlebot/2.1; +http://www.google.com/bot.html)"
66.249.70.64 - - [08/Jun/2025:14:52:04 -0400] "GET /?c=1360871173446 HTTP/1.1" 200 19244 "-" "Mozilla/5.0 (Linux; Android 6.0.1; Nexus 5X Build/MMB29P) AppleWebKit/537.36 (KHTML, like Gecko) Chrome/136.0.7103.113 Mobile Safari/537.36 (compatible; Googlebot/2.1; +http://www.google.com/bot.html)"
66.249.70.70 - - [08/Jun/2025:14:52:17 -0400] "GET /?c=1504211070346 HTTP/1.1" 200 19306 "-" "Mozilla/5.0 (Linux; Android 6.0.1; Nexus 5X Build/MMB29P) AppleWebKit/537.36 (KHTML, like Gecko) Chrome/136.0.7103.113 Mobile Safari/537.36 (compatible; Googlebot/2.1; +http://www.google.com/bot.html)"
66.249.70.70 - - [08/Jun/2025:14:52:27 -0400] "GET /?c=1062960140546 HTTP/1.1" 200 19186 "-" "Mozilla/5.0 (Linux; Android 6.0.1; Nexus 5X Build/MMB29P) AppleWebKit/537.36 (KHTML, like Gecko) Chrome/136.0.7103.113 Mobile Safari/537.36 (compatible; Googlebot/2.1; +http://www.google.com/bot.html)"
66.249.70.70 - - [08/Jun/2025:14:52:37 -0400] "GET /?c=1510172792546 HTTP/1.1" 200 18598 "-" "Mozilla/5.0 (Linux; Android 6.0.1; Nexus 5X Build/MMB29P) AppleWebKit/537.36 (KHTML, like Gecko) Chrome/136.0.7103.113 Mobile Safari/537.36 (compatible; Googlebot/2.1; +http://www.google.com/bot.html)"
66.249.70.70 - - [08/Jun/2025:14:52:50 -0400] "GET /?c=1482970073646 HTTP/1.1" 200 20279 "-" "Mozilla/5.0 (Linux; Android 6.0.1; Nexus 5X Build/MMB29P) AppleWebKit/537.36 (KHTML, like Gecko) Chrome/136.0.7103.113 Mobile Safari/537.36 (compatible; Googlebot/2.1; +http://www.google.com/bot.html)"
66.249.70.70 - - [08/Jun/2025:14:53:09 -0400] "GET /?c=1517515751146 HTTP/1.1" 200 19715 "-" "Mozilla/5.0 (Linux; Android 6.0.1; Nexus 5X Build/MMB29P) AppleWebKit/537.36 (KHTML, like Gecko) Chrome/136.0.7103.113 Mobile Safari/537.36 (compatible; Googlebot/2.1; +http://www.google.com/bot.html)"
104.152.222.128 - - [08/Jun/2025:14:53:12 -0400] "POST //api/index.php HTTP/1.1" 200 22 "-" "axios/1.7.4"
66.249.70.71 - - [08/Jun/2025:14:53:21 -0400] "GET /?c=1318974122746 HTTP/1.1" 200 18732 "-" "Mozilla/5.0 (Linux; Android 6.0.1; Nexus 5X Build/MMB29P) AppleWebKit/537.36 (KHTML, like Gecko) Chrome/136.0.7103.113 Mobile Safari/537.36 (compatible; Googlebot/2.1; +http://www.google.com/bot.html)"
66.249.70.70 - - [08/Jun/2025:14:53:34 -0400] "GET /?c=235520801346 HTTP/1.1" 200 20339 "-" "Mozilla/5.0 (Linux; Android 6.0.1; Nexus 5X Build/MMB29P) AppleWebKit/537.36 (KHTML, like Gecko) Chrome/136.0.7103.113 Mobile Safari/537.36 (compatible; Googlebot/2.1; +http://www.google.com/bot.html)"
66.249.70.70 - - [08/Jun/2025:14:53:47 -0400] "GET /?c=1519312550746 HTTP/1.1" 200 19564 "-" "Mozilla/5.0 (Linux; Android 6.0.1; Nexus 5X Build/MMB29P) AppleWebKit/537.36 (KHTML, like Gecko) Chrome/136.0.7103.113 Mobile Safari/537.36 (compatible; Googlebot/2.1; +http://www.google.com/bot.html)"
66.249.70.70 - - [08/Jun/2025:14:53:57 -0400] "GET /?c=1478591453646 HTTP/1.1" 200 19074 "-" "Mozilla/5.0 (Linux; Android 6.0.1; Nexus 5X Build/MMB29P) AppleWebKit/537.36 (KHTML, like Gecko) Chrome/136.0.7103.113 Mobile Safari/537.36 (compatible; Googlebot/2.1; +http://www.google.com/bot.html)"
66.249.70.70 - - [08/Jun/2025:14:54:16 -0400] "GET /?c=1547558644046 HTTP/1.1" 200 19671 "-" "Mozilla/5.0 (Linux; Android 6.0.1; Nexus 5X Build/MMB29P) AppleWebKit/537.36 (KHTML, like Gecko) Chrome/136.0.7103.113 Mobile Safari/537.36 (compatible; Googlebot/2.1; +http://www.google.com/bot.html)"
66.249.70.71 - - [08/Jun/2025:14:54:29 -0400] "GET /?c=1454538300946 HTTP/1.1" 200 20333 "-" "Mozilla/5.0 (Linux; Android 6.0.1; Nexus 5X Build/MMB29P) AppleWebKit/537.36 (KHTML, like Gecko) Chrome/136.0.7103.113 Mobile Safari/537.36 (compatible; Googlebot/2.1; +http://www.google.com/bot.html)"
66.249.70.70 - - [08/Jun/2025:14:54:42 -0400] "GET /?c=1126373093546 HTTP/1.1" 200 18986 "-" "Mozilla/5.0 (Linux; Android 6.0.1; Nexus 5X Build/MMB29P) AppleWebKit/537.36 (KHTML, like Gecko) Chrome/136.0.7103.113 Mobile Safari/537.36 (compatible; Googlebot/2.1; +http://www.google.com/bot.html)"
66.249.70.70 - - [08/Jun/2025:14:54:52 -0400] "GET /?c=1476946272246 HTTP/1.1" 200 19027 "-" "Mozilla/5.0 (Linux; Android 6.0.1; Nexus 5X Build/MMB29P) AppleWebKit/537.36 (KHTML, like Gecko) Chrome/136.0.7103.113 Mobile Safari/537.36 (compatible; Googlebot/2.1; +http://www.google.com/bot.html)"
104.152.222.128 - - [08/Jun/2025:14:55:03 -0400] "POST //api/index.php HTTP/1.1" 200 22 "-" "Wget/1.19.5 (linux-gnu)"
162.0.217.222 - - [08/Jun/2025:14:55:04 -0400] "GET /cron3344/getimeiorders HTTP/1.1" 200 0 "-" "Wget/1.19.5 (linux-gnu)"
162.0.217.222 - - [08/Jun/2025:14:55:04 -0400] "GET /cron3344/sendimeiorders HTTP/1.1" 200 0 "-" "Wget/1.19.5 (linux-gnu)"
66.249.70.71 - - [08/Jun/2025:14:55:05 -0400] "GET /?c=1495106901946 HTTP/1.1" 200 19765 "-" "Mozilla/5.0 (Linux; Android 6.0.1; Nexus 5X Build/MMB29P) AppleWebKit/537.36 (KHTML, like Gecko) Chrome/136.0.7103.113 Mobile Safari/537.36 (compatible; Googlebot/2.1; +http://www.google.com/bot.html)"
104.152.222.128 - - [08/Jun/2025:14:55:12 -0400] "POST //api/index.php HTTP/1.1" 200 22 "-" "axios/1.7.4"
66.249.70.70 - - [08/Jun/2025:14:55:20 -0400] "GET /?c=1475566402546 HTTP/1.1" 200 18706 "-" "Mozilla/5.0 (Linux; Android 6.0.1; Nexus 5X Build/MMB29P) AppleWebKit/537.36 (KHTML, like Gecko) Chrome/136.0.7103.113 Mobile Safari/537.36 (compatible; Googlebot/2.1; +http://www.google.com/bot.html)"
66.249.70.70 - - [08/Jun/2025:14:55:31 -0400] "GET /?c=1405752973946 HTTP/1.1" 200 19856 "-" "Mozilla/5.0 (Linux; Android 6.0.1; Nexus 5X Build/MMB29P) AppleWebKit/537.36 (KHTML, like Gecko) Chrome/136.0.7103.113 Mobile Safari/537.36 (compatible; Googlebot/2.1; +http://www.google.com/bot.html)"
66.249.70.70 - - [08/Jun/2025:14:55:41 -0400] "GET /?c=1552504870546 HTTP/1.1" 200 18854 "-" "Mozilla/5.0 (Linux; Android 6.0.1; Nexus 5X Build/MMB29P) AppleWebKit/537.36 (KHTML, like Gecko) Chrome/136.0.7103.113 Mobile Safari/537.36 (compatible; Googlebot/2.1; +http://www.google.com/bot.html)"
66.249.70.70 - - [08/Jun/2025:14:55:53 -0400] "GET /?c=1578211980846 HTTP/1.1" 200 19399 "-" "Mozilla/5.0 (Linux; Android 6.0.1; Nexus 5X Build/MMB29P) AppleWebKit/537.36 (KHTML, like Gecko) Chrome/136.0.7103.113 Mobile Safari/537.36 (compatible; Googlebot/2.1; +http://www.google.com/bot.html)"
66.249.70.71 - - [08/Jun/2025:14:56:05 -0400] "GET /?c=1498074181546 HTTP/1.1" 200 18917 "-" "Mozilla/5.0 (Linux; Android 6.0.1; Nexus 5X Build/MMB29P) AppleWebKit/537.36 (KHTML, like Gecko) Chrome/136.0.7103.113 Mobile Safari/537.36 (compatible; Googlebot/2.1; +http://www.google.com/bot.html)"
66.249.70.71 - - [08/Jun/2025:14:56:19 -0400] "GET /?c=1454325133346 HTTP/1.1" 200 18882 "-" "Mozilla/5.0 (Linux; Android 6.0.1; Nexus 5X Build/MMB29P) AppleWebKit/537.36 (KHTML, like Gecko) Chrome/136.0.7103.113 Mobile Safari/537.36 (compatible; Googlebot/2.1; +http://www.google.com/bot.html)"
66.249.70.70 - - [08/Jun/2025:14:56:31 -0400] "GET /robots.txt HTTP/1.1" 200 81 "-" "Mozilla/5.0 (compatible; Googlebot/2.1; +http://www.google.com/bot.html)"
66.249.70.70 - - [08/Jun/2025:14:56:32 -0400] "GET /?c=1310780932346 HTTP/1.1" 200 19392 "-" "Mozilla/5.0 (Linux; Android 6.0.1; Nexus 5X Build/MMB29P) AppleWebKit/537.36 (KHTML, like Gecko) Chrome/136.0.7103.113 Mobile Safari/537.36 (compatible; Googlebot/2.1; +http://www.google.com/bot.html)"
66.249.70.70 - - [08/Jun/2025:14:56:56 -0400] "GET /?c=1474469121546 HTTP/1.1" 200 18507 "-" "Mozilla/5.0 (Linux; Android 6.0.1; Nexus 5X Build/MMB29P) AppleWebKit/537.36 (KHTML, like Gecko) Chrome/136.0.7103.113 Mobile Safari/537.36 (compatible; Googlebot/2.1; +http://www.google.com/bot.html)"
66.249.70.71 - - [08/Jun/2025:14:57:11 -0400] "GET /?c=1412778763746 HTTP/1.1" 200 20174 "-" "Mozilla/5.0 (Linux; Android 6.0.1; Nexus 5X Build/MMB29P) AppleWebKit/537.36 (KHTML, like Gecko) Chrome/136.0.7103.113 Mobile Safari/537.36 (compatible; Googlebot/2.1; +http://www.google.com/bot.html)"
104.152.222.128 - - [08/Jun/2025:14:57:12 -0400] "POST //api/index.php HTTP/1.1" 200 22 "-" "axios/1.7.4"
66.249.70.70 - - [08/Jun/2025:14:57:22 -0400] "GET /?c=1071822001046 HTTP/1.1" 200 19868 "-" "Mozilla/5.0 (Linux; Android 6.0.1; Nexus 5X Build/MMB29P) AppleWebKit/537.36 (KHTML, like Gecko) Chrome/136.0.7103.113 Mobile Safari/537.36 (compatible; Googlebot/2.1; +http://www.google.com/bot.html)"
66.249.70.70 - - [08/Jun/2025:14:57:32 -0400] "GET /robots.txt HTTP/1.1" 200 81 "-" "Mozilla/5.0 (compatible; Googlebot/2.1; +http://www.google.com/bot.html)"
66.249.70.70 - - [08/Jun/2025:14:57:32 -0400] "GET /?c=1335525252446 HTTP/1.1" 200 18600 "-" "Mozilla/5.0 (Linux; Android 6.0.1; Nexus 5X Build/MMB29P) AppleWebKit/537.36 (KHTML, like Gecko) Chrome/136.0.7103.113 Mobile Safari/537.36 (compatible; Googlebot/2.1; +http://www.google.com/bot.html)"
66.249.70.70 - - [08/Jun/2025:14:57:35 -0400] "GET /?c=1358720960246 HTTP/1.1" 200 19840 "-" "Mozilla/5.0 (Linux; Android 6.0.1; Nexus 5X Build/MMB29P) AppleWebKit/537.36 (KHTML, like Gecko) Chrome/136.0.7103.113 Mobile Safari/537.36 (compatible; Googlebot/2.1; +http://www.google.com/bot.html)"
66.249.70.70 - - [08/Jun/2025:14:57:45 -0400] "GET /?c=1557538213546 HTTP/1.1" 200 19899 "-" "Mozilla/5.0 (Linux; Android 6.0.1; Nexus 5X Build/MMB29P) AppleWebKit/537.36 (KHTML, like Gecko) Chrome/136.0.7103.113 Mobile Safari/537.36 (compatible; Googlebot/2.1; +http://www.google.com/bot.html)"
66.249.70.70 - - [08/Jun/2025:14:57:59 -0400] "GET /?c=1436322711246 HTTP/1.1" 200 19585 "-" "Mozilla/5.0 (Linux; Android 6.0.1; Nexus 5X Build/MMB29P) AppleWebKit/537.36 (KHTML, like Gecko) Chrome/136.0.7103.113 Mobile Safari/537.36 (compatible; Googlebot/2.1; +http://www.google.com/bot.html)"
66.249.70.70 - - [08/Jun/2025:14:58:10 -0400] "GET /?c=1298892081146 HTTP/1.1" 200 19628 "-" "Mozilla/5.0 (Linux; Android 6.0.1; Nexus 5X Build/MMB29P) AppleWebKit/537.36 (KHTML, like Gecko) Chrome/136.0.7103.113 Mobile Safari/537.36 (compatible; Googlebot/2.1; +http://www.google.com/bot.html)"
66.249.70.70 - - [08/Jun/2025:14:58:26 -0400] "GET /?c=1494950001946 HTTP/1.1" 200 19772 "-" "Mozilla/5.0 (Linux; Android 6.0.1; Nexus 5X Build/MMB29P) AppleWebKit/537.36 (KHTML, like Gecko) Chrome/136.0.7103.113 Mobile Safari/537.36 (compatible; Googlebot/2.1; +http://www.google.com/bot.html)"
66.249.70.70 - - [08/Jun/2025:14:58:40 -0400] "GET /robots.txt HTTP/1.1" 200 81 "-" "Mozilla/5.0 (compatible; Googlebot/2.1; +http://www.google.com/bot.html)"
66.249.70.70 - - [08/Jun/2025:14:58:40 -0400] "GET /?c=1576519273246 HTTP/1.1" 200 19421 "-" "Mozilla/5.0 (Linux; Android 6.0.1; Nexus 5X Build/MMB29P) AppleWebKit/537.36 (KHTML, like Gecko) Chrome/136.0.7103.113 Mobile Safari/537.36 (compatible; Googlebot/2.1; +http://www.google.com/bot.html)"
66.249.70.70 - - [08/Jun/2025:14:58:49 -0400] "GET /?c=1127642491046 HTTP/1.1" 200 19560 "-" "Mozilla/5.0 (Linux; Android 6.0.1; Nexus 5X Build/MMB29P) AppleWebKit/537.36 (KHTML, like Gecko) Chrome/136.0.7103.113 Mobile Safari/537.36 (compatible; Googlebot/2.1; +http://www.google.com/bot.html)"
66.249.70.71 - - [08/Jun/2025:14:59:02 -0400] "GET /?c=1457220901946 HTTP/1.1" 200 20056 "-" "Mozilla/5.0 (Linux; Android 6.0.1; Nexus 5X Build/MMB29P) AppleWebKit/537.36 (KHTML, like Gecko) Chrome/136.0.7103.113 Mobile Safari/537.36 (compatible; Googlebot/2.1; +http://www.google.com/bot.html)"
66.249.70.71 - - [08/Jun/2025:14:59:14 -0400] "GET /?c=1293181261546 HTTP/1.1" 200 20466 "-" "Mozilla/5.0 (Linux; Android 6.0.1; Nexus 5X Build/MMB29P) AppleWebKit/537.36 (KHTML, like Gecko) Chrome/136.0.7103.113 Mobile Safari/537.36 (compatible; Googlebot/2.1; +http://www.google.com/bot.html)"
104.152.222.128 - - [08/Jun/2025:14:59:20 -0400] "POST //api/index.php HTTP/1.1" 200 22 "-" "axios/1.7.4"
66.249.70.70 - - [08/Jun/2025:14:59:24 -0400] "GET /?c=1315720003546 HTTP/1.1" 200 19358 "-" "Mozilla/5.0 (Linux; Android 6.0.1; Nexus 5X Build/MMB29P) AppleWebKit/537.36 (KHTML, like Gecko) Chrome/136.0.7103.113 Mobile Safari/537.36 (compatible; Googlebot/2.1; +http://www.google.com/bot.html)"
66.249.70.70 - - [08/Jun/2025:14:59:36 -0400] "GET /?c=1303355410246 HTTP/1.1" 200 18802 "-" "Mozilla/5.0 (Linux; Android 6.0.1; Nexus 5X Build/MMB29P) AppleWebKit/537.36 (KHTML, like Gecko) Chrome/136.0.7103.113 Mobile Safari/537.36 (compatible; Googlebot/2.1; +http://www.google.com/bot.html)"
66.249.70.70 - - [08/Jun/2025:14:59:49 -0400] "GET /robots.txt HTTP/1.1" 200 81 "-" "Mozilla/5.0 (compatible; Googlebot/2.1; +http://www.google.com/bot.html)"
66.249.70.70 - - [08/Jun/2025:14:59:49 -0400] "GET /?c=1564999141446 HTTP/1.1" 200 19240 "-" "Mozilla/5.0 (Linux; Android 6.0.1; Nexus 5X Build/MMB29P) AppleWebKit/537.36 (KHTML, like Gecko) Chrome/136.0.7103.113 Mobile Safari/537.36 (compatible; Googlebot/2.1; +http://www.google.com/bot.html)"
66.249.70.64 - - [08/Jun/2025:15:00:04 -0400] "GET /?c=1486117343546 HTTP/1.1" 200 18057 "-" "Mozilla/5.0 (Linux; Android 6.0.1; Nexus 5X Build/MMB29P) AppleWebKit/537.36 (KHTML, like Gecko) Chrome/136.0.7103.113 Mobile Safari/537.36 (compatible; Googlebot/2.1; +http://www.google.com/bot.html)"
162.0.217.222 - - [08/Jun/2025:15:00:05 -0400] "GET /cron3344/sendimeiorders HTTP/1.1" 200 0 "-" "Wget/1.19.5 (linux-gnu)"
162.0.217.222 - - [08/Jun/2025:15:00:05 -0400] "GET /cron3344/getimeiorders HTTP/1.1" 200 0 "-" "Wget/1.19.5 (linux-gnu)"
104.152.222.128 - - [08/Jun/2025:15:00:07 -0400] "POST //api/index.php HTTP/1.1" 200 22 "-" "Wget/1.19.5 (linux-gnu)"
182.253.128.35 - - [08/Jun/2025:15:00:11 -0400] "GET /.env HTTP/1.1" 403 1242 "-" "Mozlila/5.0 (Linux; Android 7.0; SM-G892A Bulid/NRD90M; wv) AppleWebKit/537.36 (KHTML, like Gecko) Version/4.0 Chrome/60.0.3112.107 Moblie Safari/537.36"
66.249.70.70 - - [08/Jun/2025:15:00:18 -0400] "GET /?c=1578710200546 HTTP/1.1" 200 19361 "-" "Mozilla/5.0 (Linux; Android 6.0.1; Nexus 5X Build/MMB29P) AppleWebKit/537.36 (KHTML, like Gecko) Chrome/136.0.7103.113 Mobile Safari/537.36 (compatible; Googlebot/2.1; +http://www.google.com/bot.html)"
66.249.70.70 - - [08/Jun/2025:15:00:22 -0400] "GET /?c=1335534854046 HTTP/1.1" 200 19556 "-" "Mozilla/5.0 (Linux; Android 6.0.1; Nexus 5X Build/MMB29P) AppleWebKit/537.36 (KHTML, like Gecko) Chrome/136.0.7103.113 Mobile Safari/537.36 (compatible; Googlebot/2.1; +http://www.google.com/bot.html)"
66.249.70.70 - - [08/Jun/2025:15:00:22 -0400] "GET /?c=1299085181746 HTTP/1.1" 200 18898 "-" "Mozilla/5.0 (Linux; Android 6.0.1; Nexus 5X Build/MMB29P) AppleWebKit/537.36 (KHTML, like Gecko) Chrome/136.0.7103.113 Mobile Safari/537.36 (compatible; Googlebot/2.1; +http://www.google.com/bot.html)"
66.249.70.70 - - [08/Jun/2025:15:00:29 -0400] "GET /?c=1126257413646 HTTP/1.1" 200 18693 "-" "Mozilla/5.0 (Linux; Android 6.0.1; Nexus 5X Build/MMB29P) AppleWebKit/537.36 (KHTML, like Gecko) Chrome/136.0.7103.113 Mobile Safari/537.36 (compatible; Googlebot/2.1; +http://www.google.com/bot.html)"
66.249.70.70 - - [08/Jun/2025:15:00:41 -0400] "GET /?c=1495354470246 HTTP/1.1" 200 19273 "-" "Mozilla/5.0 (Linux; Android 6.0.1; Nexus 5X Build/MMB29P) AppleWebKit/537.36 (KHTML, like Gecko) Chrome/136.0.7103.113 Mobile Safari/537.36 (compatible; Googlebot/2.1; +http://www.google.com/bot.html)"
66.249.70.70 - - [08/Jun/2025:15:00:59 -0400] "GET /robots.txt HTTP/1.1" 200 81 "-" "Mozilla/5.0 (compatible; Googlebot/2.1; +http://www.google.com/bot.html)"
66.249.70.70 - - [08/Jun/2025:15:00:59 -0400] "GET /?c=1495939522646 HTTP/1.1" 200 18714 "-" "Mozilla/5.0 (Linux; Android 6.0.1; Nexus 5X Build/MMB29P) AppleWebKit/537.36 (KHTML, like Gecko) Chrome/136.0.7103.113 Mobile Safari/537.36 (compatible; Googlebot/2.1; +http://www.google.com/bot.html)"
66.249.70.70 - - [08/Jun/2025:15:01:08 -0400] "GET /?c=1359556650746 HTTP/1.1" 200 18632 "-" "Mozilla/5.0 (Linux; Android 6.0.1; Nexus 5X Build/MMB29P) AppleWebKit/537.36 (KHTML, like Gecko) Chrome/136.0.7103.113 Mobile Safari/537.36 (compatible; Googlebot/2.1; +http://www.google.com/bot.html)"
104.152.222.128 - - [08/Jun/2025:15:01:12 -0400] "POST //api/index.php HTTP/1.1" 200 22 "-" "axios/1.7.4"
66.249.70.70 - - [08/Jun/2025:15:01:19 -0400] "GET /?c=1028908633446 HTTP/1.1" 200 19765 "-" "Mozilla/5.0 (Linux; Android 6.0.1; Nexus 5X Build/MMB29P) AppleWebKit/537.36 (KHTML, like Gecko) Chrome/136.0.7103.113 Mobile Safari/537.36 (compatible; Googlebot/2.1; +http://www.google.com/bot.html)"
66.249.70.70 - - [08/Jun/2025:15:01:36 -0400] "GET /?c=990873660546 HTTP/1.1" 200 19913 "-" "Mozilla/5.0 (Linux; Android 6.0.1; Nexus 5X Build/MMB29P) AppleWebKit/537.36 (KHTML, like Gecko) Chrome/136.0.7103.113 Mobile Safari/537.36 (compatible; Googlebot/2.1; +http://www.google.com/bot.html)"
66.249.70.70 - - [08/Jun/2025:15:01:45 -0400] "GET /?c=1350632173346 HTTP/1.1" 200 19849 "-" "Mozilla/5.0 (Linux; Android 6.0.1; Nexus 5X Build/MMB29P) AppleWebKit/537.36 (KHTML, like Gecko) Chrome/136.0.7103.113 Mobile Safari/537.36 (compatible; Googlebot/2.1; +http://www.google.com/bot.html)"
66.249.70.70 - - [08/Jun/2025:15:01:59 -0400] "GET /robots.txt HTTP/1.1" 200 81 "-" "Mozilla/5.0 (compatible; Googlebot/2.1; +http://www.google.com/bot.html)"
66.249.70.70 - - [08/Jun/2025:15:01:59 -0400] "GET /?c=908851162246 HTTP/1.1" 200 19724 "-" "Mozilla/5.0 (Linux; Android 6.0.1; Nexus 5X Build/MMB29P) AppleWebKit/537.36 (KHTML, like Gecko) Chrome/136.0.7103.113 Mobile Safari/537.36 (compatible; Googlebot/2.1; +http://www.google.com/bot.html)"
66.249.70.70 - - [08/Jun/2025:15:02:09 -0400] "GET /?c=1407322830746 HTTP/1.1" 200 19678 "-" "Mozilla/5.0 (Linux; Android 6.0.1; Nexus 5X Build/MMB29P) AppleWebKit/537.36 (KHTML, like Gecko) Chrome/136.0.7103.113 Mobile Safari/537.36 (compatible; Googlebot/2.1; +http://www.google.com/bot.html)"
66.249.70.70 - - [08/Jun/2025:15:02:23 -0400] "GET /?c=1359860520746 HTTP/1.1" 200 19279 "-" "Mozilla/5.0 (Linux; Android 6.0.1; Nexus 5X Build/MMB29P) AppleWebKit/537.36 (KHTML, like Gecko) Chrome/136.0.7103.113 Mobile Safari/537.36 (compatible; Googlebot/2.1; +http://www.google.com/bot.html)"
66.249.70.70 - - [08/Jun/2025:15:02:32 -0400] "GET /?c=1273900181746 HTTP/1.1" 200 18715 "-" "Mozilla/5.0 (Linux; Android 6.0.1; Nexus 5X Build/MMB29P) AppleWebKit/537.36 (KHTML, like Gecko) Chrome/136.0.7103.113 Mobile Safari/537.36 (compatible; Googlebot/2.1; +http://www.google.com/bot.html)"
66.249.70.70 - - [08/Jun/2025:15:02:58 -0400] "GET /?c=1008897400746 HTTP/1.1" 200 19508 "-" "Mozilla/5.0 (Linux; Android 6.0.1; Nexus 5X Build/MMB29P) AppleWebKit/537.36 (KHTML, like Gecko) Chrome/136.0.7103.113 Mobile Safari/537.36 (compatible; Googlebot/2.1; +http://www.google.com/bot.html)"
66.249.70.70 - - [08/Jun/2025:15:03:07 -0400] "GET /robots.txt HTTP/1.1" 200 81 "-" "Mozilla/5.0 (compatible; Googlebot/2.1; +http://www.google.com/bot.html)"
66.249.70.71 - - [08/Jun/2025:15:03:07 -0400] "GET /?c=1008563272746 HTTP/1.1" 200 19392 "-" "Mozilla/5.0 (Linux; Android 6.0.1; Nexus 5X Build/MMB29P) AppleWebKit/537.36 (KHTML, like Gecko) Chrome/136.0.7103.113 Mobile Safari/537.36 (compatible; Googlebot/2.1; +http://www.google.com/bot.html)"
104.152.222.128 - - [08/Jun/2025:15:03:25 -0400] "POST //api/index.php HTTP/1.1" 200 22 "-" "axios/1.7.4"
66.249.70.71 - - [08/Jun/2025:15:04:10 -0400] "GET /robots.txt HTTP/1.1" 200 81 "-" "Mozilla/5.0 (compatible; Googlebot/2.1; +http://www.google.com/bot.html)"
66.249.70.70 - - [08/Jun/2025:15:04:10 -0400] "GET /?c=1541542051846 HTTP/1.1" 200 19419 "-" "Mozilla/5.0 (Linux; Android 6.0.1; Nexus 5X Build/MMB29P) AppleWebKit/537.36 (KHTML, like Gecko) Chrome/136.0.7103.113 Mobile Safari/537.36 (compatible; Googlebot/2.1; +http://www.google.com/bot.html)"
162.0.217.222 - - [08/Jun/2025:15:05:04 -0400] "GET /cron3344/sendimeiorders HTTP/1.1" 200 0 "-" "Wget/1.19.5 (linux-gnu)"
104.152.222.128 - - [08/Jun/2025:15:05:04 -0400] "POST //api/index.php HTTP/1.1" 200 22 "-" "Wget/1.19.5 (linux-gnu)"
162.0.217.222 - - [08/Jun/2025:15:05:04 -0400] "GET /cron3344/getimeiorders HTTP/1.1" 200 0 "-" "Wget/1.19.5 (linux-gnu)"
104.152.222.128 - - [08/Jun/2025:15:05:12 -0400] "POST //api/index.php HTTP/1.1" 200 22 "-" "axios/1.7.4"
66.249.70.64 - - [08/Jun/2025:15:05:28 -0400] "GET /robots.txt HTTP/1.1" 200 81 "-" "Mozilla/5.0 (compatible; Googlebot/2.1; +http://www.google.com/bot.html)"
66.249.70.64 - - [08/Jun/2025:15:05:28 -0400] "GET /?c=1332026473346 HTTP/1.1" 200 19474 "-" "Mozilla/5.0 (Linux; Android 6.0.1; Nexus 5X Build/MMB29P) AppleWebKit/537.36 (KHTML, like Gecko) Chrome/136.0.7103.113 Mobile Safari/537.36 (compatible; Googlebot/2.1; +http://www.google.com/bot.html)"
66.249.70.71 - - [08/Jun/2025:15:07:03 -0400] "GET /robots.txt HTTP/1.1" 200 81 "-" "Mozilla/5.0 (compatible; Googlebot/2.1; +http://www.google.com/bot.html)"
66.249.70.70 - - [08/Jun/2025:15:07:03 -0400] "GET /?c=1491716721146 HTTP/1.1" 200 19822 "-" "Mozilla/5.0 (Linux; Android 6.0.1; Nexus 5X Build/MMB29P) AppleWebKit/537.36 (KHTML, like Gecko) Chrome/136.0.7103.113 Mobile Safari/537.36 (compatible; Googlebot/2.1; +http://www.google.com/bot.html)"
104.152.222.128 - - [08/Jun/2025:15:07:12 -0400] "POST //api/index.php HTTP/1.1" 200 22 "-" "axios/1.7.4"
66.249.70.71 - - [08/Jun/2025:15:07:23 -0400] "GET /?c=1492319532946 HTTP/1.1" 200 19169 "-" "Mozilla/5.0 (Linux; Android 6.0.1; Nexus 5X Build/MMB29P) AppleWebKit/537.36 (KHTML, like Gecko) Chrome/136.0.7103.113 Mobile Safari/537.36 (compatible; Googlebot/2.1; +http://www.google.com/bot.html)"
104.152.222.128 - - [08/Jun/2025:15:09:12 -0400] "POST //api/index.php HTTP/1.1" 200 22 "-" "axios/1.7.4"
66.249.70.70 - - [08/Jun/2025:15:09:29 -0400] "GET /?c=1416408652846 HTTP/1.1" 200 19968 "-" "Mozilla/5.0 (Linux; Android 6.0.1; Nexus 5X Build/MMB29P) AppleWebKit/537.36 (KHTML, like Gecko) Chrome/136.0.7103.113 Mobile Safari/537.36 (compatible; Googlebot/2.1; +http://www.google.com/bot.html)"
162.0.217.222 - - [08/Jun/2025:15:10:04 -0400] "GET /cron3344/getimeiorders HTTP/1.1" 200 0 "-" "Wget/1.19.5 (linux-gnu)"
162.0.217.222 - - [08/Jun/2025:15:10:04 -0400] "GET /cron3344/sendimeiorders HTTP/1.1" 200 0 "-" "Wget/1.19.5 (linux-gnu)"
104.152.222.128 - - [08/Jun/2025:15:10:05 -0400] "POST //api/index.php HTTP/1.1" 200 22 "-" "Wget/1.19.5 (linux-gnu)"
66.249.70.70 - - [08/Jun/2025:15:10:12 -0400] "GET /?c=1492636181046 HTTP/1.1" 200 20086 "-" "Mozilla/5.0 (Linux; Android 6.0.1; Nexus 5X Build/MMB29P) AppleWebKit/537.36 (KHTML, like Gecko) Chrome/136.0.7103.113 Mobile Safari/537.36 (compatible; Googlebot/2.1; +http://www.google.com/bot.html)"
104.152.222.128 - - [08/Jun/2025:15:11:12 -0400] "POST //api/index.php HTTP/1.1" 200 22 "-" "axios/1.7.4"
104.152.222.128 - - [08/Jun/2025:15:13:12 -0400] "POST //api/index.php HTTP/1.1" 200 22 "-" "axios/1.7.4"
66.249.70.64 - - [08/Jun/2025:15:13:21 -0400] "GET /?c=1328075842446 HTTP/1.1" 200 19111 "-" "Mozilla/5.0 (Linux; Android 6.0.1; Nexus 5X Build/MMB29P) AppleWebKit/537.36 (KHTML, like Gecko) Chrome/136.0.7103.113 Mobile Safari/537.36 (compatible; Googlebot/2.1; +http://www.google.com/bot.html)"
66.249.70.70 - - [08/Jun/2025:15:14:00 -0400] "GET /?c=1334883322246 HTTP/1.1" 200 19685 "-" "Mozilla/5.0 (Linux; Android 6.0.1; Nexus 5X Build/MMB29P) AppleWebKit/537.36 (KHTML, like Gecko) Chrome/136.0.7103.113 Mobile Safari/537.36 (compatible; Googlebot/2.1; +http://www.google.com/bot.html)"
104.152.222.128 - - [08/Jun/2025:15:15:03 -0400] "POST //api/index.php HTTP/1.1" 200 22 "-" "Wget/1.19.5 (linux-gnu)"
162.0.217.222 - - [08/Jun/2025:15:15:05 -0400] "GET /cron3344/sendimeiorders HTTP/1.1" 200 0 "-" "Wget/1.19.5 (linux-gnu)"
162.0.217.222 - - [08/Jun/2025:15:15:05 -0400] "GET /cron3344/getimeiorders HTTP/1.1" 200 0 "-" "Wget/1.19.5 (linux-gnu)"
66.249.70.71 - - [08/Jun/2025:15:15:10 -0400] "GET /?c=1341706980446 HTTP/1.1" 200 18706 "-" "Mozilla/5.0 (Linux; Android 6.0.1; Nexus 5X Build/MMB29P) AppleWebKit/537.36 (KHTML, like Gecko) Chrome/136.0.7103.113 Mobile Safari/537.36 (compatible; Googlebot/2.1; +http://www.google.com/bot.html)"
104.152.222.128 - - [08/Jun/2025:15:15:12 -0400] "POST //api/index.php HTTP/1.1" 200 22 "-" "axios/1.7.4"
66.249.70.141 - - [08/Jun/2025:15:15:58 -0400] "GET /?c=1411489381346 HTTP/1.1" 200 19711 "-" "Mozilla/5.0 (Linux; Android 6.0.1; Nexus 5X Build/MMB29P) AppleWebKit/537.36 (KHTML, like Gecko) Chrome/136.0.7103.113 Mobile Safari/537.36 (compatible; Googlebot/2.1; +http://www.google.com/bot.html)"
66.249.70.70 - - [08/Jun/2025:15:16:32 -0400] "GET /?c=1483864853646 HTTP/1.1" 200 19550 "-" "Mozilla/5.0 (Linux; Android 6.0.1; Nexus 5X Build/MMB29P) AppleWebKit/537.36 (KHTML, like Gecko) Chrome/136.0.7103.113 Mobile Safari/537.36 (compatible; Googlebot/2.1; +http://www.google.com/bot.html)"
104.152.222.128 - - [08/Jun/2025:15:17:12 -0400] "POST //api/index.php HTTP/1.1" 200 22 "-" "axios/1.7.4"
104.152.222.128 - - [08/Jun/2025:15:19:12 -0400] "POST //api/index.php HTTP/1.1" 200 22 "-" "axios/1.7.4"
66.249.70.142 - - [08/Jun/2025:15:19:25 -0400] "GET /?c=1464989393046 HTTP/1.1" 200 18956 "-" "Mozilla/5.0 (Linux; Android 6.0.1; Nexus 5X Build/MMB29P) AppleWebKit/537.36 (KHTML, like Gecko) Chrome/136.0.7103.113 Mobile Safari/537.36 (compatible; Googlebot/2.1; +http://www.google.com/bot.html)"
66.249.70.71 - - [08/Jun/2025:15:19:32 -0400] "GET /?c=1347644312346 HTTP/1.1" 200 18566 "-" "Mozilla/5.0 (Linux; Android 6.0.1; Nexus 5X Build/MMB29P) AppleWebKit/537.36 (KHTML, like Gecko) Chrome/136.0.7103.113 Mobile Safari/537.36 (compatible; Googlebot/2.1; +http://www.google.com/bot.html)"
162.0.217.222 - - [08/Jun/2025:15:20:03 -0400] "GET /cron3344/getimeiorders HTTP/1.1" 200 0 "-" "Wget/1.19.5 (linux-gnu)"
162.0.217.222 - - [08/Jun/2025:15:20:04 -0400] "GET /cron3344/sendimeiorders HTTP/1.1" 200 0 "-" "Wget/1.19.5 (linux-gnu)"
104.152.222.128 - - [08/Jun/2025:15:20:04 -0400] "POST //api/index.php HTTP/1.1" 200 22 "-" "Wget/1.19.5 (linux-gnu)"
40.69.212.175 - - [08/Jun/2025:15:20:19 -0400] "GET /01.php HTTP/1.1" 404 1190 "-" "-"
40.69.212.175 - - [08/Jun/2025:15:20:20 -0400] "GET /02.php HTTP/1.1" 404 1190 "-" "-"
40.69.212.175 - - [08/Jun/2025:15:20:20 -0400] "GET /0x.php HTTP/1.1" 404 1190 "-" "-"
40.69.212.175 - - [08/Jun/2025:15:20:21 -0400] "GET /1.php HTTP/1.1" 404 1190 "-" "-"
40.69.212.175 - - [08/Jun/2025:15:20:22 -0400] "GET /1.php7 HTTP/1.1" 404 1190 "-" "-"
40.69.212.175 - - [08/Jun/2025:15:20:22 -0400] "GET /100.php HTTP/1.1" 404 1190 "-" "-"
40.69.212.175 - - [08/Jun/2025:15:20:22 -0400] "GET /11index.php HTTP/1.1" 404 1190 "-" "-"
40.69.212.175 - - [08/Jun/2025:15:20:22 -0400] "GET /12.php HTTP/1.1" 404 1190 "-" "-"
40.69.212.175 - - [08/Jun/2025:15:20:23 -0400] "GET /123.php HTTP/1.1" 404 1190 "-" "-"
40.69.212.175 - - [08/Jun/2025:15:20:23 -0400] "GET /12wudscz.php HTTP/1.1" 404 1190 "-" "-"
40.69.212.175 - - [08/Jun/2025:15:20:23 -0400] "GET /13.php HTTP/1.1" 404 1190 "-" "-"
40.69.212.175 - - [08/Jun/2025:15:20:23 -0400] "GET /1xm.php HTTP/1.1" 404 1190 "-" "-"
40.69.212.175 - - [08/Jun/2025:15:20:24 -0400] "GET /2.php HTTP/1.1" 404 1190 "-" "-"
40.69.212.175 - - [08/Jun/2025:15:20:24 -0400] "GET /22.php HTTP/1.1" 404 1190 "-" "-"
40.69.212.175 - - [08/Jun/2025:15:20:24 -0400] "GET /24.php HTTP/1.1" 404 1190 "-" "-"
40.69.212.175 - - [08/Jun/2025:15:20:25 -0400] "GET /2index.php HTTP/1.1" 404 1190 "-" "-"
40.69.212.175 - - [08/Jun/2025:15:20:25 -0400] "GET /3index.php HTTP/1.1" 404 1190 "-" "-"
40.69.212.175 - - [08/Jun/2025:15:20:25 -0400] "GET /403.php HTTP/1.1" 404 1190 "-" "-"
40.69.212.175 - - [08/Jun/2025:15:20:25 -0400] "GET /404.php HTTP/1.1" 500 0 "-" "-"
40.69.212.175 - - [08/Jun/2025:15:20:25 -0400] "GET /4Oj8Ed6N1tu.php HTTP/1.1" 404 1190 "-" "-"
40.69.212.175 - - [08/Jun/2025:15:20:26 -0400] "GET /4Q.php HTTP/1.1" 404 1190 "-" "-"
40.69.212.175 - - [08/Jun/2025:15:20:26 -0400] "GET /6.php HTTP/1.1" 404 1190 "-" "-"
40.69.212.175 - - [08/Jun/2025:15:20:26 -0400] "GET /7.php HTTP/1.1" 404 1190 "-" "-"
40.69.212.175 - - [08/Jun/2025:15:20:26 -0400] "GET /WSO.php HTTP/1.1" 404 1190 "-" "-"
40.69.212.175 - - [08/Jun/2025:15:20:27 -0400] "GET /a.php HTTP/1.1" 404 1190 "-" "-"
40.69.212.175 - - [08/Jun/2025:15:20:27 -0400] "GET /aa.php HTTP/1.1" 404 1190 "-" "-"
40.69.212.175 - - [08/Jun/2025:15:20:27 -0400] "GET /aaa.php HTTP/1.1" 404 1190 "-" "-"
40.69.212.175 - - [08/Jun/2025:15:20:27 -0400] "GET /ab.php HTTP/1.1" 404 1190 "-" "-"
40.69.212.175 - - [08/Jun/2025:15:20:28 -0400] "GET /lock360.php HTTP/1.1" 404 1190 "-" "-"
40.69.212.175 - - [08/Jun/2025:15:20:28 -0400] "GET /anonse/lock360.php HTTP/1.1" 404 1190 "-" "-"
40.69.212.175 - - [08/Jun/2025:15:20:28 -0400] "GET /manager.php HTTP/1.1" 404 1190 "-" "-"
40.69.212.175 - - [08/Jun/2025:15:20:28 -0400] "GET /xmanager.php HTTP/1.1" 404 1190 "-" "-"
40.69.212.175 - - [08/Jun/2025:15:20:29 -0400] "GET /header-function.php HTTP/1.1" 404 1190 "-" "-"
40.69.212.175 - - [08/Jun/2025:15:20:29 -0400] "GET /wp-comments-post.php HTTP/1.1" 404 1190 "-" "-"
40.69.212.175 - - [08/Jun/2025:15:20:29 -0400] "GET /wp-*.php HTTP/1.1" 400 1194 "-" "-"
40.69.212.175 - - [08/Jun/2025:15:20:29 -0400] "GET /account.php HTTP/1.1" 404 1190 "-" "-"
40.69.212.175 - - [08/Jun/2025:15:20:30 -0400] "GET /defaults.php HTTP/1.1" 404 1190 "-" "-"
40.69.212.175 - - [08/Jun/2025:15:20:30 -0400] "GET /exetasi.php HTTP/1.1" 404 1190 "-" "-"
40.69.212.175 - - [08/Jun/2025:15:20:30 -0400] "GET /gecko-new.php HTTP/1.1" 404 1190 "-" "-"
40.69.212.175 - - [08/Jun/2025:15:20:31 -0400] "GET /hex.php HTTP/1.1" 404 1190 "-" "-"
40.69.212.175 - - [08/Jun/2025:15:20:31 -0400] "GET /index.php HTTP/1.1" 200 139962 "-" "-"
40.69.212.175 - - [08/Jun/2025:15:20:31 -0400] "GET /item.php HTTP/1.1" 404 1190 "-" "-"
40.69.212.175 - - [08/Jun/2025:15:20:32 -0400] "GET /iu.php HTTP/1.1" 404 1190 "-" "-"
40.69.212.175 - - [08/Jun/2025:15:20:32 -0400] "GET /kominfo.php HTTP/1.1" 404 1190 "-" "-"
40.69.212.175 - - [08/Jun/2025:15:20:32 -0400] "GET /nano.php HTTP/1.1" 404 1190 "-" "-"
40.69.212.175 - - [08/Jun/2025:15:20:32 -0400] "GET /search.php HTTP/1.1" 404 1190 "-" "-"
40.69.212.175 - - [08/Jun/2025:15:20:33 -0400] "GET /selonboy.php HTTP/1.1" 404 1190 "-" "-"
40.69.212.175 - - [08/Jun/2025:15:20:33 -0400] "GET /wp-activate.php HTTP/1.1" 404 1190 "-" "-"
40.69.212.175 - - [08/Jun/2025:15:20:33 -0400] "GET /wp-blog-header.php HTTP/1.1" 404 1190 "-" "-"
40.69.212.175 - - [08/Jun/2025:15:20:33 -0400] "GET /wp-blog.php HTTP/1.1" 404 1190 "-" "-"
40.69.212.175 - - [08/Jun/2025:15:20:34 -0400] "GET /wp-config-sample.php HTTP/1.1" 404 1190 "-" "-"
40.69.212.175 - - [08/Jun/2025:15:20:34 -0400] "GET /wp-config.php HTTP/1.1" 403 1242 "-" "-"
40.69.212.175 - - [08/Jun/2025:15:20:34 -0400] "GET /wp-cron.php HTTP/1.1" 404 1190 "-" "-"