66.249.70.70 - - [08/Jun/2025:13:55:21 -0400] "GET /?c=1583429380146 HTTP/1.1" 200 19249 "-" "Mozilla/5.0 (Linux; Android 6.0.1; Nexus 5X Build/MMB29P) AppleWebKit/537.36 (KHTML, like Gecko) Chrome/136.0.7103.113 Mobile Safari/537.36 (compatible; Googlebot/2.1; +http://www.google.com/bot.html)"
66.249.70.70 - - [08/Jun/2025:13:55:41 -0400] "GET /?c=1034373983546 HTTP/1.1" 200 19039 "-" "Mozilla/5.0 (Linux; Android 6.0.1; Nexus 5X Build/MMB29P) AppleWebKit/537.36 (KHTML, like Gecko) Chrome/136.0.7103.113 Mobile Safari/537.36 (compatible; Googlebot/2.1; +http://www.google.com/bot.html)"
66.249.70.70 - - [08/Jun/2025:13:55:54 -0400] "GET /?c=1042681932546 HTTP/1.1" 200 19350 "-" "Mozilla/5.0 (Linux; Android 6.0.1; Nexus 5X Build/MMB29P) AppleWebKit/537.36 (KHTML, like Gecko) Chrome/136.0.7103.113 Mobile Safari/537.36 (compatible; Googlebot/2.1; +http://www.google.com/bot.html)"
66.249.70.64 - - [08/Jun/2025:13:56:06 -0400] "GET /?c=1326414643146 HTTP/1.1" 200 19648 "-" "Mozilla/5.0 (Linux; Android 6.0.1; Nexus 5X Build/MMB29P) AppleWebKit/537.36 (KHTML, like Gecko) Chrome/136.0.7103.113 Mobile Safari/537.36 (compatible; Googlebot/2.1; +http://www.google.com/bot.html)"
66.249.70.70 - - [08/Jun/2025:13:56:17 -0400] "GET /?c=999023163246 HTTP/1.1" 200 18141 "-" "Mozilla/5.0 (Linux; Android 6.0.1; Nexus 5X Build/MMB29P) AppleWebKit/537.36 (KHTML, like Gecko) Chrome/136.0.7103.113 Mobile Safari/537.36 (compatible; Googlebot/2.1; +http://www.google.com/bot.html)"
66.249.70.70 - - [08/Jun/2025:13:56:18 -0400] "GET /?c=1433795262846 HTTP/1.1" 200 19532 "-" "Mozilla/5.0 (Linux; Android 6.0.1; Nexus 5X Build/MMB29P) AppleWebKit/537.36 (KHTML, like Gecko) Chrome/136.0.7103.113 Mobile Safari/537.36 (compatible; Googlebot/2.1; +http://www.google.com/bot.html)"
66.249.70.70 - - [08/Jun/2025:13:56:29 -0400] "GET /?c=1491639671646 HTTP/1.1" 200 18923 "-" "Mozilla/5.0 (Linux; Android 6.0.1; Nexus 5X Build/MMB29P) AppleWebKit/537.36 (KHTML, like Gecko) Chrome/136.0.7103.113 Mobile Safari/537.36 (compatible; Googlebot/2.1; +http://www.google.com/bot.html)"
66.249.70.70 - - [08/Jun/2025:13:56:41 -0400] "GET /?c=1564570951646 HTTP/1.1" 200 19481 "-" "Mozilla/5.0 (Linux; Android 6.0.1; Nexus 5X Build/MMB29P) AppleWebKit/537.36 (KHTML, like Gecko) Chrome/136.0.7103.113 Mobile Safari/537.36 (compatible; Googlebot/2.1; +http://www.google.com/bot.html)"
66.249.70.70 - - [08/Jun/2025:13:56:57 -0400] "GET /?c=1359073951746 HTTP/1.1" 200 19979 "-" "Mozilla/5.0 (Linux; Android 6.0.1; Nexus 5X Build/MMB29P) AppleWebKit/537.36 (KHTML, like Gecko) Chrome/136.0.7103.113 Mobile Safari/537.36 (compatible; Googlebot/2.1; +http://www.google.com/bot.html)"
66.249.70.70 - - [08/Jun/2025:13:57:07 -0400] "GET /?c=1572252051146 HTTP/1.1" 200 19151 "-" "Mozilla/5.0 (Linux; Android 6.0.1; Nexus 5X Build/MMB29P) AppleWebKit/537.36 (KHTML, like Gecko) Chrome/136.0.7103.113 Mobile Safari/537.36 (compatible; Googlebot/2.1; +http://www.google.com/bot.html)"
104.152.222.128 - - [08/Jun/2025:13:57:12 -0400] "POST //api/index.php HTTP/1.1" 200 22 "-" "axios/1.7.4"
66.249.70.70 - - [08/Jun/2025:13:57:20 -0400] "GET /?c=1578435712446 HTTP/1.1" 200 18671 "-" "Mozilla/5.0 (Linux; Android 6.0.1; Nexus 5X Build/MMB29P) AppleWebKit/537.36 (KHTML, like Gecko) Chrome/136.0.7103.113 Mobile Safari/537.36 (compatible; Googlebot/2.1; +http://www.google.com/bot.html)"
66.249.70.70 - - [08/Jun/2025:13:57:27 -0400] "GET /?c=1443673320646 HTTP/1.1" 200 20291 "-" "Mozilla/5.0 (Linux; Android 6.0.1; Nexus 5X Build/MMB29P) AppleWebKit/537.36 (KHTML, like Gecko) Chrome/136.0.7103.113 Mobile Safari/537.36 (compatible; Googlebot/2.1; +http://www.google.com/bot.html)"
66.249.70.70 - - [08/Jun/2025:13:57:34 -0400] "GET /?c=1457493400746 HTTP/1.1" 200 18331 "-" "Mozilla/5.0 (Linux; Android 6.0.1; Nexus 5X Build/MMB29P) AppleWebKit/537.36 (KHTML, like Gecko) Chrome/136.0.7103.113 Mobile Safari/537.36 (compatible; Googlebot/2.1; +http://www.google.com/bot.html)"
66.249.70.70 - - [08/Jun/2025:13:57:47 -0400] "GET /?c=1577988652646 HTTP/1.1" 200 19148 "-" "Mozilla/5.0 (Linux; Android 6.0.1; Nexus 5X Build/MMB29P) AppleWebKit/537.36 (KHTML, like Gecko) Chrome/136.0.7103.113 Mobile Safari/537.36 (compatible; Googlebot/2.1; +http://www.google.com/bot.html)"
66.249.70.70 - - [08/Jun/2025:13:58:00 -0400] "GET /?c=1429273291146 HTTP/1.1" 200 20253 "-" "Mozilla/5.0 (Linux; Android 6.0.1; Nexus 5X Build/MMB29P) AppleWebKit/537.36 (KHTML, like Gecko) Chrome/136.0.7103.113 Mobile Safari/537.36 (compatible; Googlebot/2.1; +http://www.google.com/bot.html)"
66.249.70.70 - - [08/Jun/2025:13:58:08 -0400] "GET /?c=1563702122746 HTTP/1.1" 200 19067 "-" "Mozilla/5.0 (Linux; Android 6.0.1; Nexus 5X Build/MMB29P) AppleWebKit/537.36 (KHTML, like Gecko) Chrome/136.0.7103.113 Mobile Safari/537.36 (compatible; Googlebot/2.1; +http://www.google.com/bot.html)"
66.249.70.70 - - [08/Jun/2025:13:58:12 -0400] "GET /?c=1438128061046 HTTP/1.1" 200 19971 "-" "Mozilla/5.0 (Linux; Android 6.0.1; Nexus 5X Build/MMB29P) AppleWebKit/537.36 (KHTML, like Gecko) Chrome/136.0.7103.113 Mobile Safari/537.36 (compatible; Googlebot/2.1; +http://www.google.com/bot.html)"
66.249.70.70 - - [08/Jun/2025:13:58:32 -0400] "GET /?c=1154505341246 HTTP/1.1" 200 19095 "-" "Mozilla/5.0 (Linux; Android 6.0.1; Nexus 5X Build/MMB29P) AppleWebKit/537.36 (KHTML, like Gecko) Chrome/136.0.7103.113 Mobile Safari/537.36 (compatible; Googlebot/2.1; +http://www.google.com/bot.html)"
66.249.70.70 - - [08/Jun/2025:13:58:46 -0400] "GET /?c=1453745760646 HTTP/1.1" 200 18651 "-" "Mozilla/5.0 (Linux; Android 6.0.1; Nexus 5X Build/MMB29P) AppleWebKit/537.36 (KHTML, like Gecko) Chrome/136.0.7103.113 Mobile Safari/537.36 (compatible; Googlebot/2.1; +http://www.google.com/bot.html)"
66.249.70.70 - - [08/Jun/2025:13:58:57 -0400] "GET /?c=1398799901846 HTTP/1.1" 200 19040 "-" "Mozilla/5.0 (Linux; Android 6.0.1; Nexus 5X Build/MMB29P) AppleWebKit/537.36 (KHTML, like Gecko) Chrome/136.0.7103.113 Mobile Safari/537.36 (compatible; Googlebot/2.1; +http://www.google.com/bot.html)"
66.249.70.71 - - [08/Jun/2025:13:59:09 -0400] "GET /?c=1537981261746 HTTP/1.1" 200 19447 "-" "Mozilla/5.0 (Linux; Android 6.0.1; Nexus 5X Build/MMB29P) AppleWebKit/537.36 (KHTML, like Gecko) Chrome/136.0.7103.113 Mobile Safari/537.36 (compatible; Googlebot/2.1; +http://www.google.com/bot.html)"
104.152.222.128 - - [08/Jun/2025:13:59:12 -0400] "POST //api/index.php HTTP/1.1" 200 22 "-" "axios/1.7.4"
66.249.70.70 - - [08/Jun/2025:13:59:22 -0400] "GET /?c=1426674783646 HTTP/1.1" 200 19778 "-" "Mozilla/5.0 (Linux; Android 6.0.1; Nexus 5X Build/MMB29P) AppleWebKit/537.36 (KHTML, like Gecko) Chrome/136.0.7103.113 Mobile Safari/537.36 (compatible; Googlebot/2.1; +http://www.google.com/bot.html)"
66.249.70.70 - - [08/Jun/2025:13:59:32 -0400] "GET /?c=1566319420446 HTTP/1.1" 200 18973 "-" "Mozilla/5.0 (Linux; Android 6.0.1; Nexus 5X Build/MMB29P) AppleWebKit/537.36 (KHTML, like Gecko) Chrome/136.0.7103.113 Mobile Safari/537.36 (compatible; Googlebot/2.1; +http://www.google.com/bot.html)"
66.249.70.70 - - [08/Jun/2025:13:59:57 -0400] "GET /?c=1157228913246 HTTP/1.1" 200 18805 "-" "Mozilla/5.0 (Linux; Android 6.0.1; Nexus 5X Build/MMB29P) AppleWebKit/537.36 (KHTML, like Gecko) Chrome/136.0.7103.113 Mobile Safari/537.36 (compatible; Googlebot/2.1; +http://www.google.com/bot.html)"
104.152.222.128 - - [08/Jun/2025:14:00:04 -0400] "POST //api/index.php HTTP/1.1" 200 22 "-" "Wget/1.19.5 (linux-gnu)"
162.0.217.222 - - [08/Jun/2025:14:00:05 -0400] "GET /cron3344/getimeiorders HTTP/1.1" 200 0 "-" "Wget/1.19.5 (linux-gnu)"
162.0.217.222 - - [08/Jun/2025:14:00:05 -0400] "GET /cron3344/sendimeiorders HTTP/1.1" 200 0 "-" "Wget/1.19.5 (linux-gnu)"
66.249.70.71 - - [08/Jun/2025:14:00:07 -0400] "GET /?c=1547624921946 HTTP/1.1" 200 19764 "-" "Mozilla/5.0 (Linux; Android 6.0.1; Nexus 5X Build/MMB29P) AppleWebKit/537.36 (KHTML, like Gecko) Chrome/136.0.7103.113 Mobile Safari/537.36 (compatible; Googlebot/2.1; +http://www.google.com/bot.html)"
52.221.239.251 - - [08/Jun/2025:14:00:09 -0400] "GET / HTTP/1.1" 200 139962 "-" "Mozilla/5.0 (Windows NT 10.0; Win64; x64) AppleWebKit/537.36 (KHTML, like Gecko) Chrome/78.0.3904.108 Safari/537.36"
52.221.239.251 - - [08/Jun/2025:14:00:10 -0400] "GET //wp-includes/wlwmanifest.xml HTTP/1.1" 200 269968 "-" "Mozilla/5.0 (Windows NT 10.0; Win64; x64) AppleWebKit/537.36 (KHTML, like Gecko) Chrome/78.0.3904.108 Safari/537.36"
52.221.239.251 - - [08/Jun/2025:14:00:13 -0400] "GET //xmlrpc.php?rsd HTTP/1.1" 404 1190 "-" "Mozilla/5.0 (Windows NT 10.0; Win64; x64) AppleWebKit/537.36 (KHTML, like Gecko) Chrome/78.0.3904.108 Safari/537.36"
52.221.239.251 - - [08/Jun/2025:14:00:13 -0400] "GET / HTTP/1.1" 200 139962 "-" "Mozilla/5.0 (Windows NT 10.0; Win64; x64) AppleWebKit/537.36 (KHTML, like Gecko) Chrome/78.0.3904.108 Safari/537.36"
52.221.239.251 - - [08/Jun/2025:14:00:14 -0400] "GET //blog/wp-includes/wlwmanifest.xml HTTP/1.1" 200 269969 "-" "Mozilla/5.0 (Windows NT 10.0; Win64; x64) AppleWebKit/537.36 (KHTML, like Gecko) Chrome/78.0.3904.108 Safari/537.36"
66.249.70.70 - - [08/Jun/2025:14:00:15 -0400] "GET /?c=1517609081546 HTTP/1.1" 200 19152 "-" "Mozilla/5.0 (Linux; Android 6.0.1; Nexus 5X Build/MMB29P) AppleWebKit/537.36 (KHTML, like Gecko) Chrome/136.0.7103.113 Mobile Safari/537.36 (compatible; Googlebot/2.1; +http://www.google.com/bot.html)"
52.221.239.251 - - [08/Jun/2025:14:00:16 -0400] "GET //web/wp-includes/wlwmanifest.xml HTTP/1.1" 200 269936 "-" "Mozilla/5.0 (Windows NT 10.0; Win64; x64) AppleWebKit/537.36 (KHTML, like Gecko) Chrome/78.0.3904.108 Safari/537.36"
52.221.239.251 - - [08/Jun/2025:14:00:18 -0400] "GET //wordpress/wp-includes/wlwmanifest.xml HTTP/1.1" 200 269948 "-" "Mozilla/5.0 (Windows NT 10.0; Win64; x64) AppleWebKit/537.36 (KHTML, like Gecko) Chrome/78.0.3904.108 Safari/537.36"
66.249.70.70 - - [08/Jun/2025:14:00:19 -0400] "GET /?c=1536762953946 HTTP/1.1" 200 19429 "-" "Mozilla/5.0 (Linux; Android 6.0.1; Nexus 5X Build/MMB29P) AppleWebKit/537.36 (KHTML, like Gecko) Chrome/136.0.7103.113 Mobile Safari/537.36 (compatible; Googlebot/2.1; +http://www.google.com/bot.html)"
52.221.239.251 - - [08/Jun/2025:14:00:20 -0400] "GET //website/wp-includes/wlwmanifest.xml HTTP/1.1" 200 269929 "-" "Mozilla/5.0 (Windows NT 10.0; Win64; x64) AppleWebKit/537.36 (KHTML, like Gecko) Chrome/78.0.3904.108 Safari/537.36"
52.221.239.251 - - [08/Jun/2025:14:00:22 -0400] "GET //wp/wp-includes/wlwmanifest.xml HTTP/1.1" 200 269939 "-" "Mozilla/5.0 (Windows NT 10.0; Win64; x64) AppleWebKit/537.36 (KHTML, like Gecko) Chrome/78.0.3904.108 Safari/537.36"
52.221.239.251 - - [08/Jun/2025:14:00:24 -0400] "GET //news/wp-includes/wlwmanifest.xml HTTP/1.1" 200 269958 "-" "Mozilla/5.0 (Windows NT 10.0; Win64; x64) AppleWebKit/537.36 (KHTML, like Gecko) Chrome/78.0.3904.108 Safari/537.36"
52.221.239.251 - - [08/Jun/2025:14:00:26 -0400] "GET //2018/wp-includes/wlwmanifest.xml HTTP/1.1" 200 269987 "-" "Mozilla/5.0 (Windows NT 10.0; Win64; x64) AppleWebKit/537.36 (KHTML, like Gecko) Chrome/78.0.3904.108 Safari/537.36"
52.221.239.251 - - [08/Jun/2025:14:00:27 -0400] "GET //2019/wp-includes/wlwmanifest.xml HTTP/1.1" 200 269964 "-" "Mozilla/5.0 (Windows NT 10.0; Win64; x64) AppleWebKit/537.36 (KHTML, like Gecko) Chrome/78.0.3904.108 Safari/537.36"
52.221.239.251 - - [08/Jun/2025:14:00:29 -0400] "GET //shop/wp-includes/wlwmanifest.xml HTTP/1.1" 200 269961 "-" "Mozilla/5.0 (Windows NT 10.0; Win64; x64) AppleWebKit/537.36 (KHTML, like Gecko) Chrome/78.0.3904.108 Safari/537.36"
52.221.239.251 - - [08/Jun/2025:14:00:31 -0400] "GET //wp1/wp-includes/wlwmanifest.xml HTTP/1.1" 200 269953 "-" "Mozilla/5.0 (Windows NT 10.0; Win64; x64) AppleWebKit/537.36 (KHTML, like Gecko) Chrome/78.0.3904.108 Safari/537.36"
66.249.70.70 - - [08/Jun/2025:14:00:32 -0400] "GET /?c=1527268393046 HTTP/1.1" 200 19076 "-" "Mozilla/5.0 (Linux; Android 6.0.1; Nexus 5X Build/MMB29P) AppleWebKit/537.36 (KHTML, like Gecko) Chrome/136.0.7103.113 Mobile Safari/537.36 (compatible; Googlebot/2.1; +http://www.google.com/bot.html)"
52.221.239.251 - - [08/Jun/2025:14:00:33 -0400] "GET //test/wp-includes/wlwmanifest.xml HTTP/1.1" 200 269960 "-" "Mozilla/5.0 (Windows NT 10.0; Win64; x64) AppleWebKit/537.36 (KHTML, like Gecko) Chrome/78.0.3904.108 Safari/537.36"
52.221.239.251 - - [08/Jun/2025:14:00:35 -0400] "GET //media/wp-includes/wlwmanifest.xml HTTP/1.1" 200 269950 "-" "Mozilla/5.0 (Windows NT 10.0; Win64; x64) AppleWebKit/537.36 (KHTML, like Gecko) Chrome/78.0.3904.108 Safari/537.36"
52.221.239.251 - - [08/Jun/2025:14:00:37 -0400] "GET //wp2/wp-includes/wlwmanifest.xml HTTP/1.1" 200 269992 "-" "Mozilla/5.0 (Windows NT 10.0; Win64; x64) AppleWebKit/537.36 (KHTML, like Gecko) Chrome/78.0.3904.108 Safari/537.36"
52.221.239.251 - - [08/Jun/2025:14:00:38 -0400] "GET //site/wp-includes/wlwmanifest.xml HTTP/1.1" 200 269940 "-" "Mozilla/5.0 (Windows NT 10.0; Win64; x64) AppleWebKit/537.36 (KHTML, like Gecko) Chrome/78.0.3904.108 Safari/537.36"
52.221.239.251 - - [08/Jun/2025:14:00:40 -0400] "GET //cms/wp-includes/wlwmanifest.xml HTTP/1.1" 200 269987 "-" "Mozilla/5.0 (Windows NT 10.0; Win64; x64) AppleWebKit/537.36 (KHTML, like Gecko) Chrome/78.0.3904.108 Safari/537.36"
66.249.70.70 - - [08/Jun/2025:14:00:42 -0400] "GET /?c=1325140303246 HTTP/1.1" 200 19666 "-" "Mozilla/5.0 (Linux; Android 6.0.1; Nexus 5X Build/MMB29P) AppleWebKit/537.36 (KHTML, like Gecko) Chrome/136.0.7103.113 Mobile Safari/537.36 (compatible; Googlebot/2.1; +http://www.google.com/bot.html)"
52.221.239.251 - - [08/Jun/2025:14:00:42 -0400] "GET //sito/wp-includes/wlwmanifest.xml HTTP/1.1" 200 269924 "-" "Mozilla/5.0 (Windows NT 10.0; Win64; x64) AppleWebKit/537.36 (KHTML, like Gecko) Chrome/78.0.3904.108 Safari/537.36"
66.249.70.70 - - [08/Jun/2025:14:00:52 -0400] "GET /?c=1587641483146 HTTP/1.1" 200 19189 "-" "Mozilla/5.0 (Linux; Android 6.0.1; Nexus 5X Build/MMB29P) AppleWebKit/537.36 (KHTML, like Gecko) Chrome/136.0.7103.113 Mobile Safari/537.36 (compatible; Googlebot/2.1; +http://www.google.com/bot.html)"
66.249.70.71 - - [08/Jun/2025:14:01:04 -0400] "GET /?c=1508329552846 HTTP/1.1" 200 18827 "-" "Mozilla/5.0 (Linux; Android 6.0.1; Nexus 5X Build/MMB29P) AppleWebKit/537.36 (KHTML, like Gecko) Chrome/136.0.7103.113 Mobile Safari/537.36 (compatible; Googlebot/2.1; +http://www.google.com/bot.html)"
104.152.222.128 - - [08/Jun/2025:14:01:12 -0400] "POST //api/index.php HTTP/1.1" 200 22 "-" "axios/1.7.4"
66.249.70.71 - - [08/Jun/2025:14:01:18 -0400] "GET /?c=1555114422146 HTTP/1.1" 200 19565 "-" "Mozilla/5.0 (Linux; Android 6.0.1; Nexus 5X Build/MMB29P) AppleWebKit/537.36 (KHTML, like Gecko) Chrome/136.0.7103.113 Mobile Safari/537.36 (compatible; Googlebot/2.1; +http://www.google.com/bot.html)"
66.249.70.70 - - [08/Jun/2025:14:01:28 -0400] "GET /?c=1285571873046 HTTP/1.1" 200 18797 "-" "Mozilla/5.0 (Linux; Android 6.0.1; Nexus 5X Build/MMB29P) AppleWebKit/537.36 (KHTML, like Gecko) Chrome/136.0.7103.113 Mobile Safari/537.36 (compatible; Googlebot/2.1; +http://www.google.com/bot.html)"
66.249.70.70 - - [08/Jun/2025:14:01:32 -0400] "GET /?c=1273763383446 HTTP/1.1" 200 18717 "-" "Mozilla/5.0 (Linux; Android 6.0.1; Nexus 5X Build/MMB29P) AppleWebKit/537.36 (KHTML, like Gecko) Chrome/136.0.7103.113 Mobile Safari/537.36 (compatible; Googlebot/2.1; +http://www.google.com/bot.html)"
66.249.70.70 - - [08/Jun/2025:14:01:46 -0400] "GET /?c=1554918362346 HTTP/1.1" 200 19645 "-" "Mozilla/5.0 (Linux; Android 6.0.1; Nexus 5X Build/MMB29P) AppleWebKit/537.36 (KHTML, like Gecko) Chrome/136.0.7103.113 Mobile Safari/537.36 (compatible; Googlebot/2.1; +http://www.google.com/bot.html)"
40.77.167.32 - - [08/Jun/2025:14:01:46 -0400] "GET /?c=1513720732546 HTTP/1.1" 200 20035 "-" "Mozilla/5.0 AppleWebKit/537.36 (KHTML, like Gecko; compatible; bingbot/2.0; +http://www.bing.com/bingbot.htm) Chrome/116.0.1938.76 Safari/537.36"
66.249.70.70 - - [08/Jun/2025:14:01:49 -0400] "GET /?c=1322687290346 HTTP/1.1" 200 19004 "-" "Mozilla/5.0 (Linux; Android 6.0.1; Nexus 5X Build/MMB29P) AppleWebKit/537.36 (KHTML, like Gecko) Chrome/136.0.7103.113 Mobile Safari/537.36 (compatible; Googlebot/2.1; +http://www.google.com/bot.html)"
66.249.70.64 - - [08/Jun/2025:14:02:03 -0400] "GET /?c=1314994983446 HTTP/1.1" 200 18486 "-" "Mozilla/5.0 (Linux; Android 6.0.1; Nexus 5X Build/MMB29P) AppleWebKit/537.36 (KHTML, like Gecko) Chrome/136.0.7103.113 Mobile Safari/537.36 (compatible; Googlebot/2.1; +http://www.google.com/bot.html)"
66.249.70.71 - - [08/Jun/2025:14:02:17 -0400] "GET /?c=1560303500346 HTTP/1.1" 200 20260 "-" "Mozilla/5.0 (Linux; Android 6.0.1; Nexus 5X Build/MMB29P) AppleWebKit/537.36 (KHTML, like Gecko) Chrome/136.0.7103.113 Mobile Safari/537.36 (compatible; Googlebot/2.1; +http://www.google.com/bot.html)"
66.249.70.70 - - [08/Jun/2025:14:02:29 -0400] "GET /?c=1437652732846 HTTP/1.1" 200 19534 "-" "Mozilla/5.0 (Linux; Android 6.0.1; Nexus 5X Build/MMB29P) AppleWebKit/537.36 (KHTML, like Gecko) Chrome/136.0.7103.113 Mobile Safari/537.36 (compatible; Googlebot/2.1; +http://www.google.com/bot.html)"
66.249.70.70 - - [08/Jun/2025:14:02:41 -0400] "GET /?c=1517664570846 HTTP/1.1" 200 19362 "-" "Mozilla/5.0 (Linux; Android 6.0.1; Nexus 5X Build/MMB29P) AppleWebKit/537.36 (KHTML, like Gecko) Chrome/136.0.7103.113 Mobile Safari/537.36 (compatible; Googlebot/2.1; +http://www.google.com/bot.html)"
66.249.70.70 - - [08/Jun/2025:14:02:51 -0400] "GET /?c=1521892273746 HTTP/1.1" 200 19360 "-" "Mozilla/5.0 (Linux; Android 6.0.1; Nexus 5X Build/MMB29P) AppleWebKit/537.36 (KHTML, like Gecko) Chrome/136.0.7103.113 Mobile Safari/537.36 (compatible; Googlebot/2.1; +http://www.google.com/bot.html)"
104.152.222.128 - - [08/Jun/2025:14:03:12 -0400] "POST //api/index.php HTTP/1.1" 200 22 "-" "axios/1.7.4"
66.249.70.64 - - [08/Jun/2025:14:03:57 -0400] "GET /?c=1368844234046 HTTP/1.1" 200 18896 "-" "Mozilla/5.0 (Linux; Android 6.0.1; Nexus 5X Build/MMB29P) AppleWebKit/537.36 (KHTML, like Gecko) Chrome/136.0.7103.113 Mobile Safari/537.36 (compatible; Googlebot/2.1; +http://www.google.com/bot.html)"
66.249.70.64 - - [08/Jun/2025:14:04:27 -0400] "GET /?c=1525856780146 HTTP/1.1" 200 19943 "-" "Mozilla/5.0 (Linux; Android 6.0.1; Nexus 5X Build/MMB29P) AppleWebKit/537.36 (KHTML, like Gecko) Chrome/136.0.7103.113 Mobile Safari/537.36 (compatible; Googlebot/2.1; +http://www.google.com/bot.html)"
104.152.222.128 - - [08/Jun/2025:14:05:04 -0400] "POST //api/index.php HTTP/1.1" 200 22 "-" "Wget/1.19.5 (linux-gnu)"
162.0.217.222 - - [08/Jun/2025:14:05:04 -0400] "GET /cron3344/sendimeiorders HTTP/1.1" 200 0 "-" "Wget/1.19.5 (linux-gnu)"
162.0.217.222 - - [08/Jun/2025:14:05:04 -0400] "GET /cron3344/getimeiorders HTTP/1.1" 200 0 "-" "Wget/1.19.5 (linux-gnu)"
104.152.222.128 - - [08/Jun/2025:14:05:12 -0400] "POST //api/index.php HTTP/1.1" 200 22 "-" "axios/1.7.4"
104.152.222.128 - - [08/Jun/2025:14:07:12 -0400] "POST //api/index.php HTTP/1.1" 200 22 "-" "axios/1.7.4"
66.249.70.64 - - [08/Jun/2025:14:08:10 -0400] "GET /?c=1480518834046 HTTP/1.1" 200 19667 "-" "Mozilla/5.0 (Linux; Android 6.0.1; Nexus 5X Build/MMB29P) AppleWebKit/537.36 (KHTML, like Gecko) Chrome/136.0.7103.113 Mobile Safari/537.36 (compatible; Googlebot/2.1; +http://www.google.com/bot.html)"
104.152.222.128 - - [08/Jun/2025:14:09:12 -0400] "POST //api/index.php HTTP/1.1" 200 22 "-" "axios/1.7.4"
162.0.217.222 - - [08/Jun/2025:14:10:03 -0400] "GET /cron3344/sendimeiorders HTTP/1.1" 200 0 "-" "Wget/1.19.5 (linux-gnu)"
162.0.217.222 - - [08/Jun/2025:14:10:03 -0400] "GET /cron3344/getimeiorders HTTP/1.1" 200 0 "-" "Wget/1.19.5 (linux-gnu)"
104.152.222.128 - - [08/Jun/2025:14:10:04 -0400] "POST //api/index.php HTTP/1.1" 200 22 "-" "Wget/1.19.5 (linux-gnu)"
66.249.70.70 - - [08/Jun/2025:14:10:07 -0400] "GET /?c=1494926123446 HTTP/1.1" 200 19146 "-" "Mozilla/5.0 (Linux; Android 6.0.1; Nexus 5X Build/MMB29P) AppleWebKit/537.36 (KHTML, like Gecko) Chrome/136.0.7103.113 Mobile Safari/537.36 (compatible; Googlebot/2.1; +http://www.google.com/bot.html)"
104.152.222.128 - - [08/Jun/2025:14:11:12 -0400] "POST //api/index.php HTTP/1.1" 200 22 "-" "axios/1.7.4"
66.249.70.71 - - [08/Jun/2025:14:12:23 -0400] "GET /?c=1539056580746 HTTP/1.1" 200 19315 "-" "Mozilla/5.0 (Linux; Android 6.0.1; Nexus 5X Build/MMB29P) AppleWebKit/537.36 (KHTML, like Gecko) Chrome/136.0.7103.113 Mobile Safari/537.36 (compatible; Googlebot/2.1; +http://www.google.com/bot.html)"
104.152.222.128 - - [08/Jun/2025:14:13:12 -0400] "POST //api/index.php HTTP/1.1" 200 22 "-" "axios/1.7.4"
162.0.217.222 - - [08/Jun/2025:14:15:04 -0400] "GET /cron3344/getimeiorders HTTP/1.1" 200 0 "-" "Wget/1.19.5 (linux-gnu)"
162.0.217.222 - - [08/Jun/2025:14:15:03 -0400] "GET /cron3344/sendimeiorders HTTP/1.1" 200 0 "-" "Wget/1.19.5 (linux-gnu)"
104.152.222.128 - - [08/Jun/2025:14:15:03 -0400] "POST //api/index.php HTTP/1.1" 200 22 "-" "Wget/1.19.5 (linux-gnu)"
104.152.222.128 - - [08/Jun/2025:14:15:12 -0400] "POST //api/index.php HTTP/1.1" 200 22 "-" "axios/1.7.4"
66.249.70.71 - - [08/Jun/2025:14:16:25 -0400] "GET /?c=1505031081446 HTTP/1.1" 200 18532 "-" "Mozilla/5.0 (Linux; Android 6.0.1; Nexus 5X Build/MMB29P) AppleWebKit/537.36 (KHTML, like Gecko) Chrome/136.0.7103.113 Mobile Safari/537.36 (compatible; Googlebot/2.1; +http://www.google.com/bot.html)"
104.152.222.128 - - [08/Jun/2025:14:17:12 -0400] "POST //api/index.php HTTP/1.1" 200 22 "-" "axios/1.7.4"
104.152.222.128 - - [08/Jun/2025:14:19:12 -0400] "POST //api/index.php HTTP/1.1" 200 22 "-" "axios/1.7.4"
162.0.217.222 - - [08/Jun/2025:14:20:03 -0400] "GET /cron3344/sendimeiorders HTTP/1.1" 200 0 "-" "Wget/1.19.5 (linux-gnu)"
162.0.217.222 - - [08/Jun/2025:14:20:03 -0400] "GET /cron3344/getimeiorders HTTP/1.1" 200 0 "-" "Wget/1.19.5 (linux-gnu)"
104.152.222.128 - - [08/Jun/2025:14:20:04 -0400] "POST //api/index.php HTTP/1.1" 200 22 "-" "Wget/1.19.5 (linux-gnu)"
104.152.222.128 - - [08/Jun/2025:14:21:12 -0400] "POST //api/index.php HTTP/1.1" 200 22 "-" "axios/1.7.4"
66.249.70.70 - - [08/Jun/2025:14:21:20 -0400] "GET /?c=1343337591646 HTTP/1.1" 200 19266 "-" "Mozilla/5.0 (Linux; Android 6.0.1; Nexus 5X Build/MMB29P) AppleWebKit/537.36 (KHTML, like Gecko) Chrome/136.0.7103.113 Mobile Safari/537.36 (compatible; Googlebot/2.1; +http://www.google.com/bot.html)"
104.152.222.128 - - [08/Jun/2025:14:23:12 -0400] "POST //api/index.php HTTP/1.1" 200 22 "-" "axios/1.7.4"
162.0.217.222 - - [08/Jun/2025:14:25:04 -0400] "GET /cron3344/sendimeiorders HTTP/1.1" 200 0 "-" "Wget/1.19.5 (linux-gnu)"
162.0.217.222 - - [08/Jun/2025:14:25:04 -0400] "GET /cron3344/getimeiorders HTTP/1.1" 200 0 "-" "Wget/1.19.5 (linux-gnu)"
104.152.222.128 - - [08/Jun/2025:14:25:04 -0400] "POST //api/index.php HTTP/1.1" 200 22 "-" "Wget/1.19.5 (linux-gnu)"
104.152.222.128 - - [08/Jun/2025:14:25:12 -0400] "POST //api/index.php HTTP/1.1" 200 22 "-" "axios/1.7.4"
104.152.222.128 - - [08/Jun/2025:14:27:12 -0400] "POST //api/index.php HTTP/1.1" 200 22 "-" "axios/1.7.4"
104.152.222.128 - - [08/Jun/2025:14:29:12 -0400] "POST //api/index.php HTTP/1.1" 200 22 "-" "axios/1.7.4"
66.249.70.64 - - [08/Jun/2025:14:29:15 -0400] "GET /?c=686049820946 HTTP/1.1" 200 19718 "-" "Mozilla/5.0 (Linux; Android 6.0.1; Nexus 5X Build/MMB29P) AppleWebKit/537.36 (KHTML, like Gecko) Chrome/136.0.7103.113 Mobile Safari/537.36 (compatible; Googlebot/2.1; +http://www.google.com/bot.html)"
104.152.222.128 - - [08/Jun/2025:14:30:04 -0400] "POST //api/index.php HTTP/1.1" 200 22 "-" "Wget/1.19.5 (linux-gnu)"
162.0.217.222 - - [08/Jun/2025:14:30:05 -0400] "GET /cron3344/getimeiorders HTTP/1.1" 200 0 "-" "Wget/1.19.5 (linux-gnu)"
162.0.217.222 - - [08/Jun/2025:14:30:06 -0400] "GET /cron3344/sendimeiorders HTTP/1.1" 200 0 "-" "Wget/1.19.5 (linux-gnu)"
34.48.71.159 - - [08/Jun/2025:14:31:06 -0400] "GET /media/system/js/core.js HTTP/1.1" 404 586 "http://slcodelab.com/media/system/js/core.js" "Mozilla/5.0 (Macintosh; Intel Mac OS X 10_10_1) AppleWebKit/537.36 (KHTML, like Gecko) Chrome/39.0.2171.95 Safari/537.36"
34.48.71.159 - - [08/Jun/2025:14:31:09 -0400] "GET /wp-includes/js/jquery/jquery.js HTTP/1.1" 404 586 "http://slcodelab.com/wp-includes/js/jquery/jquery.js" "Mozilla/5.0 (Macintosh; Intel Mac OS X 10_10_1) AppleWebKit/537.36 (KHTML, like Gecko) Chrome/39.0.2171.95 Safari/537.36"
104.152.222.128 - - [08/Jun/2025:14:31:12 -0400] "POST //api/index.php HTTP/1.1" 200 22 "-" "axios/1.7.4"
66.249.70.71 - - [08/Jun/2025:14:31:30 -0400] "GET /?c=1281140870846 HTTP/1.1" 200 19749 "-" "Mozilla/5.0 (Linux; Android 6.0.1; Nexus 5X Build/MMB29P) AppleWebKit/537.36 (KHTML, like Gecko) Chrome/136.0.7103.113 Mobile Safari/537.36 (compatible; Googlebot/2.1; +http://www.google.com/bot.html)"
66.249.70.70 - - [08/Jun/2025:14:31:47 -0400] "GET /?c=1470711013746 HTTP/1.1" 200 19373 "-" "Mozilla/5.0 (Linux; Android 6.0.1; Nexus 5X Build/MMB29P) AppleWebKit/537.36 (KHTML, like Gecko) Chrome/136.0.7103.113 Mobile Safari/537.36 (compatible; Googlebot/2.1; +http://www.google.com/bot.html)"
66.249.70.70 - - [08/Jun/2025:14:32:01 -0400] "GET /?c=1498690161746 HTTP/1.1" 200 19000 "-" "Mozilla/5.0 (Linux; Android 6.0.1; Nexus 5X Build/MMB29P) AppleWebKit/537.36 (KHTML, like Gecko) Chrome/136.0.7103.113 Mobile Safari/537.36 (compatible; Googlebot/2.1; +http://www.google.com/bot.html)"
66.249.70.70 - - [08/Jun/2025:14:32:15 -0400] "GET /?c=1501009330146 HTTP/1.1" 200 18553 "-" "Mozilla/5.0 (Linux; Android 6.0.1; Nexus 5X Build/MMB29P) AppleWebKit/537.36 (KHTML, like Gecko) Chrome/136.0.7103.113 Mobile Safari/537.36 (compatible; Googlebot/2.1; +http://www.google.com/bot.html)"
66.249.70.71 - - [08/Jun/2025:14:32:15 -0400] "GET /?c=1496853061446 HTTP/1.1" 200 18747 "-" "Mozilla/5.0 (Linux; Android 6.0.1; Nexus 5X Build/MMB29P) AppleWebKit/537.36 (KHTML, like Gecko) Chrome/136.0.7103.113 Mobile Safari/537.36 (compatible; Googlebot/2.1; +http://www.google.com/bot.html)"
66.249.70.70 - - [08/Jun/2025:14:32:26 -0400] "GET /?c=1420071272746 HTTP/1.1" 200 18950 "-" "Mozilla/5.0 (Linux; Android 6.0.1; Nexus 5X Build/MMB29P) AppleWebKit/537.36 (KHTML, like Gecko) Chrome/136.0.7103.113 Mobile Safari/537.36 (compatible; Googlebot/2.1; +http://www.google.com/bot.html)"
66.249.70.70 - - [08/Jun/2025:14:32:39 -0400] "GET /?c=1316838010746 HTTP/1.1" 200 19704 "-" "Mozilla/5.0 (Linux; Android 6.0.1; Nexus 5X Build/MMB29P) AppleWebKit/537.36 (KHTML, like Gecko) Chrome/136.0.7103.113 Mobile Safari/537.36 (compatible; Googlebot/2.1; +http://www.google.com/bot.html)"
66.249.70.70 - - [08/Jun/2025:14:32:49 -0400] "GET /?c=969508332246 HTTP/1.1" 200 19151 "-" "Mozilla/5.0 (Linux; Android 6.0.1; Nexus 5X Build/MMB29P) AppleWebKit/537.36 (KHTML, like Gecko) Chrome/136.0.7103.113 Mobile Safari/537.36 (compatible; Googlebot/2.1; +http://www.google.com/bot.html)"
66.249.70.71 - - [08/Jun/2025:14:33:08 -0400] "GET /?c=1315879641346 HTTP/1.1" 200 19735 "-" "Mozilla/5.0 (Linux; Android 6.0.1; Nexus 5X Build/MMB29P) AppleWebKit/537.36 (KHTML, like Gecko) Chrome/136.0.7103.113 Mobile Safari/537.36 (compatible; Googlebot/2.1; +http://www.google.com/bot.html)"
104.152.222.128 - - [08/Jun/2025:14:33:12 -0400] "POST //api/index.php HTTP/1.1" 200 22 "-" "axios/1.7.4"
66.249.70.71 - - [08/Jun/2025:14:33:17 -0400] "GET /?c=1339396653146 HTTP/1.1" 200 19082 "-" "Mozilla/5.0 (Linux; Android 6.0.1; Nexus 5X Build/MMB29P) AppleWebKit/537.36 (KHTML, like Gecko) Chrome/136.0.7103.113 Mobile Safari/537.36 (compatible; Googlebot/2.1; +http://www.google.com/bot.html)"
66.249.70.70 - - [08/Jun/2025:14:33:31 -0400] "GET /?c=1303200891146 HTTP/1.1" 200 19661 "-" "Mozilla/5.0 (Linux; Android 6.0.1; Nexus 5X Build/MMB29P) AppleWebKit/537.36 (KHTML, like Gecko) Chrome/136.0.7103.113 Mobile Safari/537.36 (compatible; Googlebot/2.1; +http://www.google.com/bot.html)"
66.249.70.70 - - [08/Jun/2025:14:33:48 -0400] "GET /?c=1544248421946 HTTP/1.1" 200 18944 "-" "Mozilla/5.0 (Linux; Android 6.0.1; Nexus 5X Build/MMB29P) AppleWebKit/537.36 (KHTML, like Gecko) Chrome/136.0.7103.113 Mobile Safari/537.36 (compatible; Googlebot/2.1; +http://www.google.com/bot.html)"
66.249.70.70 - - [08/Jun/2025:14:33:58 -0400] "GET /?c=1537354761946 HTTP/1.1" 200 19067 "-" "Mozilla/5.0 (Linux; Android 6.0.1; Nexus 5X Build/MMB29P) AppleWebKit/537.36 (KHTML, like Gecko) Chrome/136.0.7103.113 Mobile Safari/537.36 (compatible; Googlebot/2.1; +http://www.google.com/bot.html)"
66.249.70.71 - - [08/Jun/2025:14:34:13 -0400] "GET /?c=912748801746 HTTP/1.1" 200 19247 "-" "Mozilla/5.0 (Linux; Android 6.0.1; Nexus 5X Build/MMB29P) AppleWebKit/537.36 (KHTML, like Gecko) Chrome/136.0.7103.113 Mobile Safari/537.36 (compatible; Googlebot/2.1; +http://www.google.com/bot.html)"
66.249.70.70 - - [08/Jun/2025:14:34:27 -0400] "GET /?c=1013237382946 HTTP/1.1" 200 19679 "-" "Mozilla/5.0 (Linux; Android 6.0.1; Nexus 5X Build/MMB29P) AppleWebKit/537.36 (KHTML, like Gecko) Chrome/136.0.7103.113 Mobile Safari/537.36 (compatible; Googlebot/2.1; +http://www.google.com/bot.html)"
66.249.70.70 - - [08/Jun/2025:14:34:44 -0400] "GET /?c=1473884310346 HTTP/1.1" 200 19166 "-" "Mozilla/5.0 (Linux; Android 6.0.1; Nexus 5X Build/MMB29P) AppleWebKit/537.36 (KHTML, like Gecko) Chrome/136.0.7103.113 Mobile Safari/537.36 (compatible; Googlebot/2.1; +http://www.google.com/bot.html)"
66.249.70.70 - - [08/Jun/2025:14:34:55 -0400] "GET /?c=1459893512846 HTTP/1.1" 200 19821 "-" "Mozilla/5.0 (Linux; Android 6.0.1; Nexus 5X Build/MMB29P) AppleWebKit/537.36 (KHTML, like Gecko) Chrome/136.0.7103.113 Mobile Safari/537.36 (compatible; Googlebot/2.1; +http://www.google.com/bot.html)"
104.152.222.128 - - [08/Jun/2025:14:35:04 -0400] "POST //api/index.php HTTP/1.1" 200 22 "-" "Wget/1.19.5 (linux-gnu)"
162.0.217.222 - - [08/Jun/2025:14:35:04 -0400] "GET /cron3344/getimeiorders HTTP/1.1" 200 0 "-" "Wget/1.19.5 (linux-gnu)"
162.0.217.222 - - [08/Jun/2025:14:35:04 -0400] "GET /cron3344/sendimeiorders HTTP/1.1" 200 0 "-" "Wget/1.19.5 (linux-gnu)"
66.249.70.71 - - [08/Jun/2025:14:35:05 -0400] "GET /?c=1480429153246 HTTP/1.1" 200 19584 "-" "Mozilla/5.0 (Linux; Android 6.0.1; Nexus 5X Build/MMB29P) AppleWebKit/537.36 (KHTML, like Gecko) Chrome/136.0.7103.113 Mobile Safari/537.36 (compatible; Googlebot/2.1; +http://www.google.com/bot.html)"
104.152.222.128 - - [08/Jun/2025:14:35:14 -0400] "POST //api/index.php HTTP/1.1" 200 22 "-" "axios/1.7.4"
66.249.70.71 - - [08/Jun/2025:14:35:17 -0400] "GET /?c=1409343941746 HTTP/1.1" 200 19328 "-" "Mozilla/5.0 (Linux; Android 6.0.1; Nexus 5X Build/MMB29P) AppleWebKit/537.36 (KHTML, like Gecko) Chrome/136.0.7103.113 Mobile Safari/537.36 (compatible; Googlebot/2.1; +http://www.google.com/bot.html)"
66.249.70.70 - - [08/Jun/2025:14:35:31 -0400] "GET /?c=1291540071546 HTTP/1.1" 200 19127 "-" "Mozilla/5.0 (Linux; Android 6.0.1; Nexus 5X Build/MMB29P) AppleWebKit/537.36 (KHTML, like Gecko) Chrome/136.0.7103.113 Mobile Safari/537.36 (compatible; Googlebot/2.1; +http://www.google.com/bot.html)"
66.249.70.70 - - [08/Jun/2025:14:35:40 -0400] "GET /?c=1087638770546 HTTP/1.1" 200 19676 "-" "Mozilla/5.0 (Linux; Android 6.0.1; Nexus 5X Build/MMB29P) AppleWebKit/537.36 (KHTML, like Gecko) Chrome/136.0.7103.113 Mobile Safari/537.36 (compatible; Googlebot/2.1; +http://www.google.com/bot.html)"
66.249.70.70 - - [08/Jun/2025:14:35:53 -0400] "GET /?c=1462134233446 HTTP/1.1" 200 19412 "-" "Mozilla/5.0 (Linux; Android 6.0.1; Nexus 5X Build/MMB29P) AppleWebKit/537.36 (KHTML, like Gecko) Chrome/136.0.7103.113 Mobile Safari/537.36 (compatible; Googlebot/2.1; +http://www.google.com/bot.html)"
66.249.70.70 - - [08/Jun/2025:14:36:05 -0400] "GET /?c=1378141092246 HTTP/1.1" 200 18532 "-" "Mozilla/5.0 (Linux; Android 6.0.1; Nexus 5X Build/MMB29P) AppleWebKit/537.36 (KHTML, like Gecko) Chrome/136.0.7103.113 Mobile Safari/537.36 (compatible; Googlebot/2.1; +http://www.google.com/bot.html)"
66.249.70.70 - - [08/Jun/2025:14:36:15 -0400] "GET /?c=1337705443846 HTTP/1.1" 200 20189 "-" "Mozilla/5.0 (Linux; Android 6.0.1; Nexus 5X Build/MMB29P) AppleWebKit/537.36 (KHTML, like Gecko) Chrome/136.0.7103.113 Mobile Safari/537.36 (compatible; Googlebot/2.1; +http://www.google.com/bot.html)"
66.249.70.70 - - [08/Jun/2025:14:36:33 -0400] "GET /?c=1008964213146 HTTP/1.1" 200 19593 "-" "Mozilla/5.0 (Linux; Android 6.0.1; Nexus 5X Build/MMB29P) AppleWebKit/537.36 (KHTML, like Gecko) Chrome/136.0.7103.113 Mobile Safari/537.36 (compatible; Googlebot/2.1; +http://www.google.com/bot.html)"
66.249.70.70 - - [08/Jun/2025:14:36:36 -0400] "GET /?c=1376938501446 HTTP/1.1" 200 18351 "-" "Mozilla/5.0 (Linux; Android 6.0.1; Nexus 5X Build/MMB29P) AppleWebKit/537.36 (KHTML, like Gecko) Chrome/136.0.7103.113 Mobile Safari/537.36 (compatible; Googlebot/2.1; +http://www.google.com/bot.html)"
66.249.70.70 - - [08/Jun/2025:14:36:46 -0400] "GET /?c=1391049070546 HTTP/1.1" 200 20120 "-" "Mozilla/5.0 (Linux; Android 6.0.1; Nexus 5X Build/MMB29P) AppleWebKit/537.36 (KHTML, like Gecko) Chrome/136.0.7103.113 Mobile Safari/537.36 (compatible; Googlebot/2.1; +http://www.google.com/bot.html)"
66.249.70.64 - - [08/Jun/2025:14:37:00 -0400] "GET /?c=1543500013546 HTTP/1.1" 200 18577 "-" "Mozilla/5.0 (Linux; Android 6.0.1; Nexus 5X Build/MMB29P) AppleWebKit/537.36 (KHTML, like Gecko) Chrome/136.0.7103.113 Mobile Safari/537.36 (compatible; Googlebot/2.1; +http://www.google.com/bot.html)"
104.152.222.128 - - [08/Jun/2025:14:37:12 -0400] "POST //api/index.php HTTP/1.1" 200 22 "-" "axios/1.7.4"
66.249.70.71 - - [08/Jun/2025:14:37:13 -0400] "GET /?c=1313126391646 HTTP/1.1" 200 19438 "-" "Mozilla/5.0 (Linux; Android 6.0.1; Nexus 5X Build/MMB29P) AppleWebKit/537.36 (KHTML, like Gecko) Chrome/136.0.7103.113 Mobile Safari/537.36 (compatible; Googlebot/2.1; +http://www.google.com/bot.html)"
66.249.70.70 - - [08/Jun/2025:14:37:22 -0400] "GET /?c=1473446300646 HTTP/1.1" 200 19263 "-" "Mozilla/5.0 (Linux; Android 6.0.1; Nexus 5X Build/MMB29P) AppleWebKit/537.36 (KHTML, like Gecko) Chrome/136.0.7103.113 Mobile Safari/537.36 (compatible; Googlebot/2.1; +http://www.google.com/bot.html)"
66.249.70.70 - - [08/Jun/2025:14:37:36 -0400] "GET /?c=1517091782946 HTTP/1.1" 200 18763 "-" "Mozilla/5.0 (Linux; Android 6.0.1; Nexus 5X Build/MMB29P) AppleWebKit/537.36 (KHTML, like Gecko) Chrome/136.0.7103.113 Mobile Safari/537.36 (compatible; Googlebot/2.1; +http://www.google.com/bot.html)"
66.249.70.70 - - [08/Jun/2025:14:37:48 -0400] "GET /?c=1411130873646 HTTP/1.1" 200 19485 "-" "Mozilla/5.0 (Linux; Android 6.0.1; Nexus 5X Build/MMB29P) AppleWebKit/537.36 (KHTML, like Gecko) Chrome/136.0.7103.113 Mobile Safari/537.36 (compatible; Googlebot/2.1; +http://www.google.com/bot.html)"
66.249.70.70 - - [08/Jun/2025:14:38:05 -0400] "GET /?c=1474652493846 HTTP/1.1" 200 20251 "-" "Mozilla/5.0 (Linux; Android 6.0.1; Nexus 5X Build/MMB29P) AppleWebKit/537.36 (KHTML, like Gecko) Chrome/136.0.7103.113 Mobile Safari/537.36 (compatible; Googlebot/2.1; +http://www.google.com/bot.html)"
66.249.70.71 - - [08/Jun/2025:14:38:19 -0400] "GET /?c=1521448683046 HTTP/1.1" 200 19000 "-" "Mozilla/5.0 (Linux; Android 6.0.1; Nexus 5X Build/MMB29P) AppleWebKit/537.36 (KHTML, like Gecko) Chrome/136.0.7103.113 Mobile Safari/537.36 (compatible; Googlebot/2.1; +http://www.google.com/bot.html)"
66.249.70.70 - - [08/Jun/2025:14:38:28 -0400] "GET /?c=1349665980346 HTTP/1.1" 200 19531 "-" "Mozilla/5.0 (Linux; Android 6.0.1; Nexus 5X Build/MMB29P) AppleWebKit/537.36 (KHTML, like Gecko) Chrome/136.0.7103.113 Mobile Safari/537.36 (compatible; Googlebot/2.1; +http://www.google.com/bot.html)"
66.249.70.70 - - [08/Jun/2025:14:38:42 -0400] "GET /?c=1143832550946 HTTP/1.1" 200 19192 "-" "Mozilla/5.0 (Linux; Android 6.0.1; Nexus 5X Build/MMB29P) AppleWebKit/537.36 (KHTML, like Gecko) Chrome/136.0.7103.113 Mobile Safari/537.36 (compatible; Googlebot/2.1; +http://www.google.com/bot.html)"
66.249.70.70 - - [08/Jun/2025:14:38:54 -0400] "GET /?c=1028205971546 HTTP/1.1" 200 18889 "-" "Mozilla/5.0 (Linux; Android 6.0.1; Nexus 5X Build/MMB29P) AppleWebKit/537.36 (KHTML, like Gecko) Chrome/136.0.7103.113 Mobile Safari/537.36 (compatible; Googlebot/2.1; +http://www.google.com/bot.html)"
66.249.70.70 - - [08/Jun/2025:14:39:04 -0400] "GET /?c=1413700480546 HTTP/1.1" 200 18704 "-" "Mozilla/5.0 (Linux; Android 6.0.1; Nexus 5X Build/MMB29P) AppleWebKit/537.36 (KHTML, like Gecko) Chrome/136.0.7103.113 Mobile Safari/537.36 (compatible; Googlebot/2.1; +http://www.google.com/bot.html)"
104.152.222.128 - - [08/Jun/2025:14:39:12 -0400] "POST //api/index.php HTTP/1.1" 200 22 "-" "axios/1.7.4"
66.249.70.70 - - [08/Jun/2025:14:39:15 -0400] "GET /?c=1576784820146 HTTP/1.1" 200 19446 "-" "Mozilla/5.0 (Linux; Android 6.0.1; Nexus 5X Build/MMB29P) AppleWebKit/537.36 (KHTML, like Gecko) Chrome/136.0.7103.113 Mobile Safari/537.36 (compatible; Googlebot/2.1; +http://www.google.com/bot.html)"
66.249.70.70 - - [08/Jun/2025:14:39:28 -0400] "GET /?c=1528498244046 HTTP/1.1" 200 19498 "-" "Mozilla/5.0 (Linux; Android 6.0.1; Nexus 5X Build/MMB29P) AppleWebKit/537.36 (KHTML, like Gecko) Chrome/136.0.7103.113 Mobile Safari/537.36 (compatible; Googlebot/2.1; +http://www.google.com/bot.html)"
66.249.70.70 - - [08/Jun/2025:14:39:47 -0400] "GET /?c=1275303092146 HTTP/1.1" 200 19595 "-" "Mozilla/5.0 (Linux; Android 6.0.1; Nexus 5X Build/MMB29P) AppleWebKit/537.36 (KHTML, like Gecko) Chrome/136.0.7103.113 Mobile Safari/537.36 (compatible; Googlebot/2.1; +http://www.google.com/bot.html)"
66.249.70.70 - - [08/Jun/2025:14:39:58 -0400] "GET /?c=1483312240446 HTTP/1.1" 200 18408 "-" "Mozilla/5.0 (Linux; Android 6.0.1; Nexus 5X Build/MMB29P) AppleWebKit/537.36 (KHTML, like Gecko) Chrome/136.0.7103.113 Mobile Safari/537.36 (compatible; Googlebot/2.1; +http://www.google.com/bot.html)"
104.152.222.128 - - [08/Jun/2025:14:40:03 -0400] "POST //api/index.php HTTP/1.1" 200 22 "-" "Wget/1.19.5 (linux-gnu)"
162.0.217.222 - - [08/Jun/2025:14:40:04 -0400] "GET /cron3344/sendimeiorders HTTP/1.1" 200 0 "-" "Wget/1.19.5 (linux-gnu)"
162.0.217.222 - - [08/Jun/2025:14:40:04 -0400] "GET /cron3344/getimeiorders HTTP/1.1" 200 0 "-" "Wget/1.19.5 (linux-gnu)"
66.249.70.71 - - [08/Jun/2025:14:40:08 -0400] "GET /?c=680720592846 HTTP/1.1" 200 19977 "-" "Mozilla/5.0 (Linux; Android 6.0.1; Nexus 5X Build/MMB29P) AppleWebKit/537.36 (KHTML, like Gecko) Chrome/136.0.7103.113 Mobile Safari/537.36 (compatible; Googlebot/2.1; +http://www.google.com/bot.html)"
66.249.70.71 - - [08/Jun/2025:14:40:22 -0400] "GET /?c=1366945670646 HTTP/1.1" 200 19296 "-" "Mozilla/5.0 (Linux; Android 6.0.1; Nexus 5X Build/MMB29P) AppleWebKit/537.36 (KHTML, like Gecko) Chrome/136.0.7103.113 Mobile Safari/537.36 (compatible; Googlebot/2.1; +http://www.google.com/bot.html)"
66.249.70.70 - - [08/Jun/2025:14:40:44 -0400] "GET /?c=1346213382446 HTTP/1.1" 200 19395 "-" "Mozilla/5.0 (Linux; Android 6.0.1; Nexus 5X Build/MMB29P) AppleWebKit/537.36 (KHTML, like Gecko) Chrome/136.0.7103.113 Mobile Safari/537.36 (compatible; Googlebot/2.1; +http://www.google.com/bot.html)"
66.249.70.70 - - [08/Jun/2025:14:41:02 -0400] "GET /?c=1533003173946 HTTP/1.1" 200 19618 "-" "Mozilla/5.0 (Linux; Android 6.0.1; Nexus 5X Build/MMB29P) AppleWebKit/537.36 (KHTML, like Gecko) Chrome/136.0.7103.113 Mobile Safari/537.36 (compatible; Googlebot/2.1; +http://www.google.com/bot.html)"
104.152.222.128 - - [08/Jun/2025:14:41:12 -0400] "POST //api/index.php HTTP/1.1" 200 22 "-" "axios/1.7.4"
66.249.70.71 - - [08/Jun/2025:14:41:15 -0400] "GET /?c=1363746530746 HTTP/1.1" 200 19150 "-" "Mozilla/5.0 (Linux; Android 6.0.1; Nexus 5X Build/MMB29P) AppleWebKit/537.36 (KHTML, like Gecko) Chrome/136.0.7103.113 Mobile Safari/537.36 (compatible; Googlebot/2.1; +http://www.google.com/bot.html)"
66.249.70.70 - - [08/Jun/2025:14:41:25 -0400] "GET /?c=1477716250246 HTTP/1.1" 200 20135 "-" "Mozilla/5.0 (Linux; Android 6.0.1; Nexus 5X Build/MMB29P) AppleWebKit/537.36 (KHTML, like Gecko) Chrome/136.0.7103.113 Mobile Safari/537.36 (compatible; Googlebot/2.1; +http://www.google.com/bot.html)"
66.249.70.70 - - [08/Jun/2025:14:41:29 -0400] "GET /?c=860116603046 HTTP/1.1" 200 18475 "-" "Mozilla/5.0 (Linux; Android 6.0.1; Nexus 5X Build/MMB29P) AppleWebKit/537.36 (KHTML, like Gecko) Chrome/136.0.7103.113 Mobile Safari/537.36 (compatible; Googlebot/2.1; +http://www.google.com/bot.html)"
66.249.70.70 - - [08/Jun/2025:14:41:41 -0400] "GET /?c=1466238140546 HTTP/1.1" 200 19516 "-" "Mozilla/5.0 (Linux; Android 6.0.1; Nexus 5X Build/MMB29P) AppleWebKit/537.36 (KHTML, like Gecko) Chrome/136.0.7103.113 Mobile Safari/537.36 (compatible; Googlebot/2.1; +http://www.google.com/bot.html)"
66.249.70.70 - - [08/Jun/2025:14:41:52 -0400] "GET /?c=1060854733946 HTTP/1.1" 200 20070 "-" "Mozilla/5.0 (Linux; Android 6.0.1; Nexus 5X Build/MMB29P) AppleWebKit/537.36 (KHTML, like Gecko) Chrome/136.0.7103.113 Mobile Safari/537.36 (compatible; Googlebot/2.1; +http://www.google.com/bot.html)"
66.249.70.70 - - [08/Jun/2025:14:42:09 -0400] "GET /?c=1349661983746 HTTP/1.1" 200 19022 "-" "Mozilla/5.0 (Linux; Android 6.0.1; Nexus 5X Build/MMB29P) AppleWebKit/537.36 (KHTML, like Gecko) Chrome/136.0.7103.113 Mobile Safari/537.36 (compatible; Googlebot/2.1; +http://www.google.com/bot.html)"
66.249.70.71 - - [08/Jun/2025:14:42:22 -0400] "GET /?c=1340160261646 HTTP/1.1" 200 19642 "-" "Mozilla/5.0 (Linux; Android 6.0.1; Nexus 5X Build/MMB29P) AppleWebKit/537.36 (KHTML, like Gecko) Chrome/136.0.7103.113 Mobile Safari/537.36 (compatible; Googlebot/2.1; +http://www.google.com/bot.html)"
66.249.70.70 - - [08/Jun/2025:14:42:33 -0400] "GET /?c=1423197713746 HTTP/1.1" 200 19721 "-" "Mozilla/5.0 (Linux; Android 6.0.1; Nexus 5X Build/MMB29P) AppleWebKit/537.36 (KHTML, like Gecko) Chrome/136.0.7103.113 Mobile Safari/537.36 (compatible; Googlebot/2.1; +http://www.google.com/bot.html)"
66.249.70.70 - - [08/Jun/2025:14:42:47 -0400] "GET /?c=1547850441246 HTTP/1.1" 200 19449 "-" "Mozilla/5.0 (Linux; Android 6.0.1; Nexus 5X Build/MMB29P) AppleWebKit/537.36 (KHTML, like Gecko) Chrome/136.0.7103.113 Mobile Safari/537.36 (compatible; Googlebot/2.1; +http://www.google.com/bot.html)"
66.249.70.70 - - [08/Jun/2025:14:42:56 -0400] "GET /?c=1492213482246 HTTP/1.1" 200 19783 "-" "Mozilla/5.0 (Linux; Android 6.0.1; Nexus 5X Build/MMB29P) AppleWebKit/537.36 (KHTML, like Gecko) Chrome/136.0.7103.113 Mobile Safari/537.36 (compatible; Googlebot/2.1; +http://www.google.com/bot.html)"
104.152.222.128 - - [08/Jun/2025:14:43:12 -0400] "POST //api/index.php HTTP/1.1" 200 22 "-" "axios/1.7.4"
66.249.70.70 - - [08/Jun/2025:14:43:12 -0400] "GET /?c=1584337660346 HTTP/1.1" 200 19404 "-" "Mozilla/5.0 (Linux; Android 6.0.1; Nexus 5X Build/MMB29P) AppleWebKit/537.36 (KHTML, like Gecko) Chrome/136.0.7103.113 Mobile Safari/537.36 (compatible; Googlebot/2.1; +http://www.google.com/bot.html)"
66.249.70.70 - - [08/Jun/2025:14:43:22 -0400] "GET /?c=1493322291546 HTTP/1.1" 200 19446 "-" "Mozilla/5.0 (Linux; Android 6.0.1; Nexus 5X Build/MMB29P) AppleWebKit/537.36 (KHTML, like Gecko) Chrome/136.0.7103.113 Mobile Safari/537.36 (compatible; Googlebot/2.1; +http://www.google.com/bot.html)"
66.249.70.70 - - [08/Jun/2025:14:43:35 -0400] "GET /?c=1126957150646 HTTP/1.1" 200 19642 "-" "Mozilla/5.0 (Linux; Android 6.0.1; Nexus 5X Build/MMB29P) AppleWebKit/537.36 (KHTML, like Gecko) Chrome/136.0.7103.113 Mobile Safari/537.36 (compatible; Googlebot/2.1; +http://www.google.com/bot.html)"
66.249.70.70 - - [08/Jun/2025:14:43:48 -0400] "GET /?c=3500740346 HTTP/1.1" 200 19538 "-" "Mozilla/5.0 (Linux; Android 6.0.1; Nexus 5X Build/MMB29P) AppleWebKit/537.36 (KHTML, like Gecko) Chrome/136.0.7103.113 Mobile Safari/537.36 (compatible; Googlebot/2.1; +http://www.google.com/bot.html)"
66.249.70.70 - - [08/Jun/2025:14:43:57 -0400] "GET /?c=1440837813446 HTTP/1.1" 200 18605 "-" "Mozilla/5.0 (Linux; Android 6.0.1; Nexus 5X Build/MMB29P) AppleWebKit/537.36 (KHTML, like Gecko) Chrome/136.0.7103.113 Mobile Safari/537.36 (compatible; Googlebot/2.1; +http://www.google.com/bot.html)"
66.249.70.70 - - [08/Jun/2025:14:43:58 -0400] "GET /?c=1483589470646 HTTP/1.1" 200 19688 "-" "Mozilla/5.0 (Linux; Android 6.0.1; Nexus 5X Build/MMB29P) AppleWebKit/537.36 (KHTML, like Gecko) Chrome/136.0.7103.113 Mobile Safari/537.36 (compatible; Googlebot/2.1; +http://www.google.com/bot.html)"
66.249.70.70 - - [08/Jun/2025:14:44:17 -0400] "GET /?c=1534434960446 HTTP/1.1" 200 19587 "-" "Mozilla/5.0 (Linux; Android 6.0.1; Nexus 5X Build/MMB29P) AppleWebKit/537.36 (KHTML, like Gecko) Chrome/136.0.7103.113 Mobile Safari/537.36 (compatible; Googlebot/2.1; +http://www.google.com/bot.html)"
66.249.70.71 - - [08/Jun/2025:14:44:27 -0400] "GET /?c=1325096301846 HTTP/1.1" 200 19933 "-" "Mozilla/5.0 (Linux; Android 6.0.1; Nexus 5X Build/MMB29P) AppleWebKit/537.36 (KHTML, like Gecko) Chrome/136.0.7103.113 Mobile Safari/537.36 (compatible; Googlebot/2.1; +http://www.google.com/bot.html)"
66.249.70.70 - - [08/Jun/2025:14:44:41 -0400] "GET /?c=1335097991546 HTTP/1.1" 200 20079 "-" "Mozilla/5.0 (Linux; Android 6.0.1; Nexus 5X Build/MMB29P) AppleWebKit/537.36 (KHTML, like Gecko) Chrome/136.0.7103.113 Mobile Safari/537.36 (compatible; Googlebot/2.1; +http://www.google.com/bot.html)"
66.249.70.70 - - [08/Jun/2025:14:44:58 -0400] "GET /?c=1380016172846 HTTP/1.1" 200 19372 "-" "Mozilla/5.0 (Linux; Android 6.0.1; Nexus 5X Build/MMB29P) AppleWebKit/537.36 (KHTML, like Gecko) Chrome/136.0.7103.113 Mobile Safari/537.36 (compatible; Googlebot/2.1; +http://www.google.com/bot.html)"
104.152.222.128 - - [08/Jun/2025:14:45:04 -0400] "POST //api/index.php HTTP/1.1" 200 22 "-" "Wget/1.19.5 (linux-gnu)"
162.0.217.222 - - [08/Jun/2025:14:45:05 -0400] "GET /cron3344/sendimeiorders HTTP/1.1" 200 0 "-" "Wget/1.19.5 (linux-gnu)"
162.0.217.222 - - [08/Jun/2025:14:45:05 -0400] "GET /cron3344/getimeiorders HTTP/1.1" 200 0 "-" "Wget/1.19.5 (linux-gnu)"
66.249.70.64 - - [08/Jun/2025:14:45:11 -0400] "GET /?c=1433395404046 HTTP/1.1" 200 19131 "-" "Mozilla/5.0 (Linux; Android 6.0.1; Nexus 5X Build/MMB29P) AppleWebKit/537.36 (KHTML, like Gecko) Chrome/136.0.7103.113 Mobile Safari/537.36 (compatible; Googlebot/2.1; +http://www.google.com/bot.html)"
104.152.222.128 - - [08/Jun/2025:14:45:12 -0400] "POST //api/index.php HTTP/1.1" 200 22 "-" "axios/1.7.4"
52.3.104.214 - - [08/Jun/2025:14:45:13 -0400] "GET /home/order?serviceId=7 HTTP/1.1" 200 17250 "-" "Mozilla/5.0 AppleWebKit/537.36 (KHTML, like Gecko; compatible; Amazonbot/0.1; +https://developer.amazon.com/support/amazonbot) Chrome/119.0.6045.214 Safari/537.36"
66.249.70.71 - - [08/Jun/2025:14:45:20 -0400] "GET /?c=1116102461546 HTTP/1.1" 200 19444 "-" "Mozilla/5.0 (Linux; Android 6.0.1; Nexus 5X Build/MMB29P) AppleWebKit/537.36 (KHTML, like Gecko) Chrome/136.0.7103.113 Mobile Safari/537.36 (compatible; Googlebot/2.1; +http://www.google.com/bot.html)"
66.249.70.70 - - [08/Jun/2025:14:45:35 -0400] "GET /?c=1373368442346 HTTP/1.1" 200 18965 "-" "Mozilla/5.0 (Linux; Android 6.0.1; Nexus 5X Build/MMB29P) AppleWebKit/537.36 (KHTML, like Gecko) Chrome/136.0.7103.113 Mobile Safari/537.36 (compatible; Googlebot/2.1; +http://www.google.com/bot.html)"
66.249.70.70 - - [08/Jun/2025:14:45:45 -0400] "GET /?c=972081322546 HTTP/1.1" 200 19197 "-" "Mozilla/5.0 (Linux; Android 6.0.1; Nexus 5X Build/MMB29P) AppleWebKit/537.36 (KHTML, like Gecko) Chrome/136.0.7103.113 Mobile Safari/537.36 (compatible; Googlebot/2.1; +http://www.google.com/bot.html)"
66.249.70.70 - - [08/Jun/2025:14:45:54 -0400] "GET /?c=1345510403346 HTTP/1.1" 200 18949 "-" "Mozilla/5.0 (Linux; Android 6.0.1; Nexus 5X Build/MMB29P) AppleWebKit/537.36 (KHTML, like Gecko) Chrome/136.0.7103.113 Mobile Safari/537.36 (compatible; Googlebot/2.1; +http://www.google.com/bot.html)"
66.249.70.71 - - [08/Jun/2025:14:46:56 -0400] "GET /?c=1361398802346 HTTP/1.1" 200 20071 "-" "Mozilla/5.0 (Linux; Android 6.0.1; Nexus 5X Build/MMB29P) AppleWebKit/537.36 (KHTML, like Gecko) Chrome/136.0.7103.113 Mobile Safari/537.36 (compatible; Googlebot/2.1; +http://www.google.com/bot.html)"
66.249.70.64 - - [08/Jun/2025:14:47:06 -0400] "GET /?c=1294463023446 HTTP/1.1" 200 19579 "-" "Mozilla/5.0 (Linux; Android 6.0.1; Nexus 5X Build/MMB29P) AppleWebKit/537.36 (KHTML, like Gecko) Chrome/136.0.7103.113 Mobile Safari/537.36 (compatible; Googlebot/2.1; +http://www.google.com/bot.html)"
104.152.222.128 - - [08/Jun/2025:14:47:16 -0400] "POST //api/index.php HTTP/1.1" 200 22 "-" "axios/1.7.4"
66.249.70.70 - - [08/Jun/2025:14:47:22 -0400] "GET /?c=1534699480346 HTTP/1.1" 200 19271 "-" "Mozilla/5.0 (Linux; Android 6.0.1; Nexus 5X Build/MMB29P) AppleWebKit/537.36 (KHTML, like Gecko) Chrome/136.0.7103.113 Mobile Safari/537.36 (compatible; Googlebot/2.1; +http://www.google.com/bot.html)"
66.249.70.70 - - [08/Jun/2025:14:47:26 -0400] "GET /?c=1382461173946 HTTP/1.1" 200 19720 "-" "Mozilla/5.0 (Linux; Android 6.0.1; Nexus 5X Build/MMB29P) AppleWebKit/537.36 (KHTML, like Gecko) Chrome/136.0.7103.113 Mobile Safari/537.36 (compatible; Googlebot/2.1; +http://www.google.com/bot.html)"
66.249.70.70 - - [08/Jun/2025:14:47:37 -0400] "GET /?c=917173290446 HTTP/1.1" 200 18705 "-" "Mozilla/5.0 (Linux; Android 6.0.1; Nexus 5X Build/MMB29P) AppleWebKit/537.36 (KHTML, like Gecko) Chrome/136.0.7103.113 Mobile Safari/537.36 (compatible; Googlebot/2.1; +http://www.google.com/bot.html)"
66.249.70.70 - - [08/Jun/2025:14:47:51 -0400] "GET /?c=1042444091746 HTTP/1.1" 200 19636 "-" "Mozilla/5.0 (Linux; Android 6.0.1; Nexus 5X Build/MMB29P) AppleWebKit/537.36 (KHTML, like Gecko) Chrome/136.0.7103.113 Mobile Safari/537.36 (compatible; Googlebot/2.1; +http://www.google.com/bot.html)"
66.249.70.70 - - [08/Jun/2025:14:47:58 -0400] "GET /?c=1405653052746 HTTP/1.1" 200 19350 "-" "Mozilla/5.0 (Linux; Android 6.0.1; Nexus 5X Build/MMB29P) AppleWebKit/537.36 (KHTML, like Gecko) Chrome/136.0.7103.113 Mobile Safari/537.36 (compatible; Googlebot/2.1; +http://www.google.com/bot.html)"
66.249.70.70 - - [08/Jun/2025:14:47:59 -0400] "GET /?c=974255060946 HTTP/1.1" 200 19722 "-" "Mozilla/5.0 (Linux; Android 6.0.1; Nexus 5X Build/MMB29P) AppleWebKit/537.36 (KHTML, like Gecko) Chrome/136.0.7103.113 Mobile Safari/537.36 (compatible; Googlebot/2.1; +http://www.google.com/bot.html)"
