66.249.70.70 - - [07/Jun/2025:17:47:31 -0400] "GET /?c=1573184643746 HTTP/1.1" 200 19590 "-" "Mozilla/5.0 (Linux; Android 6.0.1; Nexus 5X Build/MMB29P) AppleWebKit/537.36 (KHTML, like Gecko) Chrome/136.0.7103.113 Mobile Safari/537.36 (compatible; Googlebot/2.1; +http://www.google.com/bot.html)"
162.0.217.222 - - [07/Jun/2025:17:50:03 -0400] "GET /cron3344/getimeiorders HTTP/1.1" 200 0 "-" "Wget/1.19.5 (linux-gnu)"
162.0.217.222 - - [07/Jun/2025:17:50:03 -0400] "GET /cron3344/sendimeiorders HTTP/1.1" 200 0 "-" "Wget/1.19.5 (linux-gnu)"
66.249.70.141 - - [07/Jun/2025:17:51:29 -0400] "GET /?c=1037732823746 HTTP/1.1" 200 19520 "-" "Mozilla/5.0 (Linux; Android 6.0.1; Nexus 5X Build/MMB29P) AppleWebKit/537.36 (KHTML, like Gecko) Chrome/136.0.7103.113 Mobile Safari/537.36 (compatible; Googlebot/2.1; +http://www.google.com/bot.html)"
66.249.70.64 - - [07/Jun/2025:17:52:24 -0400] "GET /?c=1298660640646 HTTP/1.1" 200 19081 "-" "Mozilla/5.0 (Linux; Android 6.0.1; Nexus 5X Build/MMB29P) AppleWebKit/537.36 (KHTML, like Gecko) Chrome/136.0.7103.113 Mobile Safari/537.36 (compatible; Googlebot/2.1; +http://www.google.com/bot.html)"
66.249.70.70 - - [07/Jun/2025:17:54:47 -0400] "GET /?c=1356423422946 HTTP/1.1" 200 19118 "-" "Mozilla/5.0 (Linux; Android 6.0.1; Nexus 5X Build/MMB29P) AppleWebKit/537.36 (KHTML, like Gecko) Chrome/136.0.7103.113 Mobile Safari/537.36 (compatible; Googlebot/2.1; +http://www.google.com/bot.html)"
129.211.215.233 - - [07/Jun/2025:17:54:59 -0400] "GET / HTTP/1.1" 200 16947 "http://www.slcodelab.com" "Mozilla/5.0 (iPhone; CPU iPhone OS 13_2_3 like Mac OS X) AppleWebKit/605.1.15 (KHTML, like Gecko) Version/13.0.3 Mobile/15E148 Safari/604.1"
162.0.217.222 - - [07/Jun/2025:17:55:03 -0400] "GET /cron3344/getimeiorders HTTP/1.1" 200 0 "-" "Wget/1.19.5 (linux-gnu)"
162.0.217.222 - - [07/Jun/2025:17:55:03 -0400] "GET /cron3344/sendimeiorders HTTP/1.1" 200 0 "-" "Wget/1.19.5 (linux-gnu)"
66.249.70.70 - - [07/Jun/2025:17:57:29 -0400] "GET /?c=1341131170846 HTTP/1.1" 200 19279 "-" "Mozilla/5.0 (Linux; Android 6.0.1; Nexus 5X Build/MMB29P) AppleWebKit/537.36 (KHTML, like Gecko) Chrome/136.0.7103.113 Mobile Safari/537.36 (compatible; Googlebot/2.1; +http://www.google.com/bot.html)"
20.15.133.184 - - [07/Jun/2025:17:58:35 -0400] "GET /?c=908287342946 HTTP/1.1" 200 19202 "-" "Mozilla/5.0 AppleWebKit/537.36 (KHTML, like Gecko; compatible; bingbot/2.0; +http://www.bing.com/bingbot.htm) Chrome/116.0.1938.76 Safari/537.36"
66.249.70.71 - - [07/Jun/2025:17:58:39 -0400] "GET /?c=1489875263146 HTTP/1.1" 200 18122 "-" "Mozilla/5.0 (Linux; Android 6.0.1; Nexus 5X Build/MMB29P) AppleWebKit/537.36 (KHTML, like Gecko) Chrome/136.0.7103.113 Mobile Safari/537.36 (compatible; Googlebot/2.1; +http://www.google.com/bot.html)"
66.249.70.71 - - [07/Jun/2025:17:58:54 -0400] "GET /?c=1546350532646 HTTP/1.1" 200 19826 "-" "Mozilla/5.0 (Linux; Android 6.0.1; Nexus 5X Build/MMB29P) AppleWebKit/537.36 (KHTML, like Gecko) Chrome/136.0.7103.113 Mobile Safari/537.36 (compatible; Googlebot/2.1; +http://www.google.com/bot.html)"
162.0.217.222 - - [07/Jun/2025:18:00:04 -0400] "GET /cron3344/getimeiorders HTTP/1.1" 200 0 "-" "Wget/1.19.5 (linux-gnu)"
162.0.217.222 - - [07/Jun/2025:18:00:04 -0400] "GET /cron3344/sendimeiorders HTTP/1.1" 200 0 "-" "Wget/1.19.5 (linux-gnu)"
66.249.70.70 - - [07/Jun/2025:18:02:02 -0400] "GET /?c=1359016603646 HTTP/1.1" 200 19993 "-" "Mozilla/5.0 (Linux; Android 6.0.1; Nexus 5X Build/MMB29P) AppleWebKit/537.36 (KHTML, like Gecko) Chrome/136.0.7103.113 Mobile Safari/537.36 (compatible; Googlebot/2.1; +http://www.google.com/bot.html)"
66.249.70.64 - - [07/Jun/2025:18:03:32 -0400] "GET /?c=1527287991546 HTTP/1.1" 200 18827 "-" "Mozilla/5.0 (Linux; Android 6.0.1; Nexus 5X Build/MMB29P) AppleWebKit/537.36 (KHTML, like Gecko) Chrome/136.0.7103.113 Mobile Safari/537.36 (compatible; Googlebot/2.1; +http://www.google.com/bot.html)"
66.249.70.142 - - [07/Jun/2025:18:03:37 -0400] "GET /?c=1477961610346 HTTP/1.1" 200 19143 "-" "Mozilla/5.0 (Linux; Android 6.0.1; Nexus 5X Build/MMB29P) AppleWebKit/537.36 (KHTML, like Gecko) Chrome/136.0.7103.113 Mobile Safari/537.36 (compatible; Googlebot/2.1; +http://www.google.com/bot.html)"
47.82.60.41 - - [07/Jun/2025:18:04:47 -0400] "GET /?c=1376464381446 HTTP/1.1" 200 16948 "https://slcodelab.com/?c=1376464381446" "Mozilla/5.0 (Windows NT 10.0; Win64; x64) AppleWebKit/537.36 (KHTML, like Gecko) Chrome/114.0.0.0 Safari/537.36 Edg/114.0.1823.43"
162.0.217.222 - - [07/Jun/2025:18:05:03 -0400] "GET /cron3344/getimeiorders HTTP/1.1" 200 0 "-" "Wget/1.19.5 (linux-gnu)"
162.0.217.222 - - [07/Jun/2025:18:05:03 -0400] "GET /cron3344/sendimeiorders HTTP/1.1" 200 0 "-" "Wget/1.19.5 (linux-gnu)"
66.249.70.140 - - [07/Jun/2025:18:06:52 -0400] "GET /?c=1345222572446 HTTP/1.1" 200 19708 "-" "Mozilla/5.0 (Linux; Android 6.0.1; Nexus 5X Build/MMB29P) AppleWebKit/537.36 (KHTML, like Gecko) Chrome/136.0.7103.113 Mobile Safari/537.36 (compatible; Googlebot/2.1; +http://www.google.com/bot.html)"
66.249.70.64 - - [07/Jun/2025:18:08:24 -0400] "GET /?c=1090186092146 HTTP/1.1" 200 19973 "-" "Mozilla/5.0 (Linux; Android 6.0.1; Nexus 5X Build/MMB29P) AppleWebKit/537.36 (KHTML, like Gecko) Chrome/136.0.7103.113 Mobile Safari/537.36 (compatible; Googlebot/2.1; +http://www.google.com/bot.html)"
66.249.70.71 - - [07/Jun/2025:18:08:30 -0400] "GET /?/css_8c2c192de95c3949f5593c12d51c17ec/custom-global HTTP/1.1" 200 5025 "https://www.slcodelab.com/?c=1090186092146" "Mozilla/5.0 (Linux; Android 6.0.1; Nexus 5X Build/MMB29P) AppleWebKit/537.36 (KHTML, like Gecko) Chrome/136.0.7103.92 Mobile Safari/537.36 (compatible; Googlebot/2.1; +http://www.google.com/bot.html)"
66.249.70.71 - - [07/Jun/2025:18:09:45 -0400] "GET /?c=1343102700346 HTTP/1.1" 200 19522 "-" "Mozilla/5.0 (Linux; Android 6.0.1; Nexus 5X Build/MMB29P) AppleWebKit/537.36 (KHTML, like Gecko) Chrome/136.0.7103.113 Mobile Safari/537.36 (compatible; Googlebot/2.1; +http://www.google.com/bot.html)"
162.0.217.222 - - [07/Jun/2025:18:10:03 -0400] "GET /cron3344/getimeiorders HTTP/1.1" 200 0 "-" "Wget/1.19.5 (linux-gnu)"
162.0.217.222 - - [07/Jun/2025:18:10:04 -0400] "GET /cron3344/sendimeiorders HTTP/1.1" 200 0 "-" "Wget/1.19.5 (linux-gnu)"
66.249.70.64 - - [07/Jun/2025:18:11:42 -0400] "GET /?c=1285816150446 HTTP/1.1" 200 19704 "-" "Mozilla/5.0 (Linux; Android 6.0.1; Nexus 5X Build/MMB29P) AppleWebKit/537.36 (KHTML, like Gecko) Chrome/136.0.7103.113 Mobile Safari/537.36 (compatible; Googlebot/2.1; +http://www.google.com/bot.html)"
20.15.133.174 - - [07/Jun/2025:18:13:06 -0400] "GET /?c=1008769871246 HTTP/1.1" 200 18569 "-" "Mozilla/5.0 AppleWebKit/537.36 (KHTML, like Gecko; compatible; bingbot/2.0; +http://www.bing.com/bingbot.htm) Chrome/116.0.1938.76 Safari/537.36"
66.249.70.64 - - [07/Jun/2025:18:13:49 -0400] "GET /?c=1460217741246 HTTP/1.1" 200 20302 "-" "Mozilla/5.0 (Linux; Android 6.0.1; Nexus 5X Build/MMB29P) AppleWebKit/537.36 (KHTML, like Gecko) Chrome/136.0.7103.113 Mobile Safari/537.36 (compatible; Googlebot/2.1; +http://www.google.com/bot.html)"
40.77.167.59 - - [07/Jun/2025:18:13:51 -0400] "GET /?c=1395745382446 HTTP/1.1" 200 19477 "-" "Mozilla/5.0 AppleWebKit/537.36 (KHTML, like Gecko; compatible; bingbot/2.0; +http://www.bing.com/bingbot.htm) Chrome/116.0.1938.76 Safari/537.36"
66.249.70.142 - - [07/Jun/2025:18:14:52 -0400] "GET /?c=974513942046 HTTP/1.1" 200 19200 "-" "Mozilla/5.0 (Linux; Android 6.0.1; Nexus 5X Build/MMB29P) AppleWebKit/537.36 (KHTML, like Gecko) Chrome/136.0.7103.113 Mobile Safari/537.36 (compatible; Googlebot/2.1; +http://www.google.com/bot.html)"
162.0.217.222 - - [07/Jun/2025:18:15:03 -0400] "GET /cron3344/sendimeiorders HTTP/1.1" 200 0 "-" "Wget/1.19.5 (linux-gnu)"
162.0.217.222 - - [07/Jun/2025:18:15:03 -0400] "GET /cron3344/getimeiorders HTTP/1.1" 200 0 "-" "Wget/1.19.5 (linux-gnu)"
66.249.70.70 - - [07/Jun/2025:18:17:20 -0400] "GET /?c=1407792921846 HTTP/1.1" 200 19172 "-" "Mozilla/5.0 (Linux; Android 6.0.1; Nexus 5X Build/MMB29P) AppleWebKit/537.36 (KHTML, like Gecko) Chrome/136.0.7103.113 Mobile Safari/537.36 (compatible; Googlebot/2.1; +http://www.google.com/bot.html)"
66.249.70.64 - - [07/Jun/2025:18:18:39 -0400] "GET /?c=1467914041246 HTTP/1.1" 200 18816 "-" "Mozilla/5.0 (Linux; Android 6.0.1; Nexus 5X Build/MMB29P) AppleWebKit/537.36 (KHTML, like Gecko) Chrome/136.0.7103.113 Mobile Safari/537.36 (compatible; Googlebot/2.1; +http://www.google.com/bot.html)"
162.0.217.222 - - [07/Jun/2025:18:20:03 -0400] "GET /cron3344/getimeiorders HTTP/1.1" 200 0 "-" "Wget/1.19.5 (linux-gnu)"
162.0.217.222 - - [07/Jun/2025:18:20:04 -0400] "GET /cron3344/sendimeiorders HTTP/1.1" 200 0 "-" "Wget/1.19.5 (linux-gnu)"
162.0.217.222 - - [07/Jun/2025:18:25:03 -0400] "GET /cron3344/getimeiorders HTTP/1.1" 200 0 "-" "Wget/1.19.5 (linux-gnu)"
162.0.217.222 - - [07/Jun/2025:18:25:03 -0400] "GET /cron3344/sendimeiorders HTTP/1.1" 200 0 "-" "Wget/1.19.5 (linux-gnu)"
162.0.217.222 - - [07/Jun/2025:18:30:05 -0400] "GET /cron3344/sendimeiorders HTTP/1.1" 200 0 "-" "Wget/1.19.5 (linux-gnu)"
162.0.217.222 - - [07/Jun/2025:18:30:05 -0400] "GET /cron3344/getimeiorders HTTP/1.1" 200 0 "-" "Wget/1.19.5 (linux-gnu)"
162.0.217.222 - - [07/Jun/2025:18:35:03 -0400] "GET /cron3344/sendimeiorders HTTP/1.1" 200 0 "-" "Wget/1.19.5 (linux-gnu)"
162.0.217.222 - - [07/Jun/2025:18:35:03 -0400] "GET /cron3344/getimeiorders HTTP/1.1" 200 0 "-" "Wget/1.19.5 (linux-gnu)"
66.249.70.71 - - [07/Jun/2025:18:35:24 -0400] "GET /?c=1489688544046 HTTP/1.1" 200 19225 "-" "Mozilla/5.0 (Linux; Android 6.0.1; Nexus 5X Build/MMB29P) AppleWebKit/537.36 (KHTML, like Gecko) Chrome/136.0.7103.113 Mobile Safari/537.36 (compatible; Googlebot/2.1; +http://www.google.com/bot.html)"
20.15.133.184 - - [07/Jun/2025:18:36:25 -0400] "GET /?c=1430615891646 HTTP/1.1" 200 20211 "-" "Mozilla/5.0 AppleWebKit/537.36 (KHTML, like Gecko; compatible; bingbot/2.0; +http://www.bing.com/bingbot.htm) Chrome/116.0.1938.76 Safari/537.36"
66.249.70.70 - - [07/Jun/2025:18:36:44 -0400] "GET /?c=1444368921046 HTTP/1.1" 200 19165 "-" "Mozilla/5.0 (Linux; Android 6.0.1; Nexus 5X Build/MMB29P) AppleWebKit/537.36 (KHTML, like Gecko) Chrome/136.0.7103.113 Mobile Safari/537.36 (compatible; Googlebot/2.1; +http://www.google.com/bot.html)"
66.249.70.71 - - [07/Jun/2025:18:39:34 -0400] "GET /?c=1359623852946 HTTP/1.1" 200 19080 "-" "Mozilla/5.0 (Linux; Android 6.0.1; Nexus 5X Build/MMB29P) AppleWebKit/537.36 (KHTML, like Gecko) Chrome/136.0.7103.113 Mobile Safari/537.36 (compatible; Googlebot/2.1; +http://www.google.com/bot.html)"
216.73.216.13 - - [07/Jun/2025:18:40:02 -0400] "GET /robots.txt HTTP/1.1" 200 78 "-" "Mozilla/5.0 AppleWebKit/537.36 (KHTML, like Gecko; compatible; ClaudeBot/1.0; +claudebot@anthropic.com)"
216.73.216.13 - - [07/Jun/2025:18:40:02 -0400] "GET /sitemap.xml HTTP/1.1" 200 11105 "-" "Mozilla/5.0 AppleWebKit/537.36 (KHTML, like Gecko; compatible; ClaudeBot/1.0; +claudebot@anthropic.com)"
162.0.217.222 - - [07/Jun/2025:18:40:03 -0400] "GET /cron3344/getimeiorders HTTP/1.1" 200 0 "-" "Wget/1.19.5 (linux-gnu)"
162.0.217.222 - - [07/Jun/2025:18:40:03 -0400] "GET /cron3344/sendimeiorders HTTP/1.1" 200 0 "-" "Wget/1.19.5 (linux-gnu)"
216.73.216.13 - - [07/Jun/2025:18:41:18 -0400] "GET /sitemap_collections.xml HTTP/1.1" 200 2660 "-" "Mozilla/5.0 AppleWebKit/537.36 (KHTML, like Gecko; compatible; ClaudeBot/1.0; +claudebot@anthropic.com)"
66.249.70.71 - - [07/Jun/2025:18:44:49 -0400] "GET /?c=1522959162846 HTTP/1.1" 200 20131 "-" "Mozilla/5.0 (Linux; Android 6.0.1; Nexus 5X Build/MMB29P) AppleWebKit/537.36 (KHTML, like Gecko) Chrome/136.0.7103.113 Mobile Safari/537.36 (compatible; Googlebot/2.1; +http://www.google.com/bot.html)"
162.0.217.222 - - [07/Jun/2025:18:45:03 -0400] "GET /cron3344/getimeiorders HTTP/1.1" 200 0 "-" "Wget/1.19.5 (linux-gnu)"
162.0.217.222 - - [07/Jun/2025:18:45:03 -0400] "GET /cron3344/sendimeiorders HTTP/1.1" 200 0 "-" "Wget/1.19.5 (linux-gnu)"
20.15.133.175 - - [07/Jun/2025:18:46:39 -0400] "GET /?c=1096274900746 HTTP/1.1" 200 19490 "-" "Mozilla/5.0 AppleWebKit/537.36 (KHTML, like Gecko; compatible; bingbot/2.0; +http://www.bing.com/bingbot.htm) Chrome/116.0.1938.76 Safari/537.36"
66.249.70.70 - - [07/Jun/2025:18:46:43 -0400] "GET /?c=908760032446 HTTP/1.1" 200 19570 "-" "Mozilla/5.0 (Linux; Android 6.0.1; Nexus 5X Build/MMB29P) AppleWebKit/537.36 (KHTML, like Gecko) Chrome/136.0.7103.113 Mobile Safari/537.36 (compatible; Googlebot/2.1; +http://www.google.com/bot.html)"
66.249.70.70 - - [07/Jun/2025:18:46:54 -0400] "GET /?c=1461743713446 HTTP/1.1" 200 19305 "-" "Mozilla/5.0 (Linux; Android 6.0.1; Nexus 5X Build/MMB29P) AppleWebKit/537.36 (KHTML, like Gecko) Chrome/136.0.7103.113 Mobile Safari/537.36 (compatible; Googlebot/2.1; +http://www.google.com/bot.html)"
162.0.217.222 - - [07/Jun/2025:18:50:03 -0400] "GET /cron3344/getimeiorders HTTP/1.1" 200 0 "-" "Wget/1.19.5 (linux-gnu)"
162.0.217.222 - - [07/Jun/2025:18:50:03 -0400] "GET /cron3344/sendimeiorders HTTP/1.1" 200 0 "-" "Wget/1.19.5 (linux-gnu)"
66.249.70.70 - - [07/Jun/2025:18:50:16 -0400] "GET /?c=1477716254046 HTTP/1.1" 200 19964 "-" "Mozilla/5.0 (Linux; Android 6.0.1; Nexus 5X Build/MMB29P) AppleWebKit/537.36 (KHTML, like Gecko) Chrome/136.0.7103.113 Mobile Safari/537.36 (compatible; Googlebot/2.1; +http://www.google.com/bot.html)"
66.249.70.64 - - [07/Jun/2025:18:51:43 -0400] "GET /?c=1376237821846 HTTP/1.1" 200 19159 "-" "Mozilla/5.0 (Linux; Android 6.0.1; Nexus 5X Build/MMB29P) AppleWebKit/537.36 (KHTML, like Gecko) Chrome/136.0.7103.113 Mobile Safari/537.36 (compatible; Googlebot/2.1; +http://www.google.com/bot.html)"
66.249.70.70 - - [07/Jun/2025:18:52:47 -0400] "GET /?c=1362446083746 HTTP/1.1" 200 18539 "-" "Mozilla/5.0 (Linux; Android 6.0.1; Nexus 5X Build/MMB29P) AppleWebKit/537.36 (KHTML, like Gecko) Chrome/136.0.7103.113 Mobile Safari/537.36 (compatible; Googlebot/2.1; +http://www.google.com/bot.html)"
162.0.217.222 - - [07/Jun/2025:18:55:03 -0400] "GET /cron3344/sendimeiorders HTTP/1.1" 200 0 "-" "Wget/1.19.5 (linux-gnu)"
162.0.217.222 - - [07/Jun/2025:18:55:03 -0400] "GET /cron3344/getimeiorders HTTP/1.1" 200 0 "-" "Wget/1.19.5 (linux-gnu)"
66.249.70.70 - - [07/Jun/2025:18:55:21 -0400] "GET /?c=1300085920246 HTTP/1.1" 200 20246 "-" "Mozilla/5.0 (Linux; Android 6.0.1; Nexus 5X Build/MMB29P) AppleWebKit/537.36 (KHTML, like Gecko) Chrome/136.0.7103.113 Mobile Safari/537.36 (compatible; Googlebot/2.1; +http://www.google.com/bot.html)"
66.249.70.70 - - [07/Jun/2025:18:58:20 -0400] "GET /?c=1371454163146 HTTP/1.1" 200 18679 "-" "Mozilla/5.0 (Linux; Android 6.0.1; Nexus 5X Build/MMB29P) AppleWebKit/537.36 (KHTML, like Gecko) Chrome/136.0.7103.113 Mobile Safari/537.36 (compatible; Googlebot/2.1; +http://www.google.com/bot.html)"
162.0.217.222 - - [07/Jun/2025:19:00:04 -0400] "GET /cron3344/sendimeiorders HTTP/1.1" 200 0 "-" "Wget/1.19.5 (linux-gnu)"
162.0.217.222 - - [07/Jun/2025:19:00:04 -0400] "GET /cron3344/getimeiorders HTTP/1.1" 200 0 "-" "Wget/1.19.5 (linux-gnu)"
66.249.70.71 - - [07/Jun/2025:19:00:52 -0400] "GET /?c=1413422110746 HTTP/1.1" 200 19491 "-" "Mozilla/5.0 (Linux; Android 6.0.1; Nexus 5X Build/MMB29P) AppleWebKit/537.36 (KHTML, like Gecko) Chrome/136.0.7103.113 Mobile Safari/537.36 (compatible; Googlebot/2.1; +http://www.google.com/bot.html)"
66.249.70.64 - - [07/Jun/2025:19:02:45 -0400] "GET /?c=1494247871646 HTTP/1.1" 200 19192 "-" "Mozilla/5.0 (Linux; Android 6.0.1; Nexus 5X Build/MMB29P) AppleWebKit/537.36 (KHTML, like Gecko) Chrome/136.0.7103.113 Mobile Safari/537.36 (compatible; Googlebot/2.1; +http://www.google.com/bot.html)"
20.15.133.174 - - [07/Jun/2025:19:03:31 -0400] "GET /?c=1358397011246 HTTP/1.1" 200 18828 "-" "Mozilla/5.0 AppleWebKit/537.36 (KHTML, like Gecko; compatible; bingbot/2.0; +http://www.bing.com/bingbot.htm) Chrome/116.0.1938.76 Safari/537.36"
162.0.217.222 - - [07/Jun/2025:19:05:04 -0400] "GET /cron3344/sendimeiorders HTTP/1.1" 200 0 "-" "Wget/1.19.5 (linux-gnu)"
162.0.217.222 - - [07/Jun/2025:19:05:04 -0400] "GET /cron3344/getimeiorders HTTP/1.1" 200 0 "-" "Wget/1.19.5 (linux-gnu)"
66.249.70.70 - - [07/Jun/2025:19:05:46 -0400] "GET /?c=1319897021346 HTTP/1.1" 200 19543 "-" "Mozilla/5.0 (Linux; Android 6.0.1; Nexus 5X Build/MMB29P) AppleWebKit/537.36 (KHTML, like Gecko) Chrome/136.0.7103.113 Mobile Safari/537.36 (compatible; Googlebot/2.1; +http://www.google.com/bot.html)"
162.0.217.222 - - [07/Jun/2025:19:10:04 -0400] "GET /cron3344/getimeiorders HTTP/1.1" 200 0 "-" "Wget/1.19.5 (linux-gnu)"
162.0.217.222 - - [07/Jun/2025:19:10:04 -0400] "GET /cron3344/sendimeiorders HTTP/1.1" 200 0 "-" "Wget/1.19.5 (linux-gnu)"
52.167.144.211 - - [07/Jun/2025:19:10:31 -0400] "GET /?c=1480748832046 HTTP/1.1" 200 19810 "-" "Mozilla/5.0 AppleWebKit/537.36 (KHTML, like Gecko; compatible; bingbot/2.0; +http://www.bing.com/bingbot.htm) Chrome/116.0.1938.76 Safari/537.36"
20.15.133.175 - - [07/Jun/2025:19:14:02 -0400] "GET /?c=19768031946 HTTP/1.1" 200 18280 "-" "Mozilla/5.0 AppleWebKit/537.36 (KHTML, like Gecko; compatible; bingbot/2.0; +http://www.bing.com/bingbot.htm) Chrome/116.0.1938.76 Safari/537.36"
162.0.217.222 - - [07/Jun/2025:19:15:04 -0400] "GET /cron3344/getimeiorders HTTP/1.1" 200 0 "-" "Wget/1.19.5 (linux-gnu)"
162.0.217.222 - - [07/Jun/2025:19:15:04 -0400] "GET /cron3344/sendimeiorders HTTP/1.1" 200 0 "-" "Wget/1.19.5 (linux-gnu)"
66.249.70.71 - - [07/Jun/2025:19:17:57 -0400] "GET /?c=1345010261346 HTTP/1.1" 200 19199 "-" "Mozilla/5.0 (Linux; Android 6.0.1; Nexus 5X Build/MMB29P) AppleWebKit/537.36 (KHTML, like Gecko) Chrome/136.0.7103.113 Mobile Safari/537.36 (compatible; Googlebot/2.1; +http://www.google.com/bot.html)"
20.15.133.191 - - [07/Jun/2025:19:19:23 -0400] "GET /?c=625821633146 HTTP/1.1" 200 19436 "-" "Mozilla/5.0 AppleWebKit/537.36 (KHTML, like Gecko; compatible; bingbot/2.0; +http://www.bing.com/bingbot.htm) Chrome/116.0.1938.76 Safari/537.36"
162.0.217.222 - - [07/Jun/2025:19:20:04 -0400] "GET /cron3344/sendimeiorders HTTP/1.1" 200 0 "-" "Wget/1.19.5 (linux-gnu)"
162.0.217.222 - - [07/Jun/2025:19:20:04 -0400] "GET /cron3344/getimeiorders HTTP/1.1" 200 0 "-" "Wget/1.19.5 (linux-gnu)"
162.0.217.222 - - [07/Jun/2025:19:25:04 -0400] "GET /cron3344/getimeiorders HTTP/1.1" 200 0 "-" "Wget/1.19.5 (linux-gnu)"
162.0.217.222 - - [07/Jun/2025:19:25:04 -0400] "GET /cron3344/sendimeiorders HTTP/1.1" 200 0 "-" "Wget/1.19.5 (linux-gnu)"
162.0.217.222 - - [07/Jun/2025:19:30:05 -0400] "GET /cron3344/getimeiorders HTTP/1.1" 200 0 "-" "Wget/1.19.5 (linux-gnu)"
162.0.217.222 - - [07/Jun/2025:19:30:05 -0400] "GET /cron3344/sendimeiorders HTTP/1.1" 200 0 "-" "Wget/1.19.5 (linux-gnu)"
44.221.180.179 - - [07/Jun/2025:19:30:05 -0400] "GET /home HTTP/1.1" 200 16963 "-" "Mozilla/5.0 AppleWebKit/537.36 (KHTML, like Gecko; compatible; Amazonbot/0.1; +https://developer.amazon.com/support/amazonbot) Chrome/119.0.6045.214 Safari/537.36"
66.249.70.64 - - [07/Jun/2025:19:31:27 -0400] "GET /?c=1337465974046 HTTP/1.1" 200 19097 "-" "Mozilla/5.0 (Linux; Android 6.0.1; Nexus 5X Build/MMB29P) AppleWebKit/537.36 (KHTML, like Gecko) Chrome/136.0.7103.113 Mobile Safari/537.36 (compatible; Googlebot/2.1; +http://www.google.com/bot.html)"
20.15.133.174 - - [07/Jun/2025:19:33:31 -0400] "GET /?c=990590512046 HTTP/1.1" 200 18291 "-" "Mozilla/5.0 AppleWebKit/537.36 (KHTML, like Gecko; compatible; bingbot/2.0; +http://www.bing.com/bingbot.htm) Chrome/116.0.1938.76 Safari/537.36"
162.0.217.222 - - [07/Jun/2025:19:35:04 -0400] "GET /cron3344/sendimeiorders HTTP/1.1" 200 0 "-" "Wget/1.19.5 (linux-gnu)"
162.0.217.222 - - [07/Jun/2025:19:35:04 -0400] "GET /cron3344/getimeiorders HTTP/1.1" 200 0 "-" "Wget/1.19.5 (linux-gnu)"
162.0.217.222 - - [07/Jun/2025:19:40:03 -0400] "GET /cron3344/getimeiorders HTTP/1.1" 200 0 "-" "Wget/1.19.5 (linux-gnu)"
162.0.217.222 - - [07/Jun/2025:19:40:03 -0400] "GET /cron3344/sendimeiorders HTTP/1.1" 200 0 "-" "Wget/1.19.5 (linux-gnu)"
162.0.217.222 - - [07/Jun/2025:19:45:04 -0400] "GET /cron3344/getimeiorders HTTP/1.1" 200 0 "-" "Wget/1.19.5 (linux-gnu)"
162.0.217.222 - - [07/Jun/2025:19:45:04 -0400] "GET /cron3344/sendimeiorders HTTP/1.1" 200 0 "-" "Wget/1.19.5 (linux-gnu)"
162.0.217.222 - - [07/Jun/2025:19:50:04 -0400] "GET /cron3344/sendimeiorders HTTP/1.1" 200 0 "-" "Wget/1.19.5 (linux-gnu)"
162.0.217.222 - - [07/Jun/2025:19:50:04 -0400] "GET /cron3344/getimeiorders HTTP/1.1" 200 0 "-" "Wget/1.19.5 (linux-gnu)"
157.55.39.192 - - [07/Jun/2025:19:53:52 -0400] "GET /?c=818127931246 HTTP/1.1" 200 19757 "-" "Mozilla/5.0 AppleWebKit/537.36 (KHTML, like Gecko; compatible; bingbot/2.0; +http://www.bing.com/bingbot.htm) Chrome/116.0.1938.76 Safari/537.36"
162.0.217.222 - - [07/Jun/2025:19:55:04 -0400] "GET /cron3344/getimeiorders HTTP/1.1" 200 0 "-" "Wget/1.19.5 (linux-gnu)"
162.0.217.222 - - [07/Jun/2025:19:55:04 -0400] "GET /cron3344/sendimeiorders HTTP/1.1" 200 0 "-" "Wget/1.19.5 (linux-gnu)"
20.15.133.163 - - [07/Jun/2025:19:58:12 -0400] "GET /?c=1096910811146 HTTP/1.1" 200 19062 "-" "Mozilla/5.0 AppleWebKit/537.36 (KHTML, like Gecko; compatible; bingbot/2.0; +http://www.bing.com/bingbot.htm) Chrome/116.0.1938.76 Safari/537.36"
162.0.217.222 - - [07/Jun/2025:20:00:04 -0400] "GET /cron3344/getimeiorders HTTP/1.1" 200 0 "-" "Wget/1.19.5 (linux-gnu)"
162.0.217.222 - - [07/Jun/2025:20:00:04 -0400] "GET /cron3344/sendimeiorders HTTP/1.1" 200 0 "-" "Wget/1.19.5 (linux-gnu)"
212.11.64.192 - - [07/Jun/2025:20:02:13 -0400] "GET / HTTP/1.1" 200 139962 "-" "-"
162.0.217.222 - - [07/Jun/2025:20:05:03 -0400] "GET /cron3344/getimeiorders HTTP/1.1" 200 0 "-" "Wget/1.19.5 (linux-gnu)"
162.0.217.222 - - [07/Jun/2025:20:05:03 -0400] "GET /cron3344/sendimeiorders HTTP/1.1" 200 0 "-" "Wget/1.19.5 (linux-gnu)"
66.249.70.70 - - [07/Jun/2025:20:05:09 -0400] "GET /?c=860558841446 HTTP/1.1" 200 20053 "-" "Mozilla/5.0 (Linux; Android 6.0.1; Nexus 5X Build/MMB29P) AppleWebKit/537.36 (KHTML, like Gecko) Chrome/136.0.7103.113 Mobile Safari/537.36 (compatible; Googlebot/2.1; +http://www.google.com/bot.html)"
20.15.133.174 - - [07/Jun/2025:20:09:27 -0400] "GET /?c=1509737373446 HTTP/1.1" 200 19411 "-" "Mozilla/5.0 AppleWebKit/537.36 (KHTML, like Gecko; compatible; bingbot/2.0; +http://www.bing.com/bingbot.htm) Chrome/116.0.1938.76 Safari/537.36"
185.21.13.25 - - [07/Jun/2025:20:09:34 -0400] "GET / HTTP/1.1" 200 16946 "-" "Mozilla/5.0 (Macintosh; Intel Mac OS X 10_15_7) AppleWebKit/537.36 (KHTML, like Gecko) Chrome/133.0.0.0 Safari/537.36"
103.165.41.83 - - [07/Jun/2025:20:09:39 -0400] "POST /register1 HTTP/1.1" 200 76 "-" "Mozilla/5.0 (Macintosh; Intel Mac OS X 10_15_7) AppleWebKit/537.36 (KHTML, like Gecko) Chrome/133.0.0.0 Safari/537.36"
103.165.41.83 - - [07/Jun/2025:20:09:41 -0400] "POST /register1 HTTP/1.1" 200 489 "-" "Mozilla/5.0 (Windows NT 10.0; Win64; x64) AppleWebKit/537.36 (KHTML, like Gecko) Chrome/120.0.0.0 Safari/537.36"
103.165.41.83 - - [07/Jun/2025:20:09:42 -0400] "POST / HTTP/1.1" 200 16948 "-" "Mozilla/5.0 (Macintosh; Intel Mac OS X 10_15_7) AppleWebKit/537.36 (KHTML, like Gecko) Chrome/133.0.0.0 Safari/537.36"
103.165.41.83 - - [07/Jun/2025:20:09:44 -0400] "POST / HTTP/1.1" 200 16949 "-" "Mozilla/5.0 (Windows NT 10.0; Win64; x64) AppleWebKit/537.36 (KHTML, like Gecko) Chrome/120.0.0.0 Safari/537.36"
185.21.13.25 - - [07/Jun/2025:20:09:46 -0400] "GET /uplds1/logos/6.jpg HTTP/1.1" 200 4493 "-" "Mozilla/5.0 (Macintosh; Intel Mac OS X 10_15_7) AppleWebKit/537.36 (KHTML, like Gecko) Chrome/133.0.0.0 Safari/537.36"
185.21.13.25 - - [07/Jun/2025:20:09:48 -0400] "GET /registration HTTP/1.1" 200 18681 "-" "Mozilla/5.0 (Macintosh; Intel Mac OS X 10_15_7) AppleWebKit/537.36 (KHTML, like Gecko) Chrome/133.0.0.0 Safari/537.36"
103.165.41.83 - - [07/Jun/2025:20:09:51 -0400] "POST /register1 HTTP/1.1" 303 0 "-" "Mozilla/5.0 (Macintosh; Intel Mac OS X 10_15_7) AppleWebKit/537.36 (KHTML, like Gecko) Chrome/133.0.0.0 Safari/537.36"
103.165.41.83 - - [07/Jun/2025:20:09:53 -0400] "GET /registration HTTP/1.1" 200 18823 "https://slcodelab.com/register1" "Mozilla/5.0 (Macintosh; Intel Mac OS X 10_15_7) AppleWebKit/537.36 (KHTML, like Gecko) Chrome/133.0.0.0 Safari/537.36"
103.165.41.83 - - [07/Jun/2025:20:10:02 -0400] "POST /register1 HTTP/1.1" 200 489 "-" "Mozilla/5.0 (Windows NT 10.0; Win64; x64) AppleWebKit/537.36 (KHTML, like Gecko) Chrome/120.0.0.0 Safari/537.36"
162.0.217.222 - - [07/Jun/2025:20:10:04 -0400] "GET /cron3344/getimeiorders HTTP/1.1" 200 0 "-" "Wget/1.19.5 (linux-gnu)"
162.0.217.222 - - [07/Jun/2025:20:10:04 -0400] "GET /cron3344/sendimeiorders HTTP/1.1" 200 0 "-" "Wget/1.19.5 (linux-gnu)"
103.165.41.83 - - [07/Jun/2025:20:10:04 -0400] "POST /registration HTTP/1.1" 200 18681 "-" "Mozilla/5.0 (Macintosh; Intel Mac OS X 10_15_7) AppleWebKit/537.36 (KHTML, like Gecko) Chrome/133.0.0.0 Safari/537.36"
103.165.41.83 - - [07/Jun/2025:20:10:06 -0400] "POST /registration HTTP/1.1" 200 18682 "-" "Mozilla/5.0 (Windows NT 10.0; Win64; x64) AppleWebKit/537.36 (KHTML, like Gecko) Chrome/120.0.0.0 Safari/537.36"
185.21.13.25 - - [07/Jun/2025:20:10:08 -0400] "GET /home/news?id=1 HTTP/1.1" 200 14818 "-" "Mozilla/5.0 (Macintosh; Intel Mac OS X 10_15_7) AppleWebKit/537.36 (KHTML, like Gecko) Chrome/133.0.0.0 Safari/537.36"
103.165.41.83 - - [07/Jun/2025:20:10:09 -0400] "POST /home/news HTTP/1.1" 200 14809 "-" "Mozilla/5.0 (Macintosh; Intel Mac OS X 10_15_7) AppleWebKit/537.36 (KHTML, like Gecko) Chrome/133.0.0.0 Safari/537.36"
103.165.41.83 - - [07/Jun/2025:20:10:13 -0400] "POST /home/news HTTP/1.1" 200 14810 "-" "Mozilla/5.0 (Windows NT 10.0; Win64; x64) AppleWebKit/537.36 (KHTML, like Gecko) Chrome/120.0.0.0 Safari/537.36"
185.21.13.25 - - [07/Jun/2025:20:10:14 -0400] "GET /home/news?catid=1 HTTP/1.1" 200 14807 "-" "Mozilla/5.0 (Macintosh; Intel Mac OS X 10_15_7) AppleWebKit/537.36 (KHTML, like Gecko) Chrome/133.0.0.0 Safari/537.36"
103.165.41.83 - - [07/Jun/2025:20:10:16 -0400] "POST /home/news HTTP/1.1" 200 14808 "-" "Mozilla/5.0 (Macintosh; Intel Mac OS X 10_15_7) AppleWebKit/537.36 (KHTML, like Gecko) Chrome/133.0.0.0 Safari/537.36"
103.165.41.83 - - [07/Jun/2025:20:10:19 -0400] "POST /home/news HTTP/1.1" 200 14809 "-" "Mozilla/5.0 (Windows NT 10.0; Win64; x64) AppleWebKit/537.36 (KHTML, like Gecko) Chrome/120.0.0.0 Safari/537.36"
185.21.13.25 - - [07/Jun/2025:20:10:20 -0400] "GET / HTTP/1.1" 200 16948 "-" "Mozilla/5.0 (Macintosh; Intel Mac OS X 10_15_7) AppleWebKit/537.36 (KHTML, like Gecko) Chrome/133.0.0.0 Safari/537.36"
103.165.41.83 - - [07/Jun/2025:20:10:22 -0400] "POST / HTTP/1.1" 200 16948 "-" "Mozilla/5.0 (Macintosh; Intel Mac OS X 10_15_7) AppleWebKit/537.36 (KHTML, like Gecko) Chrome/133.0.0.0 Safari/537.36"
103.165.41.83 - - [07/Jun/2025:20:10:26 -0400] "POST / HTTP/1.1" 200 16946 "-" "Mozilla/5.0 (Windows NT 10.0; Win64; x64) AppleWebKit/537.36 (KHTML, like Gecko) Chrome/120.0.0.0 Safari/537.36"
185.21.13.25 - - [07/Jun/2025:20:10:27 -0400] "GET /login/forgotpassword HTTP/1.1" 200 1106 "-" "Mozilla/5.0 (Macintosh; Intel Mac OS X 10_15_7) AppleWebKit/537.36 (KHTML, like Gecko) Chrome/133.0.0.0 Safari/537.36"
185.21.13.25 - - [07/Jun/2025:20:10:28 -0400] "GET /login HTTP/1.1" 200 1219 "-" "Mozilla/5.0 (Macintosh; Intel Mac OS X 10_15_7) AppleWebKit/537.36 (KHTML, like Gecko) Chrome/133.0.0.0 Safari/537.36"
52.167.144.174 - - [07/Jun/2025:20:11:25 -0400] "GET /?c=1285091554046 HTTP/1.1" 200 20123 "-" "Mozilla/5.0 AppleWebKit/537.36 (KHTML, like Gecko; compatible; bingbot/2.0; +http://www.bing.com/bingbot.htm) Chrome/116.0.1938.76 Safari/537.36"
162.0.217.222 - - [07/Jun/2025:20:15:03 -0400] "GET /cron3344/getimeiorders HTTP/1.1" 200 0 "-" "Wget/1.19.5 (linux-gnu)"
162.0.217.222 - - [07/Jun/2025:20:15:03 -0400] "GET /cron3344/sendimeiorders HTTP/1.1" 200 0 "-" "Wget/1.19.5 (linux-gnu)"
66.249.70.64 - - [07/Jun/2025:20:18:01 -0400] "GET /?c=981729731246 HTTP/1.1" 200 18779 "-" "Mozilla/5.0 (Linux; Android 6.0.1; Nexus 5X Build/MMB29P) AppleWebKit/537.36 (KHTML, like Gecko) Chrome/136.0.7103.113 Mobile Safari/537.36 (compatible; Googlebot/2.1; +http://www.google.com/bot.html)"
52.167.144.221 - - [07/Jun/2025:20:18:22 -0400] "GET /?c=860584443146 HTTP/1.1" 200 19390 "-" "Mozilla/5.0 AppleWebKit/537.36 (KHTML, like Gecko; compatible; bingbot/2.0; +http://www.bing.com/bingbot.htm) Chrome/116.0.1938.76 Safari/537.36"
162.0.217.222 - - [07/Jun/2025:20:20:04 -0400] "GET /cron3344/getimeiorders HTTP/1.1" 200 0 "-" "Wget/1.19.5 (linux-gnu)"
162.0.217.222 - - [07/Jun/2025:20:20:04 -0400] "GET /cron3344/sendimeiorders HTTP/1.1" 200 0 "-" "Wget/1.19.5 (linux-gnu)"
162.0.217.222 - - [07/Jun/2025:20:25:03 -0400] "GET /cron3344/getimeiorders HTTP/1.1" 200 0 "-" "Wget/1.19.5 (linux-gnu)"
162.0.217.222 - - [07/Jun/2025:20:25:04 -0400] "GET /cron3344/sendimeiorders HTTP/1.1" 200 0 "-" "Wget/1.19.5 (linux-gnu)"
162.0.217.222 - - [07/Jun/2025:20:30:03 -0400] "GET /cron3344/sendimeiorders HTTP/1.1" 200 0 "-" "Wget/1.19.5 (linux-gnu)"
162.0.217.222 - - [07/Jun/2025:20:30:03 -0400] "GET /cron3344/getimeiorders HTTP/1.1" 200 0 "-" "Wget/1.19.5 (linux-gnu)"
40.77.167.9 - - [07/Jun/2025:20:30:37 -0400] "GET /?c=1347721360646 HTTP/1.1" 200 19326 "-" "Mozilla/5.0 AppleWebKit/537.36 (KHTML, like Gecko; compatible; bingbot/2.0; +http://www.bing.com/bingbot.htm) Chrome/116.0.1938.76 Safari/537.36"
40.77.167.9 - - [07/Jun/2025:20:31:47 -0400] "GET /?c=1340986782146 HTTP/1.1" 200 19202 "-" "Mozilla/5.0 AppleWebKit/537.36 (KHTML, like Gecko; compatible; bingbot/2.0; +http://www.bing.com/bingbot.htm) Chrome/116.0.1938.76 Safari/537.36"
52.167.144.196 - - [07/Jun/2025:20:33:54 -0400] "GET /?c=1133411872446 HTTP/1.1" 200 19472 "-" "Mozilla/5.0 AppleWebKit/537.36 (KHTML, like Gecko; compatible; bingbot/2.0; +http://www.bing.com/bingbot.htm) Chrome/116.0.1938.76 Safari/537.36"
66.249.70.70 - - [07/Jun/2025:20:34:25 -0400] "GET /?c=1484792301946 HTTP/1.1" 200 20043 "-" "Mozilla/5.0 (Linux; Android 6.0.1; Nexus 5X Build/MMB29P) AppleWebKit/537.36 (KHTML, like Gecko) Chrome/136.0.7103.113 Mobile Safari/537.36 (compatible; Googlebot/2.1; +http://www.google.com/bot.html)"
162.0.217.222 - - [07/Jun/2025:20:35:03 -0400] "GET /cron3344/getimeiorders HTTP/1.1" 200 0 "-" "Wget/1.19.5 (linux-gnu)"
162.0.217.222 - - [07/Jun/2025:20:35:03 -0400] "GET /cron3344/sendimeiorders HTTP/1.1" 200 0 "-" "Wget/1.19.5 (linux-gnu)"
162.0.217.222 - - [07/Jun/2025:20:40:04 -0400] "GET /cron3344/getimeiorders HTTP/1.1" 200 0 "-" "Wget/1.19.5 (linux-gnu)"
162.0.217.222 - - [07/Jun/2025:20:40:04 -0400] "GET /cron3344/sendimeiorders HTTP/1.1" 200 0 "-" "Wget/1.19.5 (linux-gnu)"
52.167.144.196 - - [07/Jun/2025:20:40:55 -0400] "GET /?c=1523458062646 HTTP/1.1" 200 20106 "-" "Mozilla/5.0 AppleWebKit/537.36 (KHTML, like Gecko; compatible; bingbot/2.0; +http://www.bing.com/bingbot.htm) Chrome/116.0.1938.76 Safari/537.36"
43.157.188.74 - - [07/Jun/2025:20:44:53 -0400] "GET / HTTP/1.1" 200 16948 "http://www.slcodelab.com" "Mozilla/5.0 (iPhone; CPU iPhone OS 13_2_3 like Mac OS X) AppleWebKit/605.1.15 (KHTML, like Gecko) Version/13.0.3 Mobile/15E148 Safari/604.1"
162.0.217.222 - - [07/Jun/2025:20:45:03 -0400] "GET /cron3344/sendimeiorders HTTP/1.1" 200 0 "-" "Wget/1.19.5 (linux-gnu)"
162.0.217.222 - - [07/Jun/2025:20:45:03 -0400] "GET /cron3344/getimeiorders HTTP/1.1" 200 0 "-" "Wget/1.19.5 (linux-gnu)"
162.0.217.222 - - [07/Jun/2025:20:50:04 -0400] "GET /cron3344/getimeiorders HTTP/1.1" 200 0 "-" "Wget/1.19.5 (linux-gnu)"
162.0.217.222 - - [07/Jun/2025:20:50:04 -0400] "GET /cron3344/sendimeiorders HTTP/1.1" 200 0 "-" "Wget/1.19.5 (linux-gnu)"
216.73.216.13 - - [07/Jun/2025:20:51:03 -0400] "GET /robots.txt HTTP/1.1" 200 78 "-" "Mozilla/5.0 AppleWebKit/537.36 (KHTML, like Gecko; compatible; ClaudeBot/1.0; +claudebot@anthropic.com)"
216.73.216.13 - - [07/Jun/2025:20:51:03 -0400] "GET /sitemap.xml HTTP/1.1" 200 11103 "-" "Mozilla/5.0 AppleWebKit/537.36 (KHTML, like Gecko; compatible; ClaudeBot/1.0; +claudebot@anthropic.com)"
20.15.133.184 - - [07/Jun/2025:20:54:31 -0400] "GET /?c=1233828600946 HTTP/1.1" 200 18353 "-" "Mozilla/5.0 AppleWebKit/537.36 (KHTML, like Gecko; compatible; bingbot/2.0; +http://www.bing.com/bingbot.htm) Chrome/116.0.1938.76 Safari/537.36"
203.33.203.148 - - [07/Jun/2025:20:54:40 -0400] "GET / HTTP/1.1" 200 16947 "http://slcodelab.com" "Mozilla/5.0 (iPhone; CPU iPhone OS 13_2_3 like Mac OS X) AppleWebKit/605.1.15 (KHTML, like Gecko) Version/13.0.3 Mobile/15E148 Safari/604.1"
162.0.217.222 - - [07/Jun/2025:20:55:04 -0400] "GET /cron3344/sendimeiorders HTTP/1.1" 200 0 "-" "Wget/1.19.5 (linux-gnu)"
162.0.217.222 - - [07/Jun/2025:20:55:04 -0400] "GET /cron3344/getimeiorders HTTP/1.1" 200 0 "-" "Wget/1.19.5 (linux-gnu)"
66.249.70.64 - - [07/Jun/2025:20:57:26 -0400] "GET /?c=1578760123746 HTTP/1.1" 200 19423 "-" "Mozilla/5.0 (Linux; Android 6.0.1; Nexus 5X Build/MMB29P) AppleWebKit/537.36 (KHTML, like Gecko) Chrome/136.0.7103.113 Mobile Safari/537.36 (compatible; Googlebot/2.1; +http://www.google.com/bot.html)"
162.0.217.222 - - [07/Jun/2025:21:00:05 -0400] "GET /cron3344/getimeiorders HTTP/1.1" 200 0 "-" "Wget/1.19.5 (linux-gnu)"
162.0.217.222 - - [07/Jun/2025:21:00:05 -0400] "GET /cron3344/sendimeiorders HTTP/1.1" 200 0 "-" "Wget/1.19.5 (linux-gnu)"
207.46.13.17 - - [07/Jun/2025:21:02:21 -0400] "GET /?c=1491007050446 HTTP/1.1" 200 19151 "-" "Mozilla/5.0 AppleWebKit/537.36 (KHTML, like Gecko; compatible; bingbot/2.0; +http://www.bing.com/bingbot.htm) Chrome/116.0.1938.76 Safari/537.36"
162.0.217.222 - - [07/Jun/2025:21:05:03 -0400] "GET /cron3344/sendimeiorders HTTP/1.1" 200 0 "-" "Wget/1.19.5 (linux-gnu)"
162.0.217.222 - - [07/Jun/2025:21:05:03 -0400] "GET /cron3344/getimeiorders HTTP/1.1" 200 0 "-" "Wget/1.19.5 (linux-gnu)"
162.0.217.222 - - [07/Jun/2025:21:10:03 -0400] "GET /cron3344/getimeiorders HTTP/1.1" 200 0 "-" "Wget/1.19.5 (linux-gnu)"
162.0.217.222 - - [07/Jun/2025:21:10:03 -0400] "GET /cron3344/sendimeiorders HTTP/1.1" 200 0 "-" "Wget/1.19.5 (linux-gnu)"
216.73.216.13 - - [07/Jun/2025:21:10:23 -0400] "GET /sitemap_collections.xml HTTP/1.1" 200 2686 "-" "Mozilla/5.0 AppleWebKit/537.36 (KHTML, like Gecko; compatible; ClaudeBot/1.0; +claudebot@anthropic.com)"
66.249.70.64 - - [07/Jun/2025:21:13:01 -0400] "GET /?c=1007901692946 HTTP/1.1" 200 19711 "-" "Mozilla/5.0 (Linux; Android 6.0.1; Nexus 5X Build/MMB29P) AppleWebKit/537.36 (KHTML, like Gecko) Chrome/136.0.7103.113 Mobile Safari/537.36 (compatible; Googlebot/2.1; +http://www.google.com/bot.html)"
20.15.133.162 - - [07/Jun/2025:21:14:29 -0400] "GET /?c=313233160346 HTTP/1.1" 200 19757 "-" "Mozilla/5.0 AppleWebKit/537.36 (KHTML, like Gecko; compatible; bingbot/2.0; +http://www.bing.com/bingbot.htm) Chrome/116.0.1938.76 Safari/537.36"
162.0.217.222 - - [07/Jun/2025:21:15:03 -0400] "GET /cron3344/getimeiorders HTTP/1.1" 200 0 "-" "Wget/1.19.5 (linux-gnu)"
162.0.217.222 - - [07/Jun/2025:21:15:04 -0400] "GET /cron3344/sendimeiorders HTTP/1.1" 200 0 "-" "Wget/1.19.5 (linux-gnu)"
20.15.133.174 - - [07/Jun/2025:21:17:40 -0400] "GET /?c=88658392746 HTTP/1.1" 200 18498 "-" "Mozilla/5.0 AppleWebKit/537.36 (KHTML, like Gecko; compatible; bingbot/2.0; +http://www.bing.com/bingbot.htm) Chrome/116.0.1938.76 Safari/537.36"
162.0.217.222 - - [07/Jun/2025:21:20:04 -0400] "GET /cron3344/getimeiorders HTTP/1.1" 200 0 "-" "Wget/1.19.5 (linux-gnu)"
162.0.217.222 - - [07/Jun/2025:21:20:04 -0400] "GET /cron3344/sendimeiorders HTTP/1.1" 200 0 "-" "Wget/1.19.5 (linux-gnu)"
196.251.66.50 - - [07/Jun/2025:21:21:56 -0400] "GET /wp-content/plugins/WordPressCore/include.php HTTP/1.1" 404 586 "-" "Mozlila/5.0 (Linux; Android 7.0; SM-G892A Bulid/NRD90M; wv) AppleWebKit/537.36 (KHTML, like Gecko) Version/4.0 Chrome/60.0.3112.107 Moblie Safari/537.36"
196.251.66.50 - - [07/Jun/2025:21:22:03 -0400] "GET /wp-content/plugins/WordPressCore/include.php HTTP/1.1" 404 586 "-" "Mozlila/5.0 (Linux; Android 7.0; SM-G892A Bulid/NRD90M; wv) AppleWebKit/537.36 (KHTML, like Gecko) Version/4.0 Chrome/60.0.3112.107 Moblie Safari/537.36"
196.251.66.50 - - [07/Jun/2025:21:22:08 -0400] "GET /wp-includes/images/include.php HTTP/1.1" 404 586 "-" "Mozlila/5.0 (Linux; Android 7.0; SM-G892A Bulid/NRD90M; wv) AppleWebKit/537.36 (KHTML, like Gecko) Version/4.0 Chrome/60.0.3112.107 Moblie Safari/537.36"
196.251.66.50 - - [07/Jun/2025:21:22:12 -0400] "GET /wp-includes/images/include.php HTTP/1.1" 404 586 "-" "Mozlila/5.0 (Linux; Android 7.0; SM-G892A Bulid/NRD90M; wv) AppleWebKit/537.36 (KHTML, like Gecko) Version/4.0 Chrome/60.0.3112.107 Moblie Safari/537.36"
196.251.66.50 - - [07/Jun/2025:21:22:15 -0400] "GET /wp-content/themes/include.php HTTP/1.1" 404 586 "-" "Mozlila/5.0 (Linux; Android 7.0; SM-G892A Bulid/NRD90M; wv) AppleWebKit/537.36 (KHTML, like Gecko) Version/4.0 Chrome/60.0.3112.107 Moblie Safari/537.36"
196.251.66.50 - - [07/Jun/2025:21:22:17 -0400] "GET /wp-content/themes/include.php HTTP/1.1" 404 586 "-" "Mozlila/5.0 (Linux; Android 7.0; SM-G892A Bulid/NRD90M; wv) AppleWebKit/537.36 (KHTML, like Gecko) Version/4.0 Chrome/60.0.3112.107 Moblie Safari/537.36"
196.251.66.50 - - [07/Jun/2025:21:22:21 -0400] "GET /wp-includes/widgets/include.php HTTP/1.1" 404 586 "-" "Mozlila/5.0 (Linux; Android 7.0; SM-G892A Bulid/NRD90M; wv) AppleWebKit/537.36 (KHTML, like Gecko) Version/4.0 Chrome/60.0.3112.107 Moblie Safari/537.36"
196.251.66.50 - - [07/Jun/2025:21:22:23 -0400] "GET /wp-includes/widgets/include.php HTTP/1.1" 404 586 "-" "Mozlila/5.0 (Linux; Android 7.0; SM-G892A Bulid/NRD90M; wv) AppleWebKit/537.36 (KHTML, like Gecko) Version/4.0 Chrome/60.0.3112.107 Moblie Safari/537.36"
196.251.66.50 - - [07/Jun/2025:21:22:26 -0400] "GET /wp-content/plugins/include.php HTTP/1.1" 404 586 "-" "Mozlila/5.0 (Linux; Android 7.0; SM-G892A Bulid/NRD90M; wv) AppleWebKit/537.36 (KHTML, like Gecko) Version/4.0 Chrome/60.0.3112.107 Moblie Safari/537.36"
196.251.66.50 - - [07/Jun/2025:21:22:30 -0400] "GET /wp-content/plugins/include.php HTTP/1.1" 404 586 "-" "Mozlila/5.0 (Linux; Android 7.0; SM-G892A Bulid/NRD90M; wv) AppleWebKit/537.36 (KHTML, like Gecko) Version/4.0 Chrome/60.0.3112.107 Moblie Safari/537.36"
195.82.146.211 - - [07/Jun/2025:21:24:20 -0400] "GET / HTTP/1.0" 200 139962 "https://slcodelab.com/" "Mozilla/5.0 (Windows NT 10.0; Win64; x64) AppleWebKit/537.36 (KHTML, like Gecko) Chrome/131.0.0.0 Safari/537.36 Avast/131.0.0.0"
162.0.217.222 - - [07/Jun/2025:21:25:04 -0400] "GET /cron3344/getimeiorders HTTP/1.1" 200 0 "-" "Wget/1.19.5 (linux-gnu)"
162.0.217.222 - - [07/Jun/2025:21:25:04 -0400] "GET /cron3344/sendimeiorders HTTP/1.1" 200 0 "-" "Wget/1.19.5 (linux-gnu)"
20.15.133.163 - - [07/Jun/2025:21:25:13 -0400] "GET /?c=140496962846 HTTP/1.1" 200 19814 "-" "Mozilla/5.0 AppleWebKit/537.36 (KHTML, like Gecko; compatible; bingbot/2.0; +http://www.bing.com/bingbot.htm) Chrome/116.0.1938.76 Safari/537.36"
162.0.217.222 - - [07/Jun/2025:21:30:04 -0400] "GET /cron3344/sendimeiorders HTTP/1.1" 200 0 "-" "Wget/1.19.5 (linux-gnu)"
162.0.217.222 - - [07/Jun/2025:21:30:04 -0400] "GET /cron3344/getimeiorders HTTP/1.1" 200 0 "-" "Wget/1.19.5 (linux-gnu)"
162.0.217.222 - - [07/Jun/2025:21:35:03 -0400] "GET /cron3344/getimeiorders HTTP/1.1" 200 0 "-" "Wget/1.19.5 (linux-gnu)"
162.0.217.222 - - [07/Jun/2025:21:35:03 -0400] "GET /cron3344/sendimeiorders HTTP/1.1" 200 0 "-" "Wget/1.19.5 (linux-gnu)"
162.0.217.222 - - [07/Jun/2025:21:40:03 -0400] "GET /cron3344/sendimeiorders HTTP/1.1" 200 0 "-" "Wget/1.19.5 (linux-gnu)"
162.0.217.222 - - [07/Jun/2025:21:40:03 -0400] "GET /cron3344/getimeiorders HTTP/1.1" 200 0 "-" "Wget/1.19.5 (linux-gnu)"
162.0.217.222 - - [07/Jun/2025:21:45:03 -0400] "GET /cron3344/getimeiorders HTTP/1.1" 200 0 "-" "Wget/1.19.5 (linux-gnu)"
162.0.217.222 - - [07/Jun/2025:21:45:03 -0400] "GET /cron3344/sendimeiorders HTTP/1.1" 200 0 "-" "Wget/1.19.5 (linux-gnu)"
66.249.70.70 - - [07/Jun/2025:21:45:17 -0400] "GET /?c=1564738323446 HTTP/1.1" 200 18152 "-" "Mozilla/5.0 (Linux; Android 6.0.1; Nexus 5X Build/MMB29P) AppleWebKit/537.36 (KHTML, like Gecko) Chrome/136.0.7103.113 Mobile Safari/537.36 (compatible; Googlebot/2.1; +http://www.google.com/bot.html)"
66.249.70.64 - - [07/Jun/2025:21:45:19 -0400] "GET /?/css_8c2c192de95c3949f5593c12d51c17ec/boost-pfs-instant-search HTTP/1.1" 200 6116 "https://www.slcodelab.com/?c=1564738323446" "Mozilla/5.0 (Linux; Android 6.0.1; Nexus 5X Build/MMB29P) AppleWebKit/537.36 (KHTML, like Gecko) Chrome/136.0.7103.92 Mobile Safari/537.36 (compatible; Googlebot/2.1; +http://www.google.com/bot.html)"
162.0.217.222 - - [07/Jun/2025:21:50:05 -0400] "GET /cron3344/sendimeiorders HTTP/1.1" 200 0 "-" "Wget/1.19.5 (linux-gnu)"
162.0.217.222 - - [07/Jun/2025:21:50:05 -0400] "GET /cron3344/getimeiorders HTTP/1.1" 200 0 "-" "Wget/1.19.5 (linux-gnu)"
20.15.133.174 - - [07/Jun/2025:21:51:46 -0400] "GET /?c=901317912946 HTTP/1.1" 200 19106 "-" "Mozilla/5.0 AppleWebKit/537.36 (KHTML, like Gecko; compatible; bingbot/2.0; +http://www.bing.com/bingbot.htm) Chrome/116.0.1938.76 Safari/537.36"
162.0.217.222 - - [07/Jun/2025:21:55:04 -0400] "GET /cron3344/sendimeiorders HTTP/1.1" 200 0 "-" "Wget/1.19.5 (linux-gnu)"
162.0.217.222 - - [07/Jun/2025:21:55:04 -0400] "GET /cron3344/getimeiorders HTTP/1.1" 200 0 "-" "Wget/1.19.5 (linux-gnu)"
66.249.70.64 - - [07/Jun/2025:21:56:15 -0400] "GET /?c=1055294050646 HTTP/1.1" 200 19697 "-" "Mozilla/5.0 (Linux; Android 6.0.1; Nexus 5X Build/MMB29P) AppleWebKit/537.36 (KHTML, like Gecko) Chrome/136.0.7103.113 Mobile Safari/537.36 (compatible; Googlebot/2.1; +http://www.google.com/bot.html)"
52.167.144.220 - - [07/Jun/2025:21:59:32 -0400] "GET /login HTTP/1.1" 200 16829 "-" "Mozilla/5.0 AppleWebKit/537.36 (KHTML, like Gecko; compatible; bingbot/2.0; +http://www.bing.com/bingbot.htm) Chrome/116.0.1938.76 Safari/537.36"
162.0.217.222 - - [07/Jun/2025:22:00:06 -0400] "GET /cron3344/sendimeiorders HTTP/1.1" 200 0 "-" "Wget/1.19.5 (linux-gnu)"
162.0.217.222 - - [07/Jun/2025:22:00:06 -0400] "GET /cron3344/getimeiorders HTTP/1.1" 200 0 "-" "Wget/1.19.5 (linux-gnu)"
52.167.144.220 - - [07/Jun/2025:22:00:32 -0400] "GET /?c=240878271746 HTTP/1.1" 200 19144 "-" "Mozilla/5.0 AppleWebKit/537.36 (KHTML, like Gecko; compatible; bingbot/2.0; +http://www.bing.com/bingbot.htm) Chrome/116.0.1938.76 Safari/537.36"
45.141.215.145 - - [07/Jun/2025:22:02:15 -0400] "GET /wp-content/plugins/fix/up.php HTTP/1.1" 404 586 "-" "Mozilla/5.0 (Windows NT 10.0; Win64; x64) AppleWebKit/537.36 (KHTML, like Gecko) Chrome/85.0.4183.102 Safari/537.36"
52.167.144.169 - - [07/Jun/2025:22:04:36 -0400] "GET /?c=1457168683746 HTTP/1.1" 200 19749 "-" "Mozilla/5.0 AppleWebKit/537.36 (KHTML, like Gecko; compatible; bingbot/2.0; +http://www.bing.com/bingbot.htm) Chrome/116.0.1938.76 Safari/537.36"
162.0.217.222 - - [07/Jun/2025:22:05:04 -0400] "GET /cron3344/sendimeiorders HTTP/1.1" 200 0 "-" "Wget/1.19.5 (linux-gnu)"
162.0.217.222 - - [07/Jun/2025:22:05:04 -0400] "GET /cron3344/getimeiorders HTTP/1.1" 200 0 "-" "Wget/1.19.5 (linux-gnu)"
162.0.217.222 - - [07/Jun/2025:22:10:03 -0400] "GET /cron3344/getimeiorders HTTP/1.1" 200 0 "-" "Wget/1.19.5 (linux-gnu)"
162.0.217.222 - - [07/Jun/2025:22:10:03 -0400] "GET /cron3344/sendimeiorders HTTP/1.1" 200 0 "-" "Wget/1.19.5 (linux-gnu)"
20.15.133.191 - - [07/Jun/2025:22:11:14 -0400] "GET /?c=34253691246 HTTP/1.1" 200 19213 "-" "Mozilla/5.0 AppleWebKit/537.36 (KHTML, like Gecko; compatible; bingbot/2.0; +http://www.bing.com/bingbot.htm) Chrome/116.0.1938.76 Safari/537.36"
40.77.167.78 - - [07/Jun/2025:22:14:46 -0400] "GET /?c=1286608461146 HTTP/1.1" 200 19891 "-" "Mozilla/5.0 AppleWebKit/537.36 (KHTML, like Gecko; compatible; bingbot/2.0; +http://www.bing.com/bingbot.htm) Chrome/116.0.1938.76 Safari/537.36"
162.0.217.222 - - [07/Jun/2025:22:15:04 -0400] "GET /cron3344/sendimeiorders HTTP/1.1" 200 0 "-" "Wget/1.19.5 (linux-gnu)"
162.0.217.222 - - [07/Jun/2025:22:15:04 -0400] "GET /cron3344/getimeiorders HTTP/1.1" 200 0 "-" "Wget/1.19.5 (linux-gnu)"
66.249.70.64 - - [07/Jun/2025:22:17:59 -0400] "GET /?c=1460023712146 HTTP/1.1" 200 19588 "-" "Mozilla/5.0 (Linux; Android 6.0.1; Nexus 5X Build/MMB29P) AppleWebKit/537.36 (KHTML, like Gecko) Chrome/136.0.7103.113 Mobile Safari/537.36 (compatible; Googlebot/2.1; +http://www.google.com/bot.html)"
162.0.217.222 - - [07/Jun/2025:22:20:04 -0400] "GET /cron3344/getimeiorders HTTP/1.1" 200 0 "-" "Wget/1.19.5 (linux-gnu)"
162.0.217.222 - - [07/Jun/2025:22:20:04 -0400] "GET /cron3344/sendimeiorders HTTP/1.1" 200 0 "-" "Wget/1.19.5 (linux-gnu)"
52.167.144.150 - - [07/Jun/2025:22:24:29 -0400] "GET /?c=46-159-1 HTTP/1.1" 200 17494 "-" "Mozilla/5.0 AppleWebKit/537.36 (KHTML, like Gecko; compatible; bingbot/2.0; +http://www.bing.com/bingbot.htm) Chrome/116.0.1938.76 Safari/537.36"
162.0.217.222 - - [07/Jun/2025:22:25:03 -0400] "GET /cron3344/getimeiorders HTTP/1.1" 200 0 "-" "Wget/1.19.5 (linux-gnu)"
162.0.217.222 - - [07/Jun/2025:22:25:03 -0400] "GET /cron3344/sendimeiorders HTTP/1.1" 200 0 "-" "Wget/1.19.5 (linux-gnu)"
66.249.70.64 - - [07/Jun/2025:22:25:26 -0400] "GET /?c=1314076353646 HTTP/1.1" 200 19418 "-" "Mozilla/5.0 (Linux; Android 6.0.1; Nexus 5X Build/MMB29P) AppleWebKit/537.36 (KHTML, like Gecko) Chrome/136.0.7103.113 Mobile Safari/537.36 (compatible; Googlebot/2.1; +http://www.google.com/bot.html)"
173.208.198.210 - - [07/Jun/2025:22:26:31 -0400] "GET /?testPage HTTP/1.1" 200 63 "-" "Mozilla/5.0 (compatible; Googlebot/2.1; +http://www.google.com/bot.html)"
173.208.198.210 - - [07/Jun/2025:22:26:33 -0400] "GET /?testPage HTTP/1.1" 200 14059 "-" "Mozilla/5.0 (Windows NT 10.0; Win64; x64) AppleWebKit/537.36 (KHTML, like Gecko) Chrome/125.0.0.0 Safari/537.36"
162.0.217.222 - - [07/Jun/2025:22:30:06 -0400] "GET /cron3344/getimeiorders HTTP/1.1" 200 0 "-" "Wget/1.19.5 (linux-gnu)"
162.0.217.222 - - [07/Jun/2025:22:30:06 -0400] "GET /cron3344/sendimeiorders HTTP/1.1" 200 0 "-" "Wget/1.19.5 (linux-gnu)"
162.0.217.222 - - [07/Jun/2025:22:35:03 -0400] "GET /cron3344/getimeiorders HTTP/1.1" 200 0 "-" "Wget/1.19.5 (linux-gnu)"
162.0.217.222 - - [07/Jun/2025:22:35:03 -0400] "GET /cron3344/sendimeiorders HTTP/1.1" 200 0 "-" "Wget/1.19.5 (linux-gnu)"
162.0.217.222 - - [07/Jun/2025:22:40:03 -0400] "GET /cron3344/getimeiorders HTTP/1.1" 200 0 "-" "Wget/1.19.5 (linux-gnu)"
162.0.217.222 - - [07/Jun/2025:22:40:03 -0400] "GET /cron3344/sendimeiorders HTTP/1.1" 200 0 "-" "Wget/1.19.5 (linux-gnu)"
162.0.217.222 - - [07/Jun/2025:22:45:04 -0400] "GET /cron3344/getimeiorders HTTP/1.1" 200 0 "-" "Wget/1.19.5 (linux-gnu)"
162.0.217.222 - - [07/Jun/2025:22:45:04 -0400] "GET /cron3344/sendimeiorders HTTP/1.1" 200 0 "-" "Wget/1.19.5 (linux-gnu)"
216.73.216.148 - - [07/Jun/2025:22:49:40 -0400] "GET /robots.txt HTTP/1.1" 200 78 "-" "Mozilla/5.0 AppleWebKit/537.36 (KHTML, like Gecko; compatible; ClaudeBot/1.0; +claudebot@anthropic.com)"
216.73.216.148 - - [07/Jun/2025:22:49:40 -0400] "GET /sitemap.xml HTTP/1.1" 200 11110 "-" "Mozilla/5.0 AppleWebKit/537.36 (KHTML, like Gecko; compatible; ClaudeBot/1.0; +claudebot@anthropic.com)"
43.157.179.227 - - [07/Jun/2025:22:49:53 -0400] "GET / HTTP/1.1" 200 16949 "http://slcodelab.com" "Mozilla/5.0 (iPhone; CPU iPhone OS 13_2_3 like Mac OS X) AppleWebKit/605.1.15 (KHTML, like Gecko) Version/13.0.3 Mobile/15E148 Safari/604.1"
162.0.217.222 - - [07/Jun/2025:22:50:04 -0400] "GET /cron3344/sendimeiorders HTTP/1.1" 200 0 "-" "Wget/1.19.5 (linux-gnu)"
162.0.217.222 - - [07/Jun/2025:22:50:04 -0400] "GET /cron3344/getimeiorders HTTP/1.1" 200 0 "-" "Wget/1.19.5 (linux-gnu)"
216.73.216.148 - - [07/Jun/2025:22:53:49 -0400] "GET /sitemap_collections.xml HTTP/1.1" 200 2660 "-" "Mozilla/5.0 AppleWebKit/537.36 (KHTML, like Gecko; compatible; ClaudeBot/1.0; +claudebot@anthropic.com)"
162.0.217.222 - - [07/Jun/2025:22:55:04 -0400] "GET /cron3344/sendimeiorders HTTP/1.1" 200 0 "-" "Wget/1.19.5 (linux-gnu)"
162.0.217.222 - - [07/Jun/2025:22:55:04 -0400] "GET /cron3344/getimeiorders HTTP/1.1" 200 0 "-" "Wget/1.19.5 (linux-gnu)"
66.249.70.70 - - [07/Jun/2025:22:59:02 -0400] "GET /?c=1322315811246 HTTP/1.1" 200 19093 "-" "Mozilla/5.0 (Linux; Android 6.0.1; Nexus 5X Build/MMB29P) AppleWebKit/537.36 (KHTML, like Gecko) Chrome/136.0.7103.113 Mobile Safari/537.36 (compatible; Googlebot/2.1; +http://www.google.com/bot.html)"
66.249.70.70 - - [07/Jun/2025:22:59:06 -0400] "GET /?c=1545833402146 HTTP/1.1" 200 19585 "-" "Mozilla/5.0 (Linux; Android 6.0.1; Nexus 5X Build/MMB29P) AppleWebKit/537.36 (KHTML, like Gecko) Chrome/136.0.7103.113 Mobile Safari/537.36 (compatible; Googlebot/2.1; +http://www.google.com/bot.html)"
162.0.217.222 - - [07/Jun/2025:23:00:05 -0400] "GET /cron3344/getimeiorders HTTP/1.1" 200 0 "-" "Wget/1.19.5 (linux-gnu)"
162.0.217.222 - - [07/Jun/2025:23:00:05 -0400] "GET /cron3344/sendimeiorders HTTP/1.1" 200 0 "-" "Wget/1.19.5 (linux-gnu)"
66.249.70.71 - - [07/Jun/2025:23:00:17 -0400] "GET /?c=1483680673846 HTTP/1.1" 200 19281 "-" "Mozilla/5.0 (Linux; Android 6.0.1; Nexus 5X Build/MMB29P) AppleWebKit/537.36 (KHTML, like Gecko) Chrome/136.0.7103.113 Mobile Safari/537.36 (compatible; Googlebot/2.1; +http://www.google.com/bot.html)"
66.249.70.71 - - [07/Jun/2025:23:00:58 -0400] "GET /?c=1461906850246 HTTP/1.1" 200 19663 "-" "Mozilla/5.0 (Linux; Android 6.0.1; Nexus 5X Build/MMB29P) AppleWebKit/537.36 (KHTML, like Gecko) Chrome/136.0.7103.113 Mobile Safari/537.36 (compatible; Googlebot/2.1; +http://www.google.com/bot.html)"
66.249.70.64 - - [07/Jun/2025:23:01:07 -0400] "GET /?c=1403612840446 HTTP/1.1" 200 19439 "-" "Mozilla/5.0 (Linux; Android 6.0.1; Nexus 5X Build/MMB29P) AppleWebKit/537.36 (KHTML, like Gecko) Chrome/136.0.7103.113 Mobile Safari/537.36 (compatible; Googlebot/2.1; +http://www.google.com/bot.html)"
66.249.70.71 - - [07/Jun/2025:23:02:11 -0400] "GET /?c=1493360011946 HTTP/1.1" 200 20155 "-" "Mozilla/5.0 (Linux; Android 6.0.1; Nexus 5X Build/MMB29P) AppleWebKit/537.36 (KHTML, like Gecko) Chrome/136.0.7103.113 Mobile Safari/537.36 (compatible; Googlebot/2.1; +http://www.google.com/bot.html)"
66.249.70.71 - - [07/Jun/2025:23:02:23 -0400] "GET /?c=1337239143446 HTTP/1.1" 200 19339 "-" "Mozilla/5.0 (Linux; Android 6.0.1; Nexus 5X Build/MMB29P) AppleWebKit/537.36 (KHTML, like Gecko) Chrome/136.0.7103.113 Mobile Safari/537.36 (compatible; Googlebot/2.1; +http://www.google.com/bot.html)"
