66.249.70.71 - - [07/Jun/2025:15:09:27 -0400] "GET /?c=912778801246 HTTP/1.1" 200 18969 "-" "Mozilla/5.0 (Linux; Android 6.0.1; Nexus 5X Build/MMB29P) AppleWebKit/537.36 (KHTML, like Gecko) Chrome/136.0.7103.113 Mobile Safari/537.36 (compatible; Googlebot/2.1; +http://www.google.com/bot.html)"
162.0.217.222 - - [07/Jun/2025:15:10:05 -0400] "GET /cron3344/sendimeiorders HTTP/1.1" 200 0 "-" "Wget/1.19.5 (linux-gnu)"
162.0.217.222 - - [07/Jun/2025:15:10:05 -0400] "GET /cron3344/getimeiorders HTTP/1.1" 200 0 "-" "Wget/1.19.5 (linux-gnu)"
54.36.148.96 - - [07/Jun/2025:15:11:47 -0400] "GET /?c=1008011430946 HTTP/1.1" 200 14059 "-" "Mozilla/5.0 (compatible; AhrefsBot/7.0; +http://ahrefs.com/robot/)"
66.249.70.64 - - [07/Jun/2025:15:13:14 -0400] "GET /?c=1405178231946 HTTP/1.1" 200 18270 "-" "Mozilla/5.0 (Linux; Android 6.0.1; Nexus 5X Build/MMB29P) AppleWebKit/537.36 (KHTML, like Gecko) Chrome/136.0.7103.113 Mobile Safari/537.36 (compatible; Googlebot/2.1; +http://www.google.com/bot.html)"
66.249.70.70 - - [07/Jun/2025:15:13:43 -0400] "GET /?c=1504238671346 HTTP/1.1" 200 18253 "-" "Mozilla/5.0 (Linux; Android 6.0.1; Nexus 5X Build/MMB29P) AppleWebKit/537.36 (KHTML, like Gecko) Chrome/136.0.7103.113 Mobile Safari/537.36 (compatible; Googlebot/2.1; +http://www.google.com/bot.html)"
54.36.148.250 - - [07/Jun/2025:15:13:51 -0400] "GET /?c=1014603703746 HTTP/1.1" 200 14059 "-" "Mozilla/5.0 (compatible; AhrefsBot/7.0; +http://ahrefs.com/robot/)"
198.44.190.142 - - [07/Jun/2025:15:14:19 -0400] "GET / HTTP/1.1" 200 139962 "-" "Mozilla/5.0 (Windows NT 10.0; Win64; x64) AppleWebKit/537.36 (KHTML, like Gecko) Chrome/80.0.3987.149 Safari/537.36"
198.44.190.142 - - [07/Jun/2025:15:14:20 -0400] "GET //wp-includes/wlwmanifest.xml HTTP/1.1" 200 269941 "-" "Mozilla/5.0 (Windows NT 10.0; Win64; x64) AppleWebKit/537.36 (KHTML, like Gecko) Chrome/80.0.3987.149 Safari/537.36"
198.44.190.142 - - [07/Jun/2025:15:14:22 -0400] "GET //xmlrpc.php?rsd HTTP/1.1" 404 1190 "-" "Mozilla/5.0 (Windows NT 10.0; Win64; x64) AppleWebKit/537.36 (KHTML, like Gecko) Chrome/80.0.3987.149 Safari/537.36"
198.44.190.142 - - [07/Jun/2025:15:14:24 -0400] "GET / HTTP/1.1" 200 139962 "-" "Mozilla/5.0 (Windows NT 10.0; Win64; x64) AppleWebKit/537.36 (KHTML, like Gecko) Chrome/80.0.3987.149 Safari/537.36"
198.44.190.142 - - [07/Jun/2025:15:14:26 -0400] "GET //blog/wp-includes/wlwmanifest.xml HTTP/1.1" 200 269945 "-" "Mozilla/5.0 (Windows NT 10.0; Win64; x64) AppleWebKit/537.36 (KHTML, like Gecko) Chrome/80.0.3987.149 Safari/537.36"
198.44.190.142 - - [07/Jun/2025:15:14:28 -0400] "GET //web/wp-includes/wlwmanifest.xml HTTP/1.1" 200 269948 "-" "Mozilla/5.0 (Windows NT 10.0; Win64; x64) AppleWebKit/537.36 (KHTML, like Gecko) Chrome/80.0.3987.149 Safari/537.36"
198.44.190.142 - - [07/Jun/2025:15:14:30 -0400] "GET //wordpress/wp-includes/wlwmanifest.xml HTTP/1.1" 200 269963 "-" "Mozilla/5.0 (Windows NT 10.0; Win64; x64) AppleWebKit/537.36 (KHTML, like Gecko) Chrome/80.0.3987.149 Safari/537.36"
198.44.190.142 - - [07/Jun/2025:15:14:32 -0400] "GET //website/wp-includes/wlwmanifest.xml HTTP/1.1" 200 269972 "-" "Mozilla/5.0 (Windows NT 10.0; Win64; x64) AppleWebKit/537.36 (KHTML, like Gecko) Chrome/80.0.3987.149 Safari/537.36"
198.44.190.142 - - [07/Jun/2025:15:14:33 -0400] "GET //wp/wp-includes/wlwmanifest.xml HTTP/1.1" 200 269915 "-" "Mozilla/5.0 (Windows NT 10.0; Win64; x64) AppleWebKit/537.36 (KHTML, like Gecko) Chrome/80.0.3987.149 Safari/537.36"
198.44.190.142 - - [07/Jun/2025:15:14:35 -0400] "GET //news/wp-includes/wlwmanifest.xml HTTP/1.1" 200 270003 "-" "Mozilla/5.0 (Windows NT 10.0; Win64; x64) AppleWebKit/537.36 (KHTML, like Gecko) Chrome/80.0.3987.149 Safari/537.36"
198.44.190.142 - - [07/Jun/2025:15:14:37 -0400] "GET //2018/wp-includes/wlwmanifest.xml HTTP/1.1" 200 269950 "-" "Mozilla/5.0 (Windows NT 10.0; Win64; x64) AppleWebKit/537.36 (KHTML, like Gecko) Chrome/80.0.3987.149 Safari/537.36"
198.44.190.142 - - [07/Jun/2025:15:14:39 -0400] "GET //2019/wp-includes/wlwmanifest.xml HTTP/1.1" 200 269963 "-" "Mozilla/5.0 (Windows NT 10.0; Win64; x64) AppleWebKit/537.36 (KHTML, like Gecko) Chrome/80.0.3987.149 Safari/537.36"
198.44.190.142 - - [07/Jun/2025:15:14:40 -0400] "GET //shop/wp-includes/wlwmanifest.xml HTTP/1.1" 200 269959 "-" "Mozilla/5.0 (Windows NT 10.0; Win64; x64) AppleWebKit/537.36 (KHTML, like Gecko) Chrome/80.0.3987.149 Safari/537.36"
198.44.190.142 - - [07/Jun/2025:15:14:42 -0400] "GET //wp1/wp-includes/wlwmanifest.xml HTTP/1.1" 200 270005 "-" "Mozilla/5.0 (Windows NT 10.0; Win64; x64) AppleWebKit/537.36 (KHTML, like Gecko) Chrome/80.0.3987.149 Safari/537.36"
198.44.190.142 - - [07/Jun/2025:15:14:43 -0400] "GET //test/wp-includes/wlwmanifest.xml HTTP/1.1" 200 269953 "-" "Mozilla/5.0 (Windows NT 10.0; Win64; x64) AppleWebKit/537.36 (KHTML, like Gecko) Chrome/80.0.3987.149 Safari/537.36"
198.44.190.142 - - [07/Jun/2025:15:14:45 -0400] "GET //media/wp-includes/wlwmanifest.xml HTTP/1.1" 200 269956 "-" "Mozilla/5.0 (Windows NT 10.0; Win64; x64) AppleWebKit/537.36 (KHTML, like Gecko) Chrome/80.0.3987.149 Safari/537.36"
198.44.190.142 - - [07/Jun/2025:15:14:47 -0400] "GET //wp2/wp-includes/wlwmanifest.xml HTTP/1.1" 200 269982 "-" "Mozilla/5.0 (Windows NT 10.0; Win64; x64) AppleWebKit/537.36 (KHTML, like Gecko) Chrome/80.0.3987.149 Safari/537.36"
198.44.190.142 - - [07/Jun/2025:15:14:50 -0400] "GET //site/wp-includes/wlwmanifest.xml HTTP/1.1" 200 269955 "-" "Mozilla/5.0 (Windows NT 10.0; Win64; x64) AppleWebKit/537.36 (KHTML, like Gecko) Chrome/80.0.3987.149 Safari/537.36"
198.44.190.142 - - [07/Jun/2025:15:14:51 -0400] "GET //cms/wp-includes/wlwmanifest.xml HTTP/1.1" 200 269978 "-" "Mozilla/5.0 (Windows NT 10.0; Win64; x64) AppleWebKit/537.36 (KHTML, like Gecko) Chrome/80.0.3987.149 Safari/537.36"
198.44.190.142 - - [07/Jun/2025:15:14:53 -0400] "GET //sito/wp-includes/wlwmanifest.xml HTTP/1.1" 200 269938 "-" "Mozilla/5.0 (Windows NT 10.0; Win64; x64) AppleWebKit/537.36 (KHTML, like Gecko) Chrome/80.0.3987.149 Safari/537.36"
162.0.217.222 - - [07/Jun/2025:15:15:03 -0400] "GET /cron3344/sendimeiorders HTTP/1.1" 200 0 "-" "Wget/1.19.5 (linux-gnu)"
162.0.217.222 - - [07/Jun/2025:15:15:03 -0400] "GET /cron3344/getimeiorders HTTP/1.1" 200 0 "-" "Wget/1.19.5 (linux-gnu)"
54.36.148.156 - - [07/Jun/2025:15:15:51 -0400] "GET /?c=1019381182246 HTTP/1.1" 200 14059 "-" "Mozilla/5.0 (compatible; AhrefsBot/7.0; +http://ahrefs.com/robot/)"
66.249.70.64 - - [07/Jun/2025:15:16:44 -0400] "GET /?c=1396727672646 HTTP/1.1" 200 19872 "-" "Mozilla/5.0 (Linux; Android 6.0.1; Nexus 5X Build/MMB29P) AppleWebKit/537.36 (KHTML, like Gecko) Chrome/136.0.7103.113 Mobile Safari/537.36 (compatible; Googlebot/2.1; +http://www.google.com/bot.html)"
20.15.133.162 - - [07/Jun/2025:15:17:57 -0400] "GET /?c=323310800346 HTTP/1.1" 200 19561 "-" "Mozilla/5.0 AppleWebKit/537.36 (KHTML, like Gecko; compatible; bingbot/2.0; +http://www.bing.com/bingbot.htm) Chrome/116.0.1938.76 Safari/537.36"
54.36.148.95 - - [07/Jun/2025:15:18:26 -0400] "GET /?c=1021098440146 HTTP/1.1" 200 14057 "-" "Mozilla/5.0 (compatible; AhrefsBot/7.0; +http://ahrefs.com/robot/)"
162.0.217.222 - - [07/Jun/2025:15:20:03 -0400] "GET /cron3344/sendimeiorders HTTP/1.1" 200 0 "-" "Wget/1.19.5 (linux-gnu)"
162.0.217.222 - - [07/Jun/2025:15:20:04 -0400] "GET /cron3344/getimeiorders HTTP/1.1" 200 0 "-" "Wget/1.19.5 (linux-gnu)"
54.36.148.151 - - [07/Jun/2025:15:20:18 -0400] "GET /?c=1032480533246 HTTP/1.1" 200 14059 "-" "Mozilla/5.0 (compatible; AhrefsBot/7.0; +http://ahrefs.com/robot/)"
20.15.133.175 - - [07/Jun/2025:15:20:47 -0400] "GET /?c=1223617343346 HTTP/1.1" 200 18796 "-" "Mozilla/5.0 AppleWebKit/537.36 (KHTML, like Gecko; compatible; bingbot/2.0; +http://www.bing.com/bingbot.htm) Chrome/116.0.1938.76 Safari/537.36"
66.249.70.71 - - [07/Jun/2025:15:21:30 -0400] "GET /?c=1505490492246 HTTP/1.1" 200 18808 "-" "Mozilla/5.0 (Linux; Android 6.0.1; Nexus 5X Build/MMB29P) AppleWebKit/537.36 (KHTML, like Gecko) Chrome/136.0.7103.113 Mobile Safari/537.36 (compatible; Googlebot/2.1; +http://www.google.com/bot.html)"
40.77.167.55 - - [07/Jun/2025:15:21:38 -0400] "GET /?c=1126814850946 HTTP/1.1" 200 19018 "-" "Mozilla/5.0 AppleWebKit/537.36 (KHTML, like Gecko; compatible; bingbot/2.0; +http://www.bing.com/bingbot.htm) Chrome/116.0.1938.76 Safari/537.36"
54.36.148.114 - - [07/Jun/2025:15:22:34 -0400] "GET /?c=1059761341246 HTTP/1.1" 200 14059 "-" "Mozilla/5.0 (compatible; AhrefsBot/7.0; +http://ahrefs.com/robot/)"
52.167.144.219 - - [07/Jun/2025:15:23:37 -0400] "GET /?c=1562046022146 HTTP/1.1" 200 20040 "-" "Mozilla/5.0 AppleWebKit/537.36 (KHTML, like Gecko; compatible; bingbot/2.0; +http://www.bing.com/bingbot.htm) Chrome/116.0.1938.76 Safari/537.36"
54.36.148.36 - - [07/Jun/2025:15:24:42 -0400] "GET /?c=1066804300746 HTTP/1.1" 200 14058 "-" "Mozilla/5.0 (compatible; AhrefsBot/7.0; +http://ahrefs.com/robot/)"
162.0.217.222 - - [07/Jun/2025:15:25:04 -0400] "GET /cron3344/sendimeiorders HTTP/1.1" 200 0 "-" "Wget/1.19.5 (linux-gnu)"
162.0.217.222 - - [07/Jun/2025:15:25:04 -0400] "GET /cron3344/getimeiorders HTTP/1.1" 200 0 "-" "Wget/1.19.5 (linux-gnu)"
40.77.167.22 - - [07/Jun/2025:15:26:09 -0400] "GET / HTTP/1.1" 200 17054 "-" "Mozilla/5.0 AppleWebKit/537.36 (KHTML, like Gecko; compatible; bingbot/2.0; +http://www.bing.com/bingbot.htm) Chrome/116.0.1938.76 Safari/537.36"
66.249.70.71 - - [07/Jun/2025:15:26:27 -0400] "GET /?c=1463153273746 HTTP/1.1" 200 19196 "-" "Mozilla/5.0 (Linux; Android 6.0.1; Nexus 5X Build/MMB29P) AppleWebKit/537.36 (KHTML, like Gecko) Chrome/136.0.7103.113 Mobile Safari/537.36 (compatible; Googlebot/2.1; +http://www.google.com/bot.html)"
54.36.148.196 - - [07/Jun/2025:15:27:06 -0400] "GET /?c=1067197980146 HTTP/1.1" 200 14058 "-" "Mozilla/5.0 (compatible; AhrefsBot/7.0; +http://ahrefs.com/robot/)"
66.249.70.64 - - [07/Jun/2025:15:28:29 -0400] "GET /?c=1314645513346 HTTP/1.1" 200 19590 "-" "Mozilla/5.0 (Linux; Android 6.0.1; Nexus 5X Build/MMB29P) AppleWebKit/537.36 (KHTML, like Gecko) Chrome/136.0.7103.113 Mobile Safari/537.36 (compatible; Googlebot/2.1; +http://www.google.com/bot.html)"
54.36.149.95 - - [07/Jun/2025:15:29:09 -0400] "GET /?c=1079230340246 HTTP/1.1" 200 14058 "-" "Mozilla/5.0 (compatible; AhrefsBot/7.0; +http://ahrefs.com/robot/)"
162.0.217.222 - - [07/Jun/2025:15:30:05 -0400] "GET /cron3344/getimeiorders HTTP/1.1" 200 0 "-" "Wget/1.19.5 (linux-gnu)"
162.0.217.222 - - [07/Jun/2025:15:30:05 -0400] "GET /cron3344/sendimeiorders HTTP/1.1" 200 0 "-" "Wget/1.19.5 (linux-gnu)"
54.36.149.30 - - [07/Jun/2025:15:30:47 -0400] "GET /?c=1080246600946 HTTP/1.1" 200 14060 "-" "Mozilla/5.0 (compatible; AhrefsBot/7.0; +http://ahrefs.com/robot/)"
52.167.144.219 - - [07/Jun/2025:15:32:17 -0400] "GET /?c=1453714962046 HTTP/1.1" 200 19136 "-" "Mozilla/5.0 AppleWebKit/537.36 (KHTML, like Gecko; compatible; bingbot/2.0; +http://www.bing.com/bingbot.htm) Chrome/116.0.1938.76 Safari/537.36"
54.36.148.230 - - [07/Jun/2025:15:32:42 -0400] "GET /?c=1088112411046 HTTP/1.1" 200 14059 "-" "Mozilla/5.0 (compatible; AhrefsBot/7.0; +http://ahrefs.com/robot/)"
40.77.167.47 - - [07/Jun/2025:15:33:55 -0400] "GET /?c=1381311381846 HTTP/1.1" 200 20164 "-" "Mozilla/5.0 AppleWebKit/537.36 (KHTML, like Gecko; compatible; bingbot/2.0; +http://www.bing.com/bingbot.htm) Chrome/116.0.1938.76 Safari/537.36"
54.36.149.84 - - [07/Jun/2025:15:35:00 -0400] "GET /?c=1113881892346 HTTP/1.1" 200 14058 "-" "Mozilla/5.0 (compatible; AhrefsBot/7.0; +http://ahrefs.com/robot/)"
162.0.217.222 - - [07/Jun/2025:15:35:04 -0400] "GET /cron3344/getimeiorders HTTP/1.1" 200 0 "-" "Wget/1.19.5 (linux-gnu)"
162.0.217.222 - - [07/Jun/2025:15:35:04 -0400] "GET /cron3344/sendimeiorders HTTP/1.1" 200 0 "-" "Wget/1.19.5 (linux-gnu)"
20.15.133.162 - - [07/Jun/2025:15:35:33 -0400] "GET /?c=509863023846 HTTP/1.1" 200 19850 "-" "Mozilla/5.0 AppleWebKit/537.36 (KHTML, like Gecko; compatible; bingbot/2.0; +http://www.bing.com/bingbot.htm) Chrome/116.0.1938.76 Safari/537.36"
66.249.70.70 - - [07/Jun/2025:15:36:30 -0400] "GET /?c=1462599512246 HTTP/1.1" 200 19555 "-" "Mozilla/5.0 (Linux; Android 6.0.1; Nexus 5X Build/MMB29P) AppleWebKit/537.36 (KHTML, like Gecko) Chrome/136.0.7103.113 Mobile Safari/537.36 (compatible; Googlebot/2.1; +http://www.google.com/bot.html)"
54.36.149.9 - - [07/Jun/2025:15:37:02 -0400] "GET /?c=1121163062046 HTTP/1.1" 200 14060 "-" "Mozilla/5.0 (compatible; AhrefsBot/7.0; +http://ahrefs.com/robot/)"
54.36.148.231 - - [07/Jun/2025:15:39:04 -0400] "GET /?c=1136767901746 HTTP/1.1" 200 14060 "-" "Mozilla/5.0 (compatible; AhrefsBot/7.0; +http://ahrefs.com/robot/)"
162.0.217.222 - - [07/Jun/2025:15:40:04 -0400] "GET /cron3344/getimeiorders HTTP/1.1" 200 0 "-" "Wget/1.19.5 (linux-gnu)"
162.0.217.222 - - [07/Jun/2025:15:40:04 -0400] "GET /cron3344/sendimeiorders HTTP/1.1" 200 0 "-" "Wget/1.19.5 (linux-gnu)"
54.36.148.214 - - [07/Jun/2025:15:41:12 -0400] "GET /?c=116116070946 HTTP/1.1" 200 14059 "-" "Mozilla/5.0 (compatible; AhrefsBot/7.0; +http://ahrefs.com/robot/)"
54.36.148.255 - - [07/Jun/2025:15:42:48 -0400] "GET /?c=1173143883346 HTTP/1.1" 200 14060 "-" "Mozilla/5.0 (compatible; AhrefsBot/7.0; +http://ahrefs.com/robot/)"
54.36.149.30 - - [07/Jun/2025:15:44:42 -0400] "GET /?c=1188602521046 HTTP/1.1" 200 14058 "-" "Mozilla/5.0 (compatible; AhrefsBot/7.0; +http://ahrefs.com/robot/)"
66.249.70.71 - - [07/Jun/2025:15:44:47 -0400] "GET /?c=1032753923246 HTTP/1.1" 200 19952 "-" "Mozilla/5.0 (Linux; Android 6.0.1; Nexus 5X Build/MMB29P) AppleWebKit/537.36 (KHTML, like Gecko) Chrome/136.0.7103.113 Mobile Safari/537.36 (compatible; Googlebot/2.1; +http://www.google.com/bot.html)"
162.0.217.222 - - [07/Jun/2025:15:45:04 -0400] "GET /cron3344/sendimeiorders HTTP/1.1" 200 0 "-" "Wget/1.19.5 (linux-gnu)"
162.0.217.222 - - [07/Jun/2025:15:45:04 -0400] "GET /cron3344/getimeiorders HTTP/1.1" 200 0 "-" "Wget/1.19.5 (linux-gnu)"
54.36.149.62 - - [07/Jun/2025:15:46:21 -0400] "GET /?c=1196605951446 HTTP/1.1" 200 14058 "-" "Mozilla/5.0 (compatible; AhrefsBot/7.0; +http://ahrefs.com/robot/)"
47.79.5.126 - - [07/Jun/2025:15:47:09 -0400] "GET / HTTP/1.1" 200 16948 "https://www.slcodelab.com/" "Mozilla/5.0 (Windows NT 10.0; Win64; x64) AppleWebKit/537.36 (KHTML, like Gecko) Chrome/114.0.0.0 Safari/537.36 Edg/114.0.1823.43"
54.36.148.167 - - [07/Jun/2025:15:48:33 -0400] "GET /?c=1199169952846 HTTP/1.1" 200 14059 "-" "Mozilla/5.0 (compatible; AhrefsBot/7.0; +http://ahrefs.com/robot/)"
162.0.217.222 - - [07/Jun/2025:15:50:04 -0400] "GET /cron3344/getimeiorders HTTP/1.1" 200 0 "-" "Wget/1.19.5 (linux-gnu)"
162.0.217.222 - - [07/Jun/2025:15:50:04 -0400] "GET /cron3344/sendimeiorders HTTP/1.1" 200 0 "-" "Wget/1.19.5 (linux-gnu)"
54.36.148.248 - - [07/Jun/2025:15:50:18 -0400] "GET /?c=1214289742046 HTTP/1.1" 200 14060 "-" "Mozilla/5.0 (compatible; AhrefsBot/7.0; +http://ahrefs.com/robot/)"
20.15.133.175 - - [07/Jun/2025:15:50:44 -0400] "GET /?c=346482160646 HTTP/1.1" 200 19871 "-" "Mozilla/5.0 AppleWebKit/537.36 (KHTML, like Gecko; compatible; bingbot/2.0; +http://www.bing.com/bingbot.htm) Chrome/116.0.1938.76 Safari/537.36"
40.77.167.116 - - [07/Jun/2025:15:50:58 -0400] "GET /?c=1024135951146 HTTP/1.1" 200 19939 "-" "Mozilla/5.0 AppleWebKit/537.36 (KHTML, like Gecko; compatible; bingbot/2.0; +http://www.bing.com/bingbot.htm) Chrome/116.0.1938.76 Safari/537.36"
54.36.148.92 - - [07/Jun/2025:15:52:04 -0400] "GET /?c=1236675664046 HTTP/1.1" 200 14059 "-" "Mozilla/5.0 (compatible; AhrefsBot/7.0; +http://ahrefs.com/robot/)"
52.44.148.203 - - [07/Jun/2025:15:52:21 -0400] "GET /robots.txt HTTP/1.1" 200 98 "-" "Mozilla/5.0 AppleWebKit/537.36 (KHTML, like Gecko; compatible; Amazonbot/0.1; +https://developer.amazon.com/support/amazonbot) Chrome/119.0.6045.214 Safari/537.36"
52.200.142.199 - - [07/Jun/2025:15:52:22 -0400] "GET /home/brand_services/4 HTTP/1.1" 200 14079 "-" "Mozilla/5.0 AppleWebKit/537.36 (KHTML, like Gecko; compatible; Amazonbot/0.1; +https://developer.amazon.com/support/amazonbot) Chrome/119.0.6045.214 Safari/537.36"
54.36.148.186 - - [07/Jun/2025:15:54:07 -0400] "GET /?c=1265402261446 HTTP/1.1" 200 14058 "-" "Mozilla/5.0 (compatible; AhrefsBot/7.0; +http://ahrefs.com/robot/)"
162.0.217.222 - - [07/Jun/2025:15:55:04 -0400] "GET /cron3344/getimeiorders HTTP/1.1" 200 0 "-" "Wget/1.19.5 (linux-gnu)"
162.0.217.222 - - [07/Jun/2025:15:55:04 -0400] "GET /cron3344/sendimeiorders HTTP/1.1" 200 0 "-" "Wget/1.19.5 (linux-gnu)"
54.36.149.58 - - [07/Jun/2025:15:56:59 -0400] "GET /?c=127594943446 HTTP/1.1" 200 14059 "-" "Mozilla/5.0 (compatible; AhrefsBot/7.0; +http://ahrefs.com/robot/)"
66.249.70.70 - - [07/Jun/2025:15:57:38 -0400] "GET /?c=1355630733946 HTTP/1.1" 200 18794 "-" "Mozilla/5.0 (Linux; Android 6.0.1; Nexus 5X Build/MMB29P) AppleWebKit/537.36 (KHTML, like Gecko) Chrome/136.0.7103.113 Mobile Safari/537.36 (compatible; Googlebot/2.1; +http://www.google.com/bot.html)"
162.0.217.222 - - [07/Jun/2025:16:00:04 -0400] "GET /cron3344/sendimeiorders HTTP/1.1" 200 0 "-" "Wget/1.19.5 (linux-gnu)"
162.0.217.222 - - [07/Jun/2025:16:00:04 -0400] "GET /cron3344/getimeiorders HTTP/1.1" 200 0 "-" "Wget/1.19.5 (linux-gnu)"
162.0.217.222 - - [07/Jun/2025:16:05:05 -0400] "GET /cron3344/getimeiorders HTTP/1.1" 200 0 "-" "Wget/1.19.5 (linux-gnu)"
162.0.217.222 - - [07/Jun/2025:16:05:05 -0400] "GET /cron3344/sendimeiorders HTTP/1.1" 200 0 "-" "Wget/1.19.5 (linux-gnu)"
162.0.217.222 - - [07/Jun/2025:16:10:04 -0400] "GET /cron3344/sendimeiorders HTTP/1.1" 200 0 "-" "Wget/1.19.5 (linux-gnu)"
162.0.217.222 - - [07/Jun/2025:16:10:04 -0400] "GET /cron3344/getimeiorders HTTP/1.1" 200 0 "-" "Wget/1.19.5 (linux-gnu)"
66.249.70.70 - - [07/Jun/2025:16:14:53 -0400] "GET /?c=1545872992646 HTTP/1.1" 200 18706 "-" "Mozilla/5.0 (Linux; Android 6.0.1; Nexus 5X Build/MMB29P) AppleWebKit/537.36 (KHTML, like Gecko) Chrome/136.0.7103.113 Mobile Safari/537.36 (compatible; Googlebot/2.1; +http://www.google.com/bot.html)"
162.0.217.222 - - [07/Jun/2025:16:15:03 -0400] "GET /cron3344/getimeiorders HTTP/1.1" 200 0 "-" "Wget/1.19.5 (linux-gnu)"
162.0.217.222 - - [07/Jun/2025:16:15:03 -0400] "GET /cron3344/sendimeiorders HTTP/1.1" 200 0 "-" "Wget/1.19.5 (linux-gnu)"
66.249.70.64 - - [07/Jun/2025:16:15:39 -0400] "GET /?c=1521244291446 HTTP/1.1" 200 18782 "-" "Mozilla/5.0 (Linux; Android 6.0.1; Nexus 5X Build/MMB29P) AppleWebKit/537.36 (KHTML, like Gecko) Chrome/136.0.7103.113 Mobile Safari/537.36 (compatible; Googlebot/2.1; +http://www.google.com/bot.html)"
20.15.133.163 - - [07/Jun/2025:16:18:56 -0400] "GET /?c=222395482446 HTTP/1.1" 200 19875 "-" "Mozilla/5.0 AppleWebKit/537.36 (KHTML, like Gecko; compatible; bingbot/2.0; +http://www.bing.com/bingbot.htm) Chrome/116.0.1938.76 Safari/537.36"
40.77.167.159 - - [07/Jun/2025:16:19:30 -0400] "GET /?c=1326745103646 HTTP/1.1" 200 18475 "-" "Mozilla/5.0 AppleWebKit/537.36 (KHTML, like Gecko; compatible; bingbot/2.0; +http://www.bing.com/bingbot.htm) Chrome/116.0.1938.76 Safari/537.36"
162.0.217.222 - - [07/Jun/2025:16:20:04 -0400] "GET /cron3344/getimeiorders HTTP/1.1" 200 0 "-" "Wget/1.19.5 (linux-gnu)"
162.0.217.222 - - [07/Jun/2025:16:20:04 -0400] "GET /cron3344/sendimeiorders HTTP/1.1" 200 0 "-" "Wget/1.19.5 (linux-gnu)"
20.15.133.163 - - [07/Jun/2025:16:21:46 -0400] "GET /?c=1019745621846 HTTP/1.1" 200 18648 "-" "Mozilla/5.0 AppleWebKit/537.36 (KHTML, like Gecko; compatible; bingbot/2.0; +http://www.bing.com/bingbot.htm) Chrome/116.0.1938.76 Safari/537.36"
162.0.217.222 - - [07/Jun/2025:16:25:03 -0400] "GET /cron3344/getimeiorders HTTP/1.1" 200 0 "-" "Wget/1.19.5 (linux-gnu)"
162.0.217.222 - - [07/Jun/2025:16:25:03 -0400] "GET /cron3344/sendimeiorders HTTP/1.1" 200 0 "-" "Wget/1.19.5 (linux-gnu)"
162.0.217.222 - - [07/Jun/2025:16:30:06 -0400] "GET /cron3344/getimeiorders HTTP/1.1" 200 0 "-" "Wget/1.19.5 (linux-gnu)"
162.0.217.222 - - [07/Jun/2025:16:30:06 -0400] "GET /cron3344/sendimeiorders HTTP/1.1" 200 0 "-" "Wget/1.19.5 (linux-gnu)"
4.227.36.85 - - [07/Jun/2025:16:34:13 -0400] "GET /robots.txt HTTP/1.1" 200 78 "-" "Mozilla/5.0 AppleWebKit/537.36 (KHTML, like Gecko; compatible; GPTBot/1.2; +https://openai.com/gptbot)"
20.171.207.87 - - [07/Jun/2025:16:34:14 -0400] "GET /sitemap_collections.xml HTTP/1.1" 200 2660 "-" "Mozilla/5.0 AppleWebKit/537.36 (KHTML, like Gecko; compatible; GPTBot/1.2; +https://openai.com/gptbot)"
162.0.217.222 - - [07/Jun/2025:16:35:04 -0400] "GET /cron3344/sendimeiorders HTTP/1.1" 200 0 "-" "Wget/1.19.5 (linux-gnu)"
162.0.217.222 - - [07/Jun/2025:16:35:04 -0400] "GET /cron3344/getimeiorders HTTP/1.1" 200 0 "-" "Wget/1.19.5 (linux-gnu)"
162.0.217.222 - - [07/Jun/2025:16:40:04 -0400] "GET /cron3344/sendimeiorders HTTP/1.1" 200 0 "-" "Wget/1.19.5 (linux-gnu)"
162.0.217.222 - - [07/Jun/2025:16:40:04 -0400] "GET /cron3344/getimeiorders HTTP/1.1" 200 0 "-" "Wget/1.19.5 (linux-gnu)"
20.171.207.87 - - [07/Jun/2025:16:41:06 -0400] "GET /sitemap.xml HTTP/1.1" 200 11029 "-" "Mozilla/5.0 AppleWebKit/537.36 (KHTML, like Gecko; compatible; GPTBot/1.2; +https://openai.com/gptbot)"
66.249.70.70 - - [07/Jun/2025:16:41:46 -0400] "GET /?c=1347962561146 HTTP/1.1" 200 19568 "-" "Mozilla/5.0 (Linux; Android 6.0.1; Nexus 5X Build/MMB29P) AppleWebKit/537.36 (KHTML, like Gecko) Chrome/136.0.7103.113 Mobile Safari/537.36 (compatible; Googlebot/2.1; +http://www.google.com/bot.html)"
51.68.107.142 - - [07/Jun/2025:16:42:20 -0400] "GET /robots.txt HTTP/1.1" 200 78 "-" "Mozilla/5.0 (compatible; MJ12bot/v2.0.2; http://mj12bot.com/)"
51.68.107.142 - - [07/Jun/2025:16:42:20 -0400] "GET / HTTP/1.1" 200 14060 "-" "Mozilla/5.0 (compatible; MJ12bot/v2.0.2; http://mj12bot.com/)"
66.249.70.70 - - [07/Jun/2025:16:42:40 -0400] "GET /?c=1371709104046 HTTP/1.1" 200 18774 "-" "Mozilla/5.0 (Linux; Android 6.0.1; Nexus 5X Build/MMB29P) AppleWebKit/537.36 (KHTML, like Gecko) Chrome/136.0.7103.113 Mobile Safari/537.36 (compatible; Googlebot/2.1; +http://www.google.com/bot.html)"
162.0.217.222 - - [07/Jun/2025:16:45:03 -0400] "GET /cron3344/sendimeiorders HTTP/1.1" 200 0 "-" "Wget/1.19.5 (linux-gnu)"
162.0.217.222 - - [07/Jun/2025:16:45:03 -0400] "GET /cron3344/getimeiorders HTTP/1.1" 200 0 "-" "Wget/1.19.5 (linux-gnu)"
20.15.133.184 - - [07/Jun/2025:16:46:44 -0400] "GET /?c=594969293646 HTTP/1.1" 200 18692 "-" "Mozilla/5.0 AppleWebKit/537.36 (KHTML, like Gecko; compatible; bingbot/2.0; +http://www.bing.com/bingbot.htm) Chrome/116.0.1938.76 Safari/537.36"
66.249.70.64 - - [07/Jun/2025:16:47:23 -0400] "GET /?c=1582876464046 HTTP/1.1" 200 19864 "-" "Mozilla/5.0 (Linux; Android 6.0.1; Nexus 5X Build/MMB29P) AppleWebKit/537.36 (KHTML, like Gecko) Chrome/136.0.7103.113 Mobile Safari/537.36 (compatible; Googlebot/2.1; +http://www.google.com/bot.html)"
20.15.133.184 - - [07/Jun/2025:16:48:05 -0400] "GET /?c=962010183846 HTTP/1.1" 200 19597 "-" "Mozilla/5.0 AppleWebKit/537.36 (KHTML, like Gecko; compatible; bingbot/2.0; +http://www.bing.com/bingbot.htm) Chrome/116.0.1938.76 Safari/537.36"
162.0.217.222 - - [07/Jun/2025:16:50:03 -0400] "GET /cron3344/getimeiorders HTTP/1.1" 200 0 "-" "Wget/1.19.5 (linux-gnu)"
162.0.217.222 - - [07/Jun/2025:16:50:03 -0400] "GET /cron3344/sendimeiorders HTTP/1.1" 200 0 "-" "Wget/1.19.5 (linux-gnu)"
20.15.133.162 - - [07/Jun/2025:16:50:49 -0400] "GET /?c=195137701246 HTTP/1.1" 200 19003 "-" "Mozilla/5.0 AppleWebKit/537.36 (KHTML, like Gecko; compatible; bingbot/2.0; +http://www.bing.com/bingbot.htm) Chrome/116.0.1938.76 Safari/537.36"
47.82.60.242 - - [07/Jun/2025:16:53:03 -0400] "GET /?c=1382097133446 HTTP/1.1" 200 16948 "https://www.slcodelab.com/?c=1382097133446" "Mozilla/5.0 (Windows NT 10.0; Win64; x64) AppleWebKit/537.36 (KHTML, like Gecko) Chrome/114.0.0.0 Safari/537.36 Edg/114.0.1823.43"
194.9.191.20 - - [07/Jun/2025:16:53:52 -0400] "GET / HTTP/1.1" 200 16949 "-" "Mozilla/5.0 (compatible; vuhuvRBT/2.0; +https://vuhuv.com/rbt.html)"
194.9.191.20 - - [07/Jun/2025:16:53:53 -0400] "GET /robots.txt HTTP/1.1" 200 102 "-" "Mozilla/5.0 (compatible; vuhuvRBT/2.0; +https://vuhuv.com/rbt.html)"
66.249.70.71 - - [07/Jun/2025:16:54:37 -0400] "GET /?c=1020008263346 HTTP/1.1" 200 19203 "-" "Mozilla/5.0 (Linux; Android 6.0.1; Nexus 5X Build/MMB29P) AppleWebKit/537.36 (KHTML, like Gecko) Chrome/136.0.7103.113 Mobile Safari/537.36 (compatible; Googlebot/2.1; +http://www.google.com/bot.html)"
162.0.217.222 - - [07/Jun/2025:16:55:04 -0400] "GET /cron3344/getimeiorders HTTP/1.1" 200 0 "-" "Wget/1.19.5 (linux-gnu)"
162.0.217.222 - - [07/Jun/2025:16:55:04 -0400] "GET /cron3344/sendimeiorders HTTP/1.1" 200 0 "-" "Wget/1.19.5 (linux-gnu)"
20.15.133.191 - - [07/Jun/2025:16:55:40 -0400] "GET /?c=1280934083346 HTTP/1.1" 200 18960 "-" "Mozilla/5.0 AppleWebKit/537.36 (KHTML, like Gecko; compatible; bingbot/2.0; +http://www.bing.com/bingbot.htm) Chrome/116.0.1938.76 Safari/537.36"
66.249.70.64 - - [07/Jun/2025:16:58:18 -0400] "GET /?c=1443569801546 HTTP/1.1" 200 18531 "-" "Mozilla/5.0 (Linux; Android 6.0.1; Nexus 5X Build/MMB29P) AppleWebKit/537.36 (KHTML, like Gecko) Chrome/136.0.7103.113 Mobile Safari/537.36 (compatible; Googlebot/2.1; +http://www.google.com/bot.html)"
66.249.70.70 - - [07/Jun/2025:16:59:52 -0400] "GET /?c=1443545251746 HTTP/1.1" 200 19487 "-" "Mozilla/5.0 (Linux; Android 6.0.1; Nexus 5X Build/MMB29P) AppleWebKit/537.36 (KHTML, like Gecko) Chrome/136.0.7103.113 Mobile Safari/537.36 (compatible; Googlebot/2.1; +http://www.google.com/bot.html)"
162.0.217.222 - - [07/Jun/2025:17:00:04 -0400] "GET /cron3344/getimeiorders HTTP/1.1" 200 0 "-" "Wget/1.19.5 (linux-gnu)"
162.0.217.222 - - [07/Jun/2025:17:00:04 -0400] "GET /cron3344/sendimeiorders HTTP/1.1" 200 0 "-" "Wget/1.19.5 (linux-gnu)"
40.69.212.175 - - [07/Jun/2025:17:03:14 -0400] "GET /0.php HTTP/1.1" 404 1190 "-" "-"
40.69.212.175 - - [07/Jun/2025:17:03:14 -0400] "GET /01.php HTTP/1.1" 404 1190 "-" "-"
40.69.212.175 - - [07/Jun/2025:17:03:15 -0400] "GET /02.php HTTP/1.1" 404 1190 "-" "-"
40.69.212.175 - - [07/Jun/2025:17:03:15 -0400] "GET /0x.php HTTP/1.1" 404 1190 "-" "-"
40.69.212.175 - - [07/Jun/2025:17:03:15 -0400] "GET /1.php HTTP/1.1" 404 1190 "-" "-"
40.69.212.175 - - [07/Jun/2025:17:03:16 -0400] "GET /1.php7 HTTP/1.1" 404 1190 "-" "-"
40.69.212.175 - - [07/Jun/2025:17:03:16 -0400] "GET /100.php HTTP/1.1" 404 1190 "-" "-"
40.69.212.175 - - [07/Jun/2025:17:03:16 -0400] "GET /11index.php HTTP/1.1" 404 1190 "-" "-"
40.69.212.175 - - [07/Jun/2025:17:03:16 -0400] "GET /12.php HTTP/1.1" 404 1190 "-" "-"
40.69.212.175 - - [07/Jun/2025:17:03:17 -0400] "GET /123.php HTTP/1.1" 404 1190 "-" "-"
40.69.212.175 - - [07/Jun/2025:17:03:17 -0400] "GET /12wudscz.php HTTP/1.1" 404 1190 "-" "-"
40.69.212.175 - - [07/Jun/2025:17:03:17 -0400] "GET /13.php HTTP/1.1" 404 1190 "-" "-"
40.69.212.175 - - [07/Jun/2025:17:03:17 -0400] "GET /1xm.php HTTP/1.1" 404 1190 "-" "-"
40.69.212.175 - - [07/Jun/2025:17:03:18 -0400] "GET /2.php HTTP/1.1" 404 1190 "-" "-"
40.69.212.175 - - [07/Jun/2025:17:03:18 -0400] "GET /22.php HTTP/1.1" 404 1190 "-" "-"
40.69.212.175 - - [07/Jun/2025:17:03:18 -0400] "GET /24.php HTTP/1.1" 404 1190 "-" "-"
40.69.212.175 - - [07/Jun/2025:17:03:18 -0400] "GET /2index.php HTTP/1.1" 404 1190 "-" "-"
40.69.212.175 - - [07/Jun/2025:17:03:19 -0400] "GET /3index.php HTTP/1.1" 404 1190 "-" "-"
40.69.212.175 - - [07/Jun/2025:17:03:19 -0400] "GET /403.php HTTP/1.1" 404 1190 "-" "-"
40.69.212.175 - - [07/Jun/2025:17:03:19 -0400] "GET /404.php HTTP/1.1" 500 0 "-" "-"
40.69.212.175 - - [07/Jun/2025:17:03:19 -0400] "GET /4Oj8Ed6N1tu.php HTTP/1.1" 404 1190 "-" "-"
40.69.212.175 - - [07/Jun/2025:17:03:19 -0400] "GET /4Q.php HTTP/1.1" 404 1190 "-" "-"
40.69.212.175 - - [07/Jun/2025:17:03:20 -0400] "GET /6.php HTTP/1.1" 404 1190 "-" "-"
40.69.212.175 - - [07/Jun/2025:17:03:20 -0400] "GET /7.php HTTP/1.1" 404 1190 "-" "-"
40.69.212.175 - - [07/Jun/2025:17:03:20 -0400] "GET /WSO.php HTTP/1.1" 404 1190 "-" "-"
40.69.212.175 - - [07/Jun/2025:17:03:20 -0400] "GET /a.php HTTP/1.1" 404 1190 "-" "-"
40.69.212.175 - - [07/Jun/2025:17:03:21 -0400] "GET /aa.php HTTP/1.1" 404 1190 "-" "-"
40.69.212.175 - - [07/Jun/2025:17:03:21 -0400] "GET /aaa.php HTTP/1.1" 404 1190 "-" "-"
40.69.212.175 - - [07/Jun/2025:17:03:21 -0400] "GET /ab.php HTTP/1.1" 404 1190 "-" "-"
40.69.212.175 - - [07/Jun/2025:17:03:21 -0400] "GET /lock360.php HTTP/1.1" 404 1190 "-" "-"
40.69.212.175 - - [07/Jun/2025:17:03:22 -0400] "GET /anonse/lock360.php HTTP/1.1" 404 1190 "-" "-"
40.69.212.175 - - [07/Jun/2025:17:03:22 -0400] "GET /wp-includes/random_compat/byte_safe_strings.php HTTP/1.1" 404 1190 "-" "-"
40.69.212.175 - - [07/Jun/2025:17:03:22 -0400] "GET /wp-includes/random_compat/cast_to_int.php HTTP/1.1" 404 1190 "-" "-"
40.69.212.175 - - [07/Jun/2025:17:03:22 -0400] "GET /wp-includes/random_compat/error_polyfill.php HTTP/1.1" 404 1190 "-" "-"
40.69.212.175 - - [07/Jun/2025:17:03:23 -0400] "GET /wp-includes/random_compat/index.php HTTP/1.1" 404 1190 "-" "-"
40.69.212.175 - - [07/Jun/2025:17:03:23 -0400] "GET /wp-includes/random_compat/random.php HTTP/1.1" 404 1190 "-" "-"
40.69.212.175 - - [07/Jun/2025:17:03:23 -0400] "GET /wp-includes/random_compat/random_bytes_com_dotnet.php HTTP/1.1" 404 1190 "-" "-"
40.69.212.175 - - [07/Jun/2025:17:03:23 -0400] "GET /wp-includes/random_compat/random_bytes_dev_urandom.php HTTP/1.1" 404 1190 "-" "-"
40.69.212.175 - - [07/Jun/2025:17:03:24 -0400] "GET /wp-includes/random_compat/random_bytes_libsodium.php HTTP/1.1" 404 1190 "-" "-"
40.69.212.175 - - [07/Jun/2025:17:03:24 -0400] "GET /wp-includes/random_compat/random_bytes_libsodium_legacy.php HTTP/1.1" 404 1190 "-" "-"
40.69.212.175 - - [07/Jun/2025:17:03:24 -0400] "GET /wp-includes/random_compat/random_bytes_mcrypt.php HTTP/1.1" 404 1190 "-" "-"
40.69.212.175 - - [07/Jun/2025:17:03:24 -0400] "GET /wp-includes/random_compat/random_int.php HTTP/1.1" 404 1190 "-" "-"
40.69.212.175 - - [07/Jun/2025:17:03:25 -0400] "GET /manager.php HTTP/1.1" 404 1190 "-" "-"
40.69.212.175 - - [07/Jun/2025:17:03:25 -0400] "GET /xmanager.php HTTP/1.1" 404 1190 "-" "-"
40.69.212.175 - - [07/Jun/2025:17:03:25 -0400] "GET /header-function.php HTTP/1.1" 404 1190 "-" "-"
40.69.212.175 - - [07/Jun/2025:17:03:25 -0400] "GET /wp-comments-post.php HTTP/1.1" 404 1190 "-" "-"
40.69.212.175 - - [07/Jun/2025:17:03:26 -0400] "GET /wp-*.php HTTP/1.1" 400 1194 "-" "-"
40.69.212.175 - - [07/Jun/2025:17:03:26 -0400] "GET /account.php HTTP/1.1" 404 1190 "-" "-"
40.69.212.175 - - [07/Jun/2025:17:03:26 -0400] "GET /defaults.php HTTP/1.1" 404 1190 "-" "-"
40.69.212.175 - - [07/Jun/2025:17:03:26 -0400] "GET /exetasi.php HTTP/1.1" 404 1190 "-" "-"
40.69.212.175 - - [07/Jun/2025:17:03:27 -0400] "GET /gecko-new.php HTTP/1.1" 404 1190 "-" "-"
40.69.212.175 - - [07/Jun/2025:17:03:27 -0400] "GET /hex.php HTTP/1.1" 404 1190 "-" "-"
40.69.212.175 - - [07/Jun/2025:17:03:27 -0400] "GET /index.php HTTP/1.1" 200 139962 "-" "-"
40.69.212.175 - - [07/Jun/2025:17:03:28 -0400] "GET /item.php HTTP/1.1" 404 1190 "-" "-"
40.69.212.175 - - [07/Jun/2025:17:03:28 -0400] "GET /iu.php HTTP/1.1" 404 1190 "-" "-"
40.69.212.175 - - [07/Jun/2025:17:03:28 -0400] "GET /kominfo.php HTTP/1.1" 404 1190 "-" "-"
40.69.212.175 - - [07/Jun/2025:17:03:29 -0400] "GET /nano.php HTTP/1.1" 404 1190 "-" "-"
40.69.212.175 - - [07/Jun/2025:17:03:29 -0400] "GET /search.php HTTP/1.1" 404 1190 "-" "-"
40.69.212.175 - - [07/Jun/2025:17:03:29 -0400] "GET /selonboy.php HTTP/1.1" 404 1190 "-" "-"
40.69.212.175 - - [07/Jun/2025:17:03:30 -0400] "GET /wp-activate.php HTTP/1.1" 404 1190 "-" "-"
40.69.212.175 - - [07/Jun/2025:17:03:30 -0400] "GET /wp-blog-header.php HTTP/1.1" 404 1190 "-" "-"
40.69.212.175 - - [07/Jun/2025:17:03:30 -0400] "GET /wp-blog.php HTTP/1.1" 404 1190 "-" "-"
40.69.212.175 - - [07/Jun/2025:17:03:30 -0400] "GET /wp-config-sample.php HTTP/1.1" 404 1190 "-" "-"
40.69.212.175 - - [07/Jun/2025:17:03:30 -0400] "GET /wp-config.php HTTP/1.1" 403 1242 "-" "-"
40.69.212.175 - - [07/Jun/2025:17:03:31 -0400] "GET /wp-cron.php HTTP/1.1" 404 1190 "-" "-"
40.69.212.175 - - [07/Jun/2025:17:03:31 -0400] "GET /wp-error.php HTTP/1.1" 404 1190 "-" "-"
40.69.212.175 - - [07/Jun/2025:17:03:31 -0400] "GET /wp-links-opml.php HTTP/1.1" 404 1190 "-" "-"
40.69.212.175 - - [07/Jun/2025:17:03:31 -0400] "GET /wp-load.php HTTP/1.1" 404 1190 "-" "-"
40.69.212.175 - - [07/Jun/2025:17:03:31 -0400] "GET /wp-log1n.php HTTP/1.1" 404 1190 "-" "-"
40.69.212.175 - - [07/Jun/2025:17:03:32 -0400] "GET /wp-login.php HTTP/1.1" 404 1190 "-" "-"
40.69.212.175 - - [07/Jun/2025:17:03:32 -0400] "GET /wp-login1.php HTTP/1.1" 404 1190 "-" "-"
40.69.212.175 - - [07/Jun/2025:17:03:32 -0400] "GET /wp-mail.php HTTP/1.1" 404 1190 "-" "-"
40.69.212.175 - - [07/Jun/2025:17:03:32 -0400] "GET /wp-settings.php HTTP/1.1" 404 1190 "-" "-"
40.69.212.175 - - [07/Jun/2025:17:03:33 -0400] "GET /wp-signup.php HTTP/1.1" 404 1190 "-" "-"
40.69.212.175 - - [07/Jun/2025:17:03:33 -0400] "GET /wp-trackback.php HTTP/1.1" 404 1190 "-" "-"
40.69.212.175 - - [07/Jun/2025:17:03:33 -0400] "GET /wp-includes/blocks/calendar/index.php HTTP/1.1" 404 1190 "-" "-"
40.69.212.175 - - [07/Jun/2025:17:03:33 -0400] "GET /default.php HTTP/1.1" 404 1190 "-" "-"
40.69.212.175 - - [07/Jun/2025:17:03:34 -0400] "GET /wp-madrid.php HTTP/1.1" 404 1190 "-" "-"
40.69.212.175 - - [07/Jun/2025:17:03:34 -0400] "GET /img/index.php HTTP/1.1" 404 1190 "-" "-"
40.69.212.175 - - [07/Jun/2025:17:03:34 -0400] "GET /pomo.php HTTP/1.1" 404 1190 "-" "-"
40.69.212.175 - - [07/Jun/2025:17:03:34 -0400] "GET /BIBIL_0DAY.php HTTP/1.1" 404 1190 "-" "-"
40.69.212.175 - - [07/Jun/2025:17:03:34 -0400] "GET /Odul.php HTTP/1.1" 404 1190 "-" "-"
40.69.212.175 - - [07/Jun/2025:17:03:35 -0400] "GET /admin.php HTTP/1.1" 404 1190 "-" "-"
40.69.212.175 - - [07/Jun/2025:17:03:35 -0400] "GET /ok.php HTTP/1.1" 404 1190 "-" "-"
40.69.212.175 - - [07/Jun/2025:17:03:35 -0400] "GET /optimasprimemoxhag.php HTTP/1.1" 404 1190 "-" "-"
40.69.212.175 - - [07/Jun/2025:17:03:35 -0400] "GET /rindex.php HTTP/1.1" 404 1190 "-" "-"
40.69.212.175 - - [07/Jun/2025:17:03:36 -0400] "GET /taf.php HTTP/1.1" 404 1190 "-" "-"
40.69.212.175 - - [07/Jun/2025:17:03:36 -0400] "GET /wordfence-waf.php HTTP/1.1" 404 1190 "-" "-"
40.69.212.175 - - [07/Jun/2025:17:03:36 -0400] "GET /chosen.php HTTP/1.1" 404 1190 "-" "-"
40.69.212.175 - - [07/Jun/2025:17:03:36 -0400] "GET /about.php HTTP/1.1" 404 1190 "-" "-"
40.69.212.175 - - [07/Jun/2025:17:03:36 -0400] "GET /vhosts/about.php HTTP/1.1" 404 1190 "-" "-"
40.69.212.175 - - [07/Jun/2025:17:03:37 -0400] "GET /vhosts/admin.php HTTP/1.1" 404 1190 "-" "-"
40.69.212.175 - - [07/Jun/2025:17:03:37 -0400] "GET /vhosts/dropdown.php HTTP/1.1" 404 1190 "-" "-"
40.69.212.175 - - [07/Jun/2025:17:03:37 -0400] "GET /dropdown.php HTTP/1.1" 404 1190 "-" "-"
40.69.212.175 - - [07/Jun/2025:17:03:37 -0400] "GET /function.php HTTP/1.1" 404 1190 "-" "-"
40.69.212.175 - - [07/Jun/2025:17:03:37 -0400] "GET /vhosts/function.php HTTP/1.1" 404 1190 "-" "-"
40.69.212.175 - - [07/Jun/2025:17:03:38 -0400] "GET /header.php HTTP/1.1" 404 1190 "-" "-"
40.69.212.175 - - [07/Jun/2025:17:03:38 -0400] "GET /vhosts/header.php HTTP/1.1" 404 1190 "-" "-"
40.69.212.175 - - [07/Jun/2025:17:03:38 -0400] "GET /vhosts/index.php HTTP/1.1" 404 1190 "-" "-"
40.69.212.175 - - [07/Jun/2025:17:03:38 -0400] "GET /vhosts/item.php HTTP/1.1" 404 1190 "-" "-"
40.69.212.175 - - [07/Jun/2025:17:03:38 -0400] "GET /main.php HTTP/1.1" 404 1190 "-" "-"
40.69.212.175 - - [07/Jun/2025:17:03:39 -0400] "GET /vhosts/main.php HTTP/1.1" 404 1190 "-" "-"
40.69.212.175 - - [07/Jun/2025:17:03:39 -0400] "GET /makeasmtp.php HTTP/1.1" 404 1190 "-" "-"
40.69.212.175 - - [07/Jun/2025:17:03:39 -0400] "GET /vhosts/makeasmtp.php HTTP/1.1" 404 1190 "-" "-"
40.69.212.175 - - [07/Jun/2025:17:03:39 -0400] "GET /nf_tracking.php HTTP/1.1" 404 1190 "-" "-"
40.69.212.175 - - [07/Jun/2025:17:03:40 -0400] "GET /vhosts/nf_tracking.php HTTP/1.1" 404 1190 "-" "-"
40.69.212.175 - - [07/Jun/2025:17:03:40 -0400] "GET /ovaajwoju.php HTTP/1.1" 404 1190 "-" "-"
40.69.212.175 - - [07/Jun/2025:17:03:40 -0400] "GET /vhosts/ovaajwoju.php HTTP/1.1" 404 1190 "-" "-"
40.69.212.175 - - [07/Jun/2025:17:03:40 -0400] "GET /ovaallxgr.php HTTP/1.1" 404 1190 "-" "-"
40.69.212.175 - - [07/Jun/2025:17:03:41 -0400] "GET /vhosts/ovaallxgr.php HTTP/1.1" 404 1190 "-" "-"
40.69.212.175 - - [07/Jun/2025:17:03:41 -0400] "GET /ovaimzppa.php HTTP/1.1" 404 1190 "-" "-"
40.69.212.175 - - [07/Jun/2025:17:03:41 -0400] "GET /vhosts/ovaimzppa.php HTTP/1.1" 404 1190 "-" "-"
40.69.212.175 - - [07/Jun/2025:17:03:42 -0400] "GET /ovaizmsld.php HTTP/1.1" 404 1190 "-" "-"
40.69.212.175 - - [07/Jun/2025:17:03:42 -0400] "GET /vhosts/ovaizmsld.php HTTP/1.1" 404 1190 "-" "-"
40.69.212.175 - - [07/Jun/2025:17:03:42 -0400] "GET /ovajnhgdr.php HTTP/1.1" 404 1190 "-" "-"
40.69.212.175 - - [07/Jun/2025:17:03:42 -0400] "GET /vhosts/ovajnhgdr.php HTTP/1.1" 404 1190 "-" "-"
40.69.212.175 - - [07/Jun/2025:17:03:43 -0400] "GET /simple.php HTTP/1.1" 404 1190 "-" "-"
40.69.212.175 - - [07/Jun/2025:17:03:43 -0400] "GET /vhosts/simple.php HTTP/1.1" 404 1190 "-" "-"
40.69.212.175 - - [07/Jun/2025:17:03:43 -0400] "GET /wander.php HTTP/1.1" 404 1190 "-" "-"
40.69.212.175 - - [07/Jun/2025:17:03:43 -0400] "GET /vhosts/wander.php HTTP/1.1" 404 1190 "-" "-"
40.69.212.175 - - [07/Jun/2025:17:03:43 -0400] "GET /wp-pano.php HTTP/1.1" 404 1190 "-" "-"
40.69.212.175 - - [07/Jun/2025:17:03:44 -0400] "GET /vhosts/wp-pano.php HTTP/1.1" 404 1190 "-" "-"
40.69.212.175 - - [07/Jun/2025:17:03:44 -0400] "GET /wp-site.php HTTP/1.1" 404 1190 "-" "-"
40.69.212.175 - - [07/Jun/2025:17:03:44 -0400] "GET /wp-logs.php HTTP/1.1" 404 1190 "-" "-"
40.69.212.175 - - [07/Jun/2025:17:03:44 -0400] "GET /admin-ajax.php HTTP/1.1" 404 1190 "-" "-"
40.69.212.175 - - [07/Jun/2025:17:03:44 -0400] "GET /saltybreezeshop.com/wp-admin/admin-ajax.php HTTP/1.1" 404 1190 "-" "-"
40.69.212.175 - - [07/Jun/2025:17:03:45 -0400] "GET /.php HTTP/1.1" 404 1190 "-" "-"
40.69.212.175 - - [07/Jun/2025:17:03:45 -0400] "GET /hb02ugyh.php HTTP/1.1" 404 1190 "-" "-"
40.69.212.175 - - [07/Jun/2025:17:03:45 -0400] "GET /shell.php HTTP/1.1" 404 1190 "-" "-"
40.69.212.175 - - [07/Jun/2025:17:03:45 -0400] "GET /style_cww3.php HTTP/1.1" 404 1190 "-" "-"
162.0.217.222 - - [07/Jun/2025:17:05:03 -0400] "GET /cron3344/sendimeiorders HTTP/1.1" 200 0 "-" "Wget/1.19.5 (linux-gnu)"
162.0.217.222 - - [07/Jun/2025:17:05:03 -0400] "GET /cron3344/getimeiorders HTTP/1.1" 200 0 "-" "Wget/1.19.5 (linux-gnu)"
66.249.70.70 - - [07/Jun/2025:17:06:21 -0400] "GET /?c=1122731170846 HTTP/1.1" 200 19696 "-" "Mozilla/5.0 (Linux; Android 6.0.1; Nexus 5X Build/MMB29P) AppleWebKit/537.36 (KHTML, like Gecko) Chrome/136.0.7103.113 Mobile Safari/537.36 (compatible; Googlebot/2.1; +http://www.google.com/bot.html)"
157.66.54.50 - - [07/Jun/2025:17:07:22 -0400] "GET / HTTP/1.1" 200 16949 "-" "python-requests/2.32.3"
66.249.70.64 - - [07/Jun/2025:17:08:42 -0400] "GET /?c=1418796161346 HTTP/1.1" 200 18780 "-" "Mozilla/5.0 (Linux; Android 6.0.1; Nexus 5X Build/MMB29P) AppleWebKit/537.36 (KHTML, like Gecko) Chrome/136.0.7103.113 Mobile Safari/537.36 (compatible; Googlebot/2.1; +http://www.google.com/bot.html)"
162.0.217.222 - - [07/Jun/2025:17:10:03 -0400] "GET /cron3344/getimeiorders HTTP/1.1" 200 0 "-" "Wget/1.19.5 (linux-gnu)"
162.0.217.222 - - [07/Jun/2025:17:10:03 -0400] "GET /cron3344/sendimeiorders HTTP/1.1" 200 0 "-" "Wget/1.19.5 (linux-gnu)"
47.79.123.250 - - [07/Jun/2025:17:11:38 -0400] "GET / HTTP/1.1" 200 16946 "https://slcodelab.com/" "Mozilla/5.0 (Windows NT 10.0; Win64; x64) AppleWebKit/537.36 (KHTML, like Gecko) Chrome/114.0.0.0 Safari/537.36 Edg/114.0.1823.43"
20.15.133.174 - - [07/Jun/2025:17:11:41 -0400] "GET /?c=847449172646 HTTP/1.1" 200 19154 "-" "Mozilla/5.0 AppleWebKit/537.36 (KHTML, like Gecko; compatible; bingbot/2.0; +http://www.bing.com/bingbot.htm) Chrome/116.0.1938.76 Safari/537.36"
162.0.217.222 - - [07/Jun/2025:17:15:05 -0400] "GET /cron3344/sendimeiorders HTTP/1.1" 200 0 "-" "Wget/1.19.5 (linux-gnu)"
162.0.217.222 - - [07/Jun/2025:17:15:05 -0400] "GET /cron3344/getimeiorders HTTP/1.1" 200 0 "-" "Wget/1.19.5 (linux-gnu)"
160.187.210.60 - - [07/Jun/2025:17:15:51 -0400] "GET /admin.php?520 HTTP/1.1" 404 586 "-" "Mozlila/5.0 (Linux; Android 7.0; SM-G892A Bulid/NRD90M; wv) AppleWebKit/537.36 (KHTML, like Gecko) Version/4.0 Chrome/60.0.3112.107 Moblie Safari/537.36"
160.187.210.60 - - [07/Jun/2025:17:16:11 -0400] "GET /about.php?520 HTTP/1.1" 404 586 "-" "Mozlila/5.0 (Linux; Android 7.0; SM-G892A Bulid/NRD90M; wv) AppleWebKit/537.36 (KHTML, like Gecko) Version/4.0 Chrome/60.0.3112.107 Moblie Safari/537.36"
20.15.133.162 - - [07/Jun/2025:17:16:28 -0400] "GET /?c=1400002320246 HTTP/1.1" 200 19663 "-" "Mozilla/5.0 AppleWebKit/537.36 (KHTML, like Gecko; compatible; bingbot/2.0; +http://www.bing.com/bingbot.htm) Chrome/116.0.1938.76 Safari/537.36"
66.249.70.141 - - [07/Jun/2025:17:16:38 -0400] "GET /?c=1451900722046 HTTP/1.1" 200 19444 "-" "Mozilla/5.0 (Linux; Android 6.0.1; Nexus 5X Build/MMB29P) AppleWebKit/537.36 (KHTML, like Gecko) Chrome/136.0.7103.113 Mobile Safari/537.36 (compatible; Googlebot/2.1; +http://www.google.com/bot.html)"
66.249.70.64 - - [07/Jun/2025:17:16:39 -0400] "GET /?c=1446274961146 HTTP/1.1" 200 19709 "-" "Mozilla/5.0 (Linux; Android 6.0.1; Nexus 5X Build/MMB29P) AppleWebKit/537.36 (KHTML, like Gecko) Chrome/136.0.7103.113 Mobile Safari/537.36 (compatible; Googlebot/2.1; +http://www.google.com/bot.html)"
66.249.70.142 - - [07/Jun/2025:17:18:34 -0400] "GET /?c=1005511433346 HTTP/1.1" 200 18930 "-" "Mozilla/5.0 (Linux; Android 6.0.1; Nexus 5X Build/MMB29P) AppleWebKit/537.36 (KHTML, like Gecko) Chrome/136.0.7103.113 Mobile Safari/537.36 (compatible; Googlebot/2.1; +http://www.google.com/bot.html)"
162.0.217.222 - - [07/Jun/2025:17:20:04 -0400] "GET /cron3344/getimeiorders HTTP/1.1" 200 0 "-" "Wget/1.19.5 (linux-gnu)"
162.0.217.222 - - [07/Jun/2025:17:20:04 -0400] "GET /cron3344/sendimeiorders HTTP/1.1" 200 0 "-" "Wget/1.19.5 (linux-gnu)"
66.249.70.142 - - [07/Jun/2025:17:22:39 -0400] "GET /?c=1126655993346 HTTP/1.1" 200 19004 "-" "Mozilla/5.0 (Linux; Android 6.0.1; Nexus 5X Build/MMB29P) AppleWebKit/537.36 (KHTML, like Gecko) Chrome/136.0.7103.113 Mobile Safari/537.36 (compatible; Googlebot/2.1; +http://www.google.com/bot.html)"
66.249.70.64 - - [07/Jun/2025:17:22:49 -0400] "GET /?c=970277520946 HTTP/1.1" 200 19289 "-" "Mozilla/5.0 (Linux; Android 6.0.1; Nexus 5X Build/MMB29P) AppleWebKit/537.36 (KHTML, like Gecko) Chrome/136.0.7103.113 Mobile Safari/537.36 (compatible; Googlebot/2.1; +http://www.google.com/bot.html)"
66.249.70.71 - - [07/Jun/2025:17:23:29 -0400] "GET /?c=1535915322446 HTTP/1.1" 200 18807 "-" "Mozilla/5.0 (Linux; Android 6.0.1; Nexus 5X Build/MMB29P) AppleWebKit/537.36 (KHTML, like Gecko) Chrome/136.0.7103.113 Mobile Safari/537.36 (compatible; Googlebot/2.1; +http://www.google.com/bot.html)"
66.249.70.70 - - [07/Jun/2025:17:24:03 -0400] "GET /?c=1481318271746 HTTP/1.1" 200 18549 "-" "Mozilla/5.0 (Linux; Android 6.0.1; Nexus 5X Build/MMB29P) AppleWebKit/537.36 (KHTML, like Gecko) Chrome/136.0.7103.113 Mobile Safari/537.36 (compatible; Googlebot/2.1; +http://www.google.com/bot.html)"
20.15.133.174 - - [07/Jun/2025:17:24:18 -0400] "GET /?c=1207522760346 HTTP/1.1" 200 19271 "-" "Mozilla/5.0 AppleWebKit/537.36 (KHTML, like Gecko; compatible; bingbot/2.0; +http://www.bing.com/bingbot.htm) Chrome/116.0.1938.76 Safari/537.36"
162.0.217.222 - - [07/Jun/2025:17:25:05 -0400] "GET /cron3344/getimeiorders HTTP/1.1" 200 0 "-" "Wget/1.19.5 (linux-gnu)"
162.0.217.222 - - [07/Jun/2025:17:25:05 -0400] "GET /cron3344/sendimeiorders HTTP/1.1" 200 0 "-" "Wget/1.19.5 (linux-gnu)"
66.249.70.142 - - [07/Jun/2025:17:25:39 -0400] "GET /?c=1403745970246 HTTP/1.1" 200 18588 "-" "Mozilla/5.0 (Linux; Android 6.0.1; Nexus 5X Build/MMB29P) AppleWebKit/537.36 (KHTML, like Gecko) Chrome/136.0.7103.113 Mobile Safari/537.36 (compatible; Googlebot/2.1; +http://www.google.com/bot.html)"
66.249.70.142 - - [07/Jun/2025:17:25:43 -0400] "GET /?/css_7a12d13963a3f11104ca6f6d88944832/custom-products HTTP/1.1" 200 3295 "https://slcodelab.com/?c=1403745970246" "Mozilla/5.0 (Linux; Android 6.0.1; Nexus 5X Build/MMB29P) AppleWebKit/537.36 (KHTML, like Gecko) Chrome/136.0.7103.92 Mobile Safari/537.36 (compatible; Googlebot/2.1; +http://www.google.com/bot.html)"
66.249.70.141 - - [07/Jun/2025:17:25:43 -0400] "GET /?/css_7a12d13963a3f11104ca6f6d88944832/custom-global HTTP/1.1" 200 5025 "https://slcodelab.com/?c=1403745970246" "Mozilla/5.0 (Linux; Android 6.0.1; Nexus 5X Build/MMB29P) AppleWebKit/537.36 (KHTML, like Gecko) Chrome/136.0.7103.92 Mobile Safari/537.36 (compatible; Googlebot/2.1; +http://www.google.com/bot.html)"
66.249.70.141 - - [07/Jun/2025:17:25:44 -0400] "GET /?/css_7a12d13963a3f11104ca6f6d88944832/boost-pfs-instant-search HTTP/1.1" 200 6116 "https://slcodelab.com/?c=1403745970246" "Mozilla/5.0 (Linux; Android 6.0.1; Nexus 5X Build/MMB29P) AppleWebKit/537.36 (KHTML, like Gecko) Chrome/136.0.7103.92 Mobile Safari/537.36 (compatible; Googlebot/2.1; +http://www.google.com/bot.html)"
66.249.70.64 - - [07/Jun/2025:17:27:31 -0400] "GET /?c=1564836581646 HTTP/1.1" 200 18514 "-" "Mozilla/5.0 (Linux; Android 6.0.1; Nexus 5X Build/MMB29P) AppleWebKit/537.36 (KHTML, like Gecko) Chrome/136.0.7103.113 Mobile Safari/537.36 (compatible; Googlebot/2.1; +http://www.google.com/bot.html)"
162.0.217.222 - - [07/Jun/2025:17:30:05 -0400] "GET /cron3344/getimeiorders HTTP/1.1" 200 0 "-" "Wget/1.19.5 (linux-gnu)"
162.0.217.222 - - [07/Jun/2025:17:30:05 -0400] "GET /cron3344/sendimeiorders HTTP/1.1" 200 0 "-" "Wget/1.19.5 (linux-gnu)"
66.249.70.71 - - [07/Jun/2025:17:34:14 -0400] "GET /?c=1325744540846 HTTP/1.1" 200 18838 "-" "Mozilla/5.0 (Linux; Android 6.0.1; Nexus 5X Build/MMB29P) AppleWebKit/537.36 (KHTML, like Gecko) Chrome/136.0.7103.113 Mobile Safari/537.36 (compatible; Googlebot/2.1; +http://www.google.com/bot.html)"
162.0.217.222 - - [07/Jun/2025:17:35:03 -0400] "GET /cron3344/getimeiorders HTTP/1.1" 200 0 "-" "Wget/1.19.5 (linux-gnu)"
162.0.217.222 - - [07/Jun/2025:17:35:03 -0400] "GET /cron3344/sendimeiorders HTTP/1.1" 200 0 "-" "Wget/1.19.5 (linux-gnu)"
66.249.70.70 - - [07/Jun/2025:17:35:23 -0400] "GET /?c=1041345382646 HTTP/1.1" 200 19295 "-" "Mozilla/5.0 (Linux; Android 6.0.1; Nexus 5X Build/MMB29P) AppleWebKit/537.36 (KHTML, like Gecko) Chrome/136.0.7103.113 Mobile Safari/537.36 (compatible; Googlebot/2.1; +http://www.google.com/bot.html)"
66.249.70.70 - - [07/Jun/2025:17:35:33 -0400] "GET /?c=1032752723346 HTTP/1.1" 200 19042 "-" "Mozilla/5.0 (Linux; Android 6.0.1; Nexus 5X Build/MMB29P) AppleWebKit/537.36 (KHTML, like Gecko) Chrome/136.0.7103.113 Mobile Safari/537.36 (compatible; Googlebot/2.1; +http://www.google.com/bot.html)"
40.77.167.74 - - [07/Jun/2025:17:36:37 -0400] "GET /?c=1456136701246 HTTP/1.1" 200 20002 "-" "Mozilla/5.0 AppleWebKit/537.36 (KHTML, like Gecko; compatible; bingbot/2.0; +http://www.bing.com/bingbot.htm) Chrome/116.0.1938.76 Safari/537.36"
66.249.70.64 - - [07/Jun/2025:17:37:22 -0400] "GET /?c=1128252880946 HTTP/1.1" 200 19448 "-" "Mozilla/5.0 (Linux; Android 6.0.1; Nexus 5X Build/MMB29P) AppleWebKit/537.36 (KHTML, like Gecko) Chrome/136.0.7103.113 Mobile Safari/537.36 (compatible; Googlebot/2.1; +http://www.google.com/bot.html)"
20.15.133.162 - - [07/Jun/2025:17:38:44 -0400] "GET /?c=1334060652746 HTTP/1.1" 200 19063 "-" "Mozilla/5.0 AppleWebKit/537.36 (KHTML, like Gecko; compatible; bingbot/2.0; +http://www.bing.com/bingbot.htm) Chrome/116.0.1938.76 Safari/537.36"
66.249.70.71 - - [07/Jun/2025:17:38:53 -0400] "GET /?c=1531082033746 HTTP/1.1" 200 19091 "-" "Mozilla/5.0 (Linux; Android 6.0.1; Nexus 5X Build/MMB29P) AppleWebKit/537.36 (KHTML, like Gecko) Chrome/136.0.7103.113 Mobile Safari/537.36 (compatible; Googlebot/2.1; +http://www.google.com/bot.html)"
216.73.216.175 - - [07/Jun/2025:17:39:56 -0400] "GET /robots.txt HTTP/1.1" 200 78 "-" "Mozilla/5.0 AppleWebKit/537.36 (KHTML, like Gecko; compatible; ClaudeBot/1.0; +claudebot@anthropic.com)"
216.73.216.175 - - [07/Jun/2025:17:39:57 -0400] "GET /sitemap_collections.xml HTTP/1.1" 200 2686 "-" "Mozilla/5.0 AppleWebKit/537.36 (KHTML, like Gecko; compatible; ClaudeBot/1.0; +claudebot@anthropic.com)"
162.0.217.222 - - [07/Jun/2025:17:40:04 -0400] "GET /cron3344/getimeiorders HTTP/1.1" 200 0 "-" "Wget/1.19.5 (linux-gnu)"
162.0.217.222 - - [07/Jun/2025:17:40:04 -0400] "GET /cron3344/sendimeiorders HTTP/1.1" 200 0 "-" "Wget/1.19.5 (linux-gnu)"
66.249.70.70 - - [07/Jun/2025:17:40:24 -0400] "GET /?c=1480587231646 HTTP/1.1" 200 19996 "-" "Mozilla/5.0 (Linux; Android 6.0.1; Nexus 5X Build/MMB29P) AppleWebKit/537.36 (KHTML, like Gecko) Chrome/136.0.7103.113 Mobile Safari/537.36 (compatible; Googlebot/2.1; +http://www.google.com/bot.html)"
66.249.70.142 - - [07/Jun/2025:17:42:53 -0400] "GET /?c=1499186820346 HTTP/1.1" 200 19258 "-" "Mozilla/5.0 (Linux; Android 6.0.1; Nexus 5X Build/MMB29P) AppleWebKit/537.36 (KHTML, like Gecko) Chrome/136.0.7103.113 Mobile Safari/537.36 (compatible; Googlebot/2.1; +http://www.google.com/bot.html)"
66.249.70.71 - - [07/Jun/2025:17:42:58 -0400] "GET /?c=1576941120546 HTTP/1.1" 200 19382 "-" "Mozilla/5.0 (Linux; Android 6.0.1; Nexus 5X Build/MMB29P) AppleWebKit/537.36 (KHTML, like Gecko) Chrome/136.0.7103.113 Mobile Safari/537.36 (compatible; Googlebot/2.1; +http://www.google.com/bot.html)"
162.0.217.222 - - [07/Jun/2025:17:45:04 -0400] "GET /cron3344/sendimeiorders HTTP/1.1" 200 0 "-" "Wget/1.19.5 (linux-gnu)"
162.0.217.222 - - [07/Jun/2025:17:45:04 -0400] "GET /cron3344/getimeiorders HTTP/1.1" 200 0 "-" "Wget/1.19.5 (linux-gnu)"
20.15.133.163 - - [07/Jun/2025:17:45:14 -0400] "GET /?c=742898173546 HTTP/1.1" 200 18268 "-" "Mozilla/5.0 AppleWebKit/537.36 (KHTML, like Gecko; compatible; bingbot/2.0; +http://www.bing.com/bingbot.htm) Chrome/116.0.1938.76 Safari/537.36"
66.249.70.64 - - [07/Jun/2025:17:46:43 -0400] "GET /?c=1365163052446 HTTP/1.1" 200 19509 "-" "Mozilla/5.0 (Linux; Android 6.0.1; Nexus 5X Build/MMB29P) AppleWebKit/537.36 (KHTML, like Gecko) Chrome/136.0.7103.113 Mobile Safari/537.36 (compatible; Googlebot/2.1; +http://www.google.com/bot.html)"
