154.41.95.2 - - [10/Jun/2025:14:42:11 -0400] "POST /home/order?serviceId=14 HTTP/1.1" 303 0 "https://imeiunlocking.net/home/order?serviceId=14" "Mozilla/5.0 (Windows NT 10.0; Win64; x64) AppleWebKit/537.36 (KHTML, like Gecko) Chrome/125.0.0.0 Safari/537.36"
154.41.95.2 - - [10/Jun/2025:14:42:11 -0400] "GET /home/order?serviceId=14 HTTP/1.1" 200 14841 "https://imeiunlocking.net/home/order?serviceId=14" "Mozilla/5.0 (Windows NT 10.0; Win64; x64) AppleWebKit/537.36 (KHTML, like Gecko) Chrome/125.0.0.0 Safari/537.36"
154.41.95.2 - - [10/Jun/2025:14:42:12 -0400] "POST /register1 HTTP/1.1" 200 167 "https://imeiunlocking.net/register1" "Mozilla/5.0 (Windows NT 10.0; Win64; x64) AppleWebKit/537.36 (KHTML, like Gecko) Chrome/125.0.0.0 Safari/537.36"
61.231.85.130 - - [10/Jun/2025:14:42:57 -0400] "GET / HTTP/1.1" 200 14612 "https://imeiunlocking.net/" "Mozilla/5.0 (Windows NT 6.1; WOW64) AppleWebKit/537.36 (KHTML, like Gecko) Chrome/32.0.0150.429 Safari/537.36"
85.208.96.193 - - [10/Jun/2025:14:42:58 -0400] "GET /vendor/phpoffice/phpspreadsheet/src/PhpSpreadsheet/Style/ConditionalFormatting/Wizard/Blanks.php HTTP/1.1" 500 0 "-" "Mozilla/5.0 (compatible; SemrushBot/7~bl; +http://www.semrush.com/bot.html)"
85.208.96.205 - - [10/Jun/2025:14:44:03 -0400] "GET /vendor/phpoffice/phpspreadsheet/src/PhpSpreadsheet/Calculation/locale/bg/config HTTP/1.1" 200 280 "-" "Mozilla/5.0 (compatible; SemrushBot/7~bl; +http://www.semrush.com/bot.html)"
162.0.217.222 - - [10/Jun/2025:14:45:05 -0400] "GET /cron3344/getimeiorders HTTP/1.1" 200 0 "-" "Wget/1.19.5 (linux-gnu)"
162.0.217.222 - - [10/Jun/2025:14:45:05 -0400] "GET /cron3344/revertorderstatuses HTTP/1.1" 200 0 "-" "Wget/1.19.5 (linux-gnu)"
162.0.217.222 - - [10/Jun/2025:14:45:05 -0400] "GET /cron3344/sendimeiorders HTTP/1.1" 200 0 "-" "Wget/1.19.5 (linux-gnu)"
54.36.148.177 - - [10/Jun/2025:14:45:43 -0400] "GET /vendor/symfony/console/Input/StringInput.php HTTP/1.1" 500 0 "-" "Mozilla/5.0 (compatible; AhrefsBot/7.0; +http://ahrefs.com/robot/)"
169.150.197.145 - - [10/Jun/2025:14:46:21 -0400] "GET / HTTP/1.1" 200 14612 "-" "Mozilla/5.0 (Windows NT 10.0; WOW64; x64) AppleWebKit/537.36 (KHTML, like Gecko) Chrome/114.0.0.0 Safari/537.36 OPR/89.0.4447.51"
169.150.197.145 - - [10/Jun/2025:14:46:22 -0400] "GET /home/details/8 HTTP/1.1" 200 12285 "https://imeiunlocking.net/" "Mozilla/5.0 (Windows NT 10.0; WOW64; x64) AppleWebKit/537.36 (KHTML, like Gecko) Chrome/114.0.0.0 Safari/537.36 OPR/89.0.4447.51"
109.70.100.1 - - [10/Jun/2025:14:48:43 -0400] "GET /home/order?serviceId=14 HTTP/1.1" 200 14792 "https://imeiunlocking.net/home/order?serviceId=14" "Mozilla/5.0 (Windows NT 10.0; Win64; x64) AppleWebKit/537.36 (KHTML, like Gecko) Chrome/125.0.0.0 Safari/537.36"
109.70.100.1 - - [10/Jun/2025:14:48:44 -0400] "POST /home/order?serviceId=14 HTTP/1.1" 303 0 "https://imeiunlocking.net/home/order?serviceId=14" "Mozilla/5.0 (Windows NT 10.0; Win64; x64) AppleWebKit/537.36 (KHTML, like Gecko) Chrome/125.0.0.0 Safari/537.36"
109.70.100.1 - - [10/Jun/2025:14:48:44 -0400] "GET /home/order?serviceId=14 HTTP/1.1" 200 14839 "https://imeiunlocking.net/home/order?serviceId=14" "Mozilla/5.0 (Windows NT 10.0; Win64; x64) AppleWebKit/537.36 (KHTML, like Gecko) Chrome/125.0.0.0 Safari/537.36"
109.70.100.1 - - [10/Jun/2025:14:48:44 -0400] "POST /register1 HTTP/1.1" 200 242 "https://imeiunlocking.net/register1" "Mozilla/5.0 (Windows NT 10.0; Win64; x64) AppleWebKit/537.36 (KHTML, like Gecko) Chrome/125.0.0.0 Safari/537.36"
162.0.217.222 - - [10/Jun/2025:14:50:05 -0400] "GET /cron3344/sendimeiorders HTTP/1.1" 200 0 "-" "Wget/1.19.5 (linux-gnu)"
162.0.217.222 - - [10/Jun/2025:14:50:05 -0400] "GET /cron3344/getimeiorders HTTP/1.1" 200 0 "-" "Wget/1.19.5 (linux-gnu)"
162.0.217.222 - - [10/Jun/2025:14:50:05 -0400] "GET /cron3344/revertorderstatuses HTTP/1.1" 200 0 "-" "Wget/1.19.5 (linux-gnu)"
43.128.67.187 - - [10/Jun/2025:14:51:39 -0400] "GET / HTTP/1.1" 200 14612 "http://www.imeiunlocking.net" "Mozilla/5.0 (iPhone; CPU iPhone OS 13_2_3 like Mac OS X) AppleWebKit/605.1.15 (KHTML, like Gecko) Version/13.0.3 Mobile/15E148 Safari/604.1"
185.191.171.10 - - [10/Jun/2025:14:51:43 -0400] "GET /assets/global_assets/scss/themes/material/components/forms/uploaders/_file-input.scss HTTP/1.1" 200 11342 "-" "Mozilla/5.0 (compatible; SemrushBot/7~bl; +http://www.semrush.com/bot.html)"
85.208.96.208 - - [10/Jun/2025:14:51:58 -0400] "GET /vendor/nikic/php-parser/lib/PhpParser/Node/Expr/Cast/Double.php HTTP/1.1" 500 0 "-" "Mozilla/5.0 (compatible; SemrushBot/7~bl; +http://www.semrush.com/bot.html)"
85.208.96.194 - - [10/Jun/2025:14:52:39 -0400] "GET /vendor/phpoffice/phpspreadsheet/src/PhpSpreadsheet/Style/ConditionalFormatting/Wizard/WizardAbstract.php HTTP/1.1" 200 0 "-" "Mozilla/5.0 (compatible; SemrushBot/7~bl; +http://www.semrush.com/bot.html)"
61.231.85.130 - - [10/Jun/2025:14:52:46 -0400] "GET / HTTP/1.1" 200 14610 "https://imeiunlocking.net/" "Mozilla/5.0 (Windows NT 6.1; WOW64) AppleWebKit/537.36 (KHTML, like Gecko) Chrome/34.0.5862.818 Safari/537.36"
192.42.116.184 - - [10/Jun/2025:14:54:14 -0400] "GET /home/order?serviceId=14 HTTP/1.1" 200 14793 "https://imeiunlocking.net/home/order?serviceId=14" "Mozilla/5.0 (Windows NT 10.0; Win64; x64) AppleWebKit/537.36 (KHTML, like Gecko) Chrome/125.0.0.0 Safari/537.36"
192.42.116.184 - - [10/Jun/2025:14:54:15 -0400] "POST /home/order?serviceId=14 HTTP/1.1" 303 0 "https://imeiunlocking.net/home/order?serviceId=14" "Mozilla/5.0 (Windows NT 10.0; Win64; x64) AppleWebKit/537.36 (KHTML, like Gecko) Chrome/125.0.0.0 Safari/537.36"
192.42.116.184 - - [10/Jun/2025:14:54:15 -0400] "GET /home/order?serviceId=14 HTTP/1.1" 200 14839 "https://imeiunlocking.net/home/order?serviceId=14" "Mozilla/5.0 (Windows NT 10.0; Win64; x64) AppleWebKit/537.36 (KHTML, like Gecko) Chrome/125.0.0.0 Safari/537.36"
192.42.116.184 - - [10/Jun/2025:14:54:16 -0400] "POST /register1 HTTP/1.1" 200 242 "https://imeiunlocking.net/register1" "Mozilla/5.0 (Windows NT 10.0; Win64; x64) AppleWebKit/537.36 (KHTML, like Gecko) Chrome/125.0.0.0 Safari/537.36"
162.0.217.222 - - [10/Jun/2025:14:55:04 -0400] "GET /cron3344/sendimeiorders HTTP/1.1" 200 0 "-" "Wget/1.19.5 (linux-gnu)"
162.0.217.222 - - [10/Jun/2025:14:55:04 -0400] "GET /cron3344/revertorderstatuses HTTP/1.1" 200 0 "-" "Wget/1.19.5 (linux-gnu)"
162.0.217.222 - - [10/Jun/2025:14:55:04 -0400] "GET /cron3344/getimeiorders HTTP/1.1" 200 0 "-" "Wget/1.19.5 (linux-gnu)"
185.220.101.49 - - [10/Jun/2025:14:55:24 -0400] "GET /home/order?serviceId=14 HTTP/1.1" 200 14793 "https://imeiunlocking.net/home/order?serviceId=14" "Mozilla/5.0 (Windows NT 10.0; Win64; x64) AppleWebKit/537.36 (KHTML, like Gecko) Chrome/125.0.0.0 Safari/537.36"
185.220.101.49 - - [10/Jun/2025:14:55:25 -0400] "POST /home/order?serviceId=14 HTTP/1.1" 303 0 "https://imeiunlocking.net/home/order?serviceId=14" "Mozilla/5.0 (Windows NT 10.0; Win64; x64) AppleWebKit/537.36 (KHTML, like Gecko) Chrome/125.0.0.0 Safari/537.36"
185.220.101.49 - - [10/Jun/2025:14:55:25 -0400] "GET /home/order?serviceId=14 HTTP/1.1" 200 14840 "https://imeiunlocking.net/home/order?serviceId=14" "Mozilla/5.0 (Windows NT 10.0; Win64; x64) AppleWebKit/537.36 (KHTML, like Gecko) Chrome/125.0.0.0 Safari/537.36"
185.220.101.49 - - [10/Jun/2025:14:55:27 -0400] "POST /register1 HTTP/1.1" 200 242 "https://imeiunlocking.net/register1" "Mozilla/5.0 (Windows NT 10.0; Win64; x64) AppleWebKit/537.36 (KHTML, like Gecko) Chrome/125.0.0.0 Safari/537.36"
192.42.116.186 - - [10/Jun/2025:14:56:47 -0400] "GET /home/order?serviceId=14 HTTP/1.1" 200 14792 "https://imeiunlocking.net/home/order?serviceId=14" "Mozilla/5.0 (Windows NT 10.0; Win64; x64) AppleWebKit/537.36 (KHTML, like Gecko) Chrome/125.0.0.0 Safari/537.36"
185.220.101.35 - - [10/Jun/2025:14:56:48 -0400] "POST /home/order?serviceId=14 HTTP/1.1" 303 0 "https://imeiunlocking.net/home/order?serviceId=14" "Mozilla/5.0 (Windows NT 10.0; Win64; x64) AppleWebKit/537.36 (KHTML, like Gecko) Chrome/125.0.0.0 Safari/537.36"
185.220.101.35 - - [10/Jun/2025:14:56:48 -0400] "GET /home/order?serviceId=14 HTTP/1.1" 200 14841 "https://imeiunlocking.net/home/order?serviceId=14" "Mozilla/5.0 (Windows NT 10.0; Win64; x64) AppleWebKit/537.36 (KHTML, like Gecko) Chrome/125.0.0.0 Safari/537.36"
185.220.101.35 - - [10/Jun/2025:14:56:50 -0400] "POST /register1 HTTP/1.1" 200 242 "https://imeiunlocking.net/register1" "Mozilla/5.0 (Windows NT 10.0; Win64; x64) AppleWebKit/537.36 (KHTML, like Gecko) Chrome/125.0.0.0 Safari/537.36"
185.220.101.27 - - [10/Jun/2025:14:57:31 -0400] "GET /home/order?serviceId=14 HTTP/1.1" 200 14793 "https://imeiunlocking.net/home/order?serviceId=14" "Mozilla/5.0 (Windows NT 10.0; Win64; x64) AppleWebKit/537.36 (KHTML, like Gecko) Chrome/125.0.0.0 Safari/537.36"
185.220.101.27 - - [10/Jun/2025:14:57:31 -0400] "POST /home/order?serviceId=14 HTTP/1.1" 303 0 "https://imeiunlocking.net/home/order?serviceId=14" "Mozilla/5.0 (Windows NT 10.0; Win64; x64) AppleWebKit/537.36 (KHTML, like Gecko) Chrome/125.0.0.0 Safari/537.36"
185.220.101.27 - - [10/Jun/2025:14:57:31 -0400] "GET /home/order?serviceId=14 HTTP/1.1" 200 14840 "https://imeiunlocking.net/home/order?serviceId=14" "Mozilla/5.0 (Windows NT 10.0; Win64; x64) AppleWebKit/537.36 (KHTML, like Gecko) Chrome/125.0.0.0 Safari/537.36"
185.220.101.27 - - [10/Jun/2025:14:57:32 -0400] "POST /register1 HTTP/1.1" 200 242 "https://imeiunlocking.net/register1" "Mozilla/5.0 (Windows NT 10.0; Win64; x64) AppleWebKit/537.36 (KHTML, like Gecko) Chrome/125.0.0.0 Safari/537.36"
185.191.171.11 - - [10/Jun/2025:14:58:21 -0400] "GET /vendor/phpoffice/phpspreadsheet/src/PhpSpreadsheet/Calculation/locale/it/config HTTP/1.1" 200 301 "-" "Mozilla/5.0 (compatible; SemrushBot/7~bl; +http://www.semrush.com/bot.html)"
185.220.101.59 - - [10/Jun/2025:14:58:31 -0400] "GET /home/order?serviceId=14 HTTP/1.1" 200 14793 "https://imeiunlocking.net/home/order?serviceId=14" "Mozilla/5.0 (Windows NT 10.0; Win64; x64) AppleWebKit/537.36 (KHTML, like Gecko) Chrome/125.0.0.0 Safari/537.36"
185.220.101.59 - - [10/Jun/2025:14:58:32 -0400] "POST /home/order?serviceId=14 HTTP/1.1" 303 0 "https://imeiunlocking.net/home/order?serviceId=14" "Mozilla/5.0 (Windows NT 10.0; Win64; x64) AppleWebKit/537.36 (KHTML, like Gecko) Chrome/125.0.0.0 Safari/537.36"
185.220.101.59 - - [10/Jun/2025:14:58:32 -0400] "GET /home/order?serviceId=14 HTTP/1.1" 200 14841 "https://imeiunlocking.net/home/order?serviceId=14" "Mozilla/5.0 (Windows NT 10.0; Win64; x64) AppleWebKit/537.36 (KHTML, like Gecko) Chrome/125.0.0.0 Safari/537.36"
185.220.101.59 - - [10/Jun/2025:14:58:33 -0400] "POST /register1 HTTP/1.1" 200 242 "https://imeiunlocking.net/register1" "Mozilla/5.0 (Windows NT 10.0; Win64; x64) AppleWebKit/537.36 (KHTML, like Gecko) Chrome/125.0.0.0 Safari/537.36"
162.0.217.222 - - [10/Jun/2025:15:00:06 -0400] "GET /cron3344/getimeiorders HTTP/1.1" 200 0 "-" "Wget/1.19.5 (linux-gnu)"
162.0.217.222 - - [10/Jun/2025:15:00:06 -0400] "GET /cron3344/sendimeiorders HTTP/1.1" 200 0 "-" "Wget/1.19.5 (linux-gnu)"
162.0.217.222 - - [10/Jun/2025:15:00:06 -0400] "GET /cron3344/revertorderstatuses HTTP/1.1" 200 0 "-" "Wget/1.19.5 (linux-gnu)"
61.231.85.130 - - [10/Jun/2025:15:02:55 -0400] "GET / HTTP/1.1" 200 14611 "https://imeiunlocking.net/" "Mozilla/5.0 (Windows NT 6.1; WOW64) AppleWebKit/537.36 (KHTML, like Gecko) Chrome/34.0.6559.450 Safari/537.36"
162.0.217.222 - - [10/Jun/2025:15:05:05 -0400] "GET /cron3344/sendimeiorders HTTP/1.1" 200 0 "-" "Wget/1.19.5 (linux-gnu)"
162.0.217.222 - - [10/Jun/2025:15:05:05 -0400] "GET /cron3344/getimeiorders HTTP/1.1" 200 0 "-" "Wget/1.19.5 (linux-gnu)"
162.0.217.222 - - [10/Jun/2025:15:05:05 -0400] "GET /cron3344/revertorderstatuses HTTP/1.1" 200 0 "-" "Wget/1.19.5 (linux-gnu)"
185.191.171.1 - - [10/Jun/2025:15:06:56 -0400] "GET /robots.txt HTTP/1.1" 404 503 "-" "Mozilla/5.0 (compatible; SemrushBot/7~bl; +http://www.semrush.com/bot.html)"
85.208.96.210 - - [10/Jun/2025:15:06:57 -0400] "GET /vendor/phpoffice/phpspreadsheet/src/PhpSpreadsheet/Calculation/locale/sv/config HTTP/1.1" 200 354 "-" "Mozilla/5.0 (compatible; SemrushBot/7~bl; +http://www.semrush.com/bot.html)"
85.208.96.211 - - [10/Jun/2025:15:08:08 -0400] "GET /vendor/phpoffice/phpspreadsheet/src/PhpSpreadsheet/Calculation/locale/ru/config HTTP/1.1" 200 374 "-" "Mozilla/5.0 (compatible; SemrushBot/7~bl; +http://www.semrush.com/bot.html)"
185.191.171.15 - - [10/Jun/2025:15:08:35 -0400] "GET /vendor/phpoffice/phpspreadsheet/src/PhpSpreadsheet/Calculation/Statistical/Distributions/NewtonRaphson.php HTTP/1.1" 200 0 "-" "Mozilla/5.0 (compatible; SemrushBot/7~bl; +http://www.semrush.com/bot.html)"
162.0.217.222 - - [10/Jun/2025:15:10:04 -0400] "GET /cron3344/getimeiorders HTTP/1.1" 200 0 "-" "Wget/1.19.5 (linux-gnu)"
162.0.217.222 - - [10/Jun/2025:15:10:04 -0400] "GET /cron3344/sendimeiorders HTTP/1.1" 200 0 "-" "Wget/1.19.5 (linux-gnu)"
162.0.217.222 - - [10/Jun/2025:15:10:04 -0400] "GET /cron3344/revertorderstatuses HTTP/1.1" 200 0 "-" "Wget/1.19.5 (linux-gnu)"
54.36.148.201 - - [10/Jun/2025:15:10:20 -0400] "GET /vendor/symfony/console/Formatter/?MA HTTP/1.1" 200 1062 "-" "Mozilla/5.0 (compatible; AhrefsBot/7.0; +http://ahrefs.com/robot/)"
43.166.132.142 - - [10/Jun/2025:15:10:31 -0400] "GET /home/order?serviceId=4 HTTP/1.1" 200 15092 "-" "Mozilla/5.0 (iPhone; CPU iPhone OS 13_2_3 like Mac OS X) AppleWebKit/605.1.15 (KHTML, like Gecko) Version/13.0.3 Mobile/15E148 Safari/604.1"
85.208.96.209 - - [10/Jun/2025:15:10:34 -0400] "GET /vendor/nikic/php-parser/lib/PhpParser/Node/Expr/BinaryOp/BitwiseAnd.php HTTP/1.1" 500 0 "-" "Mozilla/5.0 (compatible; SemrushBot/7~bl; +http://www.semrush.com/bot.html)"
185.191.171.10 - - [10/Jun/2025:15:12:31 -0400] "GET /vendor/phpoffice/phpspreadsheet/src/PhpSpreadsheet/Calculation/Financial/Securities/AccruedInterest.php HTTP/1.1" 200 0 "-" "Mozilla/5.0 (compatible; SemrushBot/7~bl; +http://www.semrush.com/bot.html)"
85.208.96.209 - - [10/Jun/2025:15:12:53 -0400] "GET /assets/images/ HTTP/1.1" 200 2254 "-" "Mozilla/5.0 (compatible; SemrushBot/7~bl; +http://www.semrush.com/bot.html)"
61.231.85.130 - - [10/Jun/2025:15:13:09 -0400] "GET / HTTP/1.1" 200 14611 "https://imeiunlocking.net/" "Mozilla/5.0 (Windows NT 6.1; WOW64) AppleWebKit/537.36 (KHTML, like Gecko) Chrome/35.0.5532.303 Safari/537.36"
66.249.73.230 - - [10/Jun/2025:15:13:41 -0400] "GET /uplds1/retail/14b83y9Y.jpg HTTP/1.1" 200 76590 "-" "Googlebot-Image/1.0"
85.208.96.208 - - [10/Jun/2025:15:14:39 -0400] "GET /vendor/nikic/php-parser/lib/PhpParser/Node/Scalar/MagicConst/Dir.php HTTP/1.1" 500 0 "-" "Mozilla/5.0 (compatible; SemrushBot/7~bl; +http://www.semrush.com/bot.html)"
162.0.217.222 - - [10/Jun/2025:15:15:05 -0400] "GET /cron3344/sendimeiorders HTTP/1.1" 200 0 "-" "Wget/1.19.5 (linux-gnu)"
162.0.217.222 - - [10/Jun/2025:15:15:05 -0400] "GET /cron3344/getimeiorders HTTP/1.1" 200 0 "-" "Wget/1.19.5 (linux-gnu)"
162.0.217.222 - - [10/Jun/2025:15:15:05 -0400] "GET /cron3344/revertorderstatuses HTTP/1.1" 200 0 "-" "Wget/1.19.5 (linux-gnu)"
43.167.157.80 - - [10/Jun/2025:15:15:41 -0400] "GET /home/details/3 HTTP/1.1" 200 12255 "-" "Mozilla/5.0 (iPhone; CPU iPhone OS 13_2_3 like Mac OS X) AppleWebKit/605.1.15 (KHTML, like Gecko) Version/13.0.3 Mobile/15E148 Safari/604.1"
85.208.96.196 - - [10/Jun/2025:15:16:32 -0400] "GET /assets/global_assets/scss/themes/default/components/tables/datatables/_datatable-fixed-header.scss HTTP/1.1" 200 1310 "-" "Mozilla/5.0 (compatible; SemrushBot/7~bl; +http://www.semrush.com/bot.html)"
85.208.96.209 - - [10/Jun/2025:15:16:50 -0400] "GET /assets/global_assets/scss/themes/default/components/pickers/pickadate/_time.scss HTTP/1.1" 200 3090 "-" "Mozilla/5.0 (compatible; SemrushBot/7~bl; +http://www.semrush.com/bot.html)"
45.84.107.101 - - [10/Jun/2025:15:20:02 -0400] "GET /home/order?serviceId=14 HTTP/1.1" 200 14793 "https://imeiunlocking.net/home/order?serviceId=14" "Mozilla/5.0 (Windows NT 10.0; Win64; x64) AppleWebKit/537.36 (KHTML, like Gecko) Chrome/125.0.0.0 Safari/537.36"
192.42.116.209 - - [10/Jun/2025:15:20:03 -0400] "POST /home/order?serviceId=14 HTTP/1.1" 303 0 "https://imeiunlocking.net/home/order?serviceId=14" "Mozilla/5.0 (Windows NT 10.0; Win64; x64) AppleWebKit/537.36 (KHTML, like Gecko) Chrome/125.0.0.0 Safari/537.36"
192.42.116.209 - - [10/Jun/2025:15:20:03 -0400] "GET /home/order?serviceId=14 HTTP/1.1" 200 14841 "https://imeiunlocking.net/home/order?serviceId=14" "Mozilla/5.0 (Windows NT 10.0; Win64; x64) AppleWebKit/537.36 (KHTML, like Gecko) Chrome/125.0.0.0 Safari/537.36"
192.42.116.209 - - [10/Jun/2025:15:20:04 -0400] "POST /register1 HTTP/1.1" 200 242 "https://imeiunlocking.net/register1" "Mozilla/5.0 (Windows NT 10.0; Win64; x64) AppleWebKit/537.36 (KHTML, like Gecko) Chrome/125.0.0.0 Safari/537.36"
162.0.217.222 - - [10/Jun/2025:15:20:04 -0400] "GET /cron3344/sendimeiorders HTTP/1.1" 200 0 "-" "Wget/1.19.5 (linux-gnu)"
162.0.217.222 - - [10/Jun/2025:15:20:04 -0400] "GET /cron3344/getimeiorders HTTP/1.1" 200 0 "-" "Wget/1.19.5 (linux-gnu)"
162.0.217.222 - - [10/Jun/2025:15:20:05 -0400] "GET /cron3344/revertorderstatuses HTTP/1.1" 200 0 "-" "Wget/1.19.5 (linux-gnu)"
118.195.165.218 - - [10/Jun/2025:15:21:12 -0400] "GET / HTTP/1.1" 200 14610 "http://imeiunlocking.net" "Mozilla/5.0 (iPhone; CPU iPhone OS 13_2_3 like Mac OS X) AppleWebKit/605.1.15 (KHTML, like Gecko) Version/13.0.3 Mobile/15E148 Safari/604.1"
185.191.171.12 - - [10/Jun/2025:15:21:31 -0400] "GET /vendor/phpoffice/phpspreadsheet/src/PhpSpreadsheet/Writer/Ods/Cell/Comment.php HTTP/1.1" 200 0 "-" "Mozilla/5.0 (compatible; SemrushBot/7~bl; +http://www.semrush.com/bot.html)"
45.84.107.174 - - [10/Jun/2025:15:23:15 -0400] "GET /home/order?serviceId=14 HTTP/1.1" 200 14793 "https://imeiunlocking.net/home/order?serviceId=14" "Mozilla/5.0 (Windows NT 10.0; Win64; x64) AppleWebKit/537.36 (KHTML, like Gecko) Chrome/125.0.0.0 Safari/537.36"
45.84.107.174 - - [10/Jun/2025:15:23:16 -0400] "POST /home/order?serviceId=14 HTTP/1.1" 303 0 "https://imeiunlocking.net/home/order?serviceId=14" "Mozilla/5.0 (Windows NT 10.0; Win64; x64) AppleWebKit/537.36 (KHTML, like Gecko) Chrome/125.0.0.0 Safari/537.36"
45.84.107.174 - - [10/Jun/2025:15:23:17 -0400] "GET /home/order?serviceId=14 HTTP/1.1" 200 14838 "https://imeiunlocking.net/home/order?serviceId=14" "Mozilla/5.0 (Windows NT 10.0; Win64; x64) AppleWebKit/537.36 (KHTML, like Gecko) Chrome/125.0.0.0 Safari/537.36"
45.84.107.174 - - [10/Jun/2025:15:23:17 -0400] "POST /register1 HTTP/1.1" 200 167 "https://imeiunlocking.net/register1" "Mozilla/5.0 (Windows NT 10.0; Win64; x64) AppleWebKit/537.36 (KHTML, like Gecko) Chrome/125.0.0.0 Safari/537.36"
61.231.85.130 - - [10/Jun/2025:15:23:37 -0400] "GET / HTTP/1.1" 200 14611 "https://imeiunlocking.net/" "Mozilla/5.0 (Windows NT 6.1; WOW64) AppleWebKit/537.36 (KHTML, like Gecko) Chrome/35.0.5926.583 Safari/537.36"
162.0.217.222 - - [10/Jun/2025:15:25:04 -0400] "GET /cron3344/sendimeiorders HTTP/1.1" 200 0 "-" "Wget/1.19.5 (linux-gnu)"
162.0.217.222 - - [10/Jun/2025:15:25:04 -0400] "GET /cron3344/getimeiorders HTTP/1.1" 200 0 "-" "Wget/1.19.5 (linux-gnu)"
162.0.217.222 - - [10/Jun/2025:15:25:04 -0400] "GET /cron3344/revertorderstatuses HTTP/1.1" 200 0 "-" "Wget/1.19.5 (linux-gnu)"
185.191.171.15 - - [10/Jun/2025:15:25:47 -0400] "GET /vendor/phpoffice/phpspreadsheet/src/PhpSpreadsheet/Calculation/MathTrig/Trig/Cosecant.php HTTP/1.1" 500 0 "-" "Mozilla/5.0 (compatible; SemrushBot/7~bl; +http://www.semrush.com/bot.html)"
185.220.101.146 - - [10/Jun/2025:15:26:17 -0400] "GET /home/order?serviceId=14 HTTP/1.1" 200 14793 "https://imeiunlocking.net/home/order?serviceId=14" "Mozilla/5.0 (Windows NT 10.0; Win64; x64) AppleWebKit/537.36 (KHTML, like Gecko) Chrome/125.0.0.0 Safari/537.36"
185.220.101.146 - - [10/Jun/2025:15:26:21 -0400] "POST /home/order?serviceId=14 HTTP/1.1" 303 0 "https://imeiunlocking.net/home/order?serviceId=14" "Mozilla/5.0 (Windows NT 10.0; Win64; x64) AppleWebKit/537.36 (KHTML, like Gecko) Chrome/125.0.0.0 Safari/537.36"
185.220.101.146 - - [10/Jun/2025:15:26:21 -0400] "GET /home/order?serviceId=14 HTTP/1.1" 200 14841 "https://imeiunlocking.net/home/order?serviceId=14" "Mozilla/5.0 (Windows NT 10.0; Win64; x64) AppleWebKit/537.36 (KHTML, like Gecko) Chrome/125.0.0.0 Safari/537.36"
185.220.101.166 - - [10/Jun/2025:15:26:22 -0400] "POST /register1 HTTP/1.1" 200 167 "https://imeiunlocking.net/register1" "Mozilla/5.0 (Windows NT 10.0; Win64; x64) AppleWebKit/537.36 (KHTML, like Gecko) Chrome/125.0.0.0 Safari/537.36"
43.159.136.201 - - [10/Jun/2025:15:26:50 -0400] "GET /home/brand_services?id=7 HTTP/1.1" 200 12223 "-" "Mozilla/5.0 (iPhone; CPU iPhone OS 13_2_3 like Mac OS X) AppleWebKit/605.1.15 (KHTML, like Gecko) Version/13.0.3 Mobile/15E148 Safari/604.1"
192.42.116.177 - - [10/Jun/2025:15:28:42 -0400] "GET /home/order?serviceId=14 HTTP/1.1" 200 14793 "https://imeiunlocking.net/home/order?serviceId=14" "Mozilla/5.0 (Windows NT 10.0; Win64; x64) AppleWebKit/537.36 (KHTML, like Gecko) Chrome/125.0.0.0 Safari/537.36"
192.42.116.177 - - [10/Jun/2025:15:28:44 -0400] "POST /home/order?serviceId=14 HTTP/1.1" 303 0 "https://imeiunlocking.net/home/order?serviceId=14" "Mozilla/5.0 (Windows NT 10.0; Win64; x64) AppleWebKit/537.36 (KHTML, like Gecko) Chrome/125.0.0.0 Safari/537.36"
192.42.116.177 - - [10/Jun/2025:15:28:44 -0400] "GET /home/order?serviceId=14 HTTP/1.1" 200 14840 "https://imeiunlocking.net/home/order?serviceId=14" "Mozilla/5.0 (Windows NT 10.0; Win64; x64) AppleWebKit/537.36 (KHTML, like Gecko) Chrome/125.0.0.0 Safari/537.36"
192.42.116.177 - - [10/Jun/2025:15:28:44 -0400] "POST /register1 HTTP/1.1" 200 242 "https://imeiunlocking.net/register1" "Mozilla/5.0 (Windows NT 10.0; Win64; x64) AppleWebKit/537.36 (KHTML, like Gecko) Chrome/125.0.0.0 Safari/537.36"
114.119.154.11 - - [10/Jun/2025:15:29:04 -0400] "GET /home/product_and_services/0 HTTP/1.1" 200 60702 "-" "Mozilla/5.0 (Linux; Android 7.0;) AppleWebKit/537.36 (KHTML, like Gecko) Mobile Safari/537.36 (compatible; PetalBot;+https://webmaster.petalsearch.com/site/petalbot)"
194.5.53.213 - - [10/Jun/2025:15:29:47 -0400] "GET //wp-includes/ID3/license.txt HTTP/1.1" 404 503 "-" "Mozilla/5.0 (Windows NT 10.0; Win64; x64) AppleWebKit/537.36 (KHTML, like Gecko) Chrome/95.0.4638.69 Safari/537.36"
194.5.53.213 - - [10/Jun/2025:15:29:47 -0400] "GET //feed/ HTTP/1.1" 404 503 "-" "Mozilla/5.0 (Windows NT 10.0; Win64; x64) AppleWebKit/537.36 (KHTML, like Gecko) Chrome/95.0.4638.69 Safari/537.36"
194.5.53.213 - - [10/Jun/2025:15:29:48 -0400] "GET //blog/wp-includes/wlwmanifest.xml HTTP/1.1" 404 503 "-" "Mozilla/5.0 (Windows NT 10.0; Win64; x64) AppleWebKit/537.36 (KHTML, like Gecko) Chrome/95.0.4638.69 Safari/537.36"
185.191.171.15 - - [10/Jun/2025:15:29:48 -0400] "GET /assets/global_assets/scss/themes/default/components/tables/datatables/_datatable-scroller.scss HTTP/1.1" 200 1192 "-" "Mozilla/5.0 (compatible; SemrushBot/7~bl; +http://www.semrush.com/bot.html)"
194.5.53.213 - - [10/Jun/2025:15:29:48 -0400] "GET //web/wp-includes/wlwmanifest.xml HTTP/1.1" 404 503 "-" "Mozilla/5.0 (Windows NT 10.0; Win64; x64) AppleWebKit/537.36 (KHTML, like Gecko) Chrome/95.0.4638.69 Safari/537.36"
194.5.53.213 - - [10/Jun/2025:15:29:49 -0400] "GET //wordpress/wp-includes/wlwmanifest.xml HTTP/1.1" 404 503 "-" "Mozilla/5.0 (Windows NT 10.0; Win64; x64) AppleWebKit/537.36 (KHTML, like Gecko) Chrome/95.0.4638.69 Safari/537.36"
194.5.53.213 - - [10/Jun/2025:15:29:49 -0400] "GET //wp/wp-includes/wlwmanifest.xml HTTP/1.1" 404 503 "-" "Mozilla/5.0 (Windows NT 10.0; Win64; x64) AppleWebKit/537.36 (KHTML, like Gecko) Chrome/95.0.4638.69 Safari/537.36"
194.5.53.213 - - [10/Jun/2025:15:29:49 -0400] "GET //2020/wp-includes/wlwmanifest.xml HTTP/1.1" 404 503 "-" "Mozilla/5.0 (Windows NT 10.0; Win64; x64) AppleWebKit/537.36 (KHTML, like Gecko) Chrome/95.0.4638.69 Safari/537.36"
194.5.53.213 - - [10/Jun/2025:15:29:50 -0400] "GET //2019/wp-includes/wlwmanifest.xml HTTP/1.1" 404 503 "-" "Mozilla/5.0 (Windows NT 10.0; Win64; x64) AppleWebKit/537.36 (KHTML, like Gecko) Chrome/95.0.4638.69 Safari/537.36"
194.5.53.213 - - [10/Jun/2025:15:29:50 -0400] "GET //2021/wp-includes/wlwmanifest.xml HTTP/1.1" 404 503 "-" "Mozilla/5.0 (Windows NT 10.0; Win64; x64) AppleWebKit/537.36 (KHTML, like Gecko) Chrome/95.0.4638.69 Safari/537.36"
194.5.53.213 - - [10/Jun/2025:15:29:51 -0400] "GET //shop/wp-includes/wlwmanifest.xml HTTP/1.1" 404 503 "-" "Mozilla/5.0 (Windows NT 10.0; Win64; x64) AppleWebKit/537.36 (KHTML, like Gecko) Chrome/95.0.4638.69 Safari/537.36"
194.5.53.213 - - [10/Jun/2025:15:29:51 -0400] "GET //wp1/wp-includes/wlwmanifest.xml HTTP/1.1" 404 503 "-" "Mozilla/5.0 (Windows NT 10.0; Win64; x64) AppleWebKit/537.36 (KHTML, like Gecko) Chrome/95.0.4638.69 Safari/537.36"
194.5.53.213 - - [10/Jun/2025:15:29:51 -0400] "GET //test/wp-includes/wlwmanifest.xml HTTP/1.1" 404 503 "-" "Mozilla/5.0 (Windows NT 10.0; Win64; x64) AppleWebKit/537.36 (KHTML, like Gecko) Chrome/95.0.4638.69 Safari/537.36"
194.5.53.213 - - [10/Jun/2025:15:29:52 -0400] "GET //site/wp-includes/wlwmanifest.xml HTTP/1.1" 404 503 "-" "Mozilla/5.0 (Windows NT 10.0; Win64; x64) AppleWebKit/537.36 (KHTML, like Gecko) Chrome/95.0.4638.69 Safari/537.36"
194.5.53.213 - - [10/Jun/2025:15:29:53 -0400] "GET //cms/wp-includes/wlwmanifest.xml HTTP/1.1" 404 503 "-" "Mozilla/5.0 (Windows NT 10.0; Win64; x64) AppleWebKit/537.36 (KHTML, like Gecko) Chrome/95.0.4638.69 Safari/537.36"
162.0.217.222 - - [10/Jun/2025:15:30:04 -0400] "GET /cron3344/getimeiorders HTTP/1.1" 200 0 "-" "Wget/1.19.5 (linux-gnu)"
162.0.217.222 - - [10/Jun/2025:15:30:04 -0400] "GET /cron3344/sendimeiorders HTTP/1.1" 200 0 "-" "Wget/1.19.5 (linux-gnu)"
162.0.217.222 - - [10/Jun/2025:15:30:04 -0400] "GET /cron3344/revertorderstatuses HTTP/1.1" 200 0 "-" "Wget/1.19.5 (linux-gnu)"
85.208.96.199 - - [10/Jun/2025:15:31:17 -0400] "GET /vendor/nikic/php-parser/lib/PhpParser/Node/Expr/AssignOp/Div.php HTTP/1.1" 500 0 "-" "Mozilla/5.0 (compatible; SemrushBot/7~bl; +http://www.semrush.com/bot.html)"
107.189.31.187 - - [10/Jun/2025:15:32:12 -0400] "GET /home/order?serviceId=14 HTTP/1.1" 200 14792 "https://imeiunlocking.net/home/order?serviceId=14" "Mozilla/5.0 (Windows NT 10.0; Win64; x64) AppleWebKit/537.36 (KHTML, like Gecko) Chrome/125.0.0.0 Safari/537.36"
107.189.31.187 - - [10/Jun/2025:15:32:13 -0400] "POST /home/order?serviceId=14 HTTP/1.1" 303 0 "https://imeiunlocking.net/home/order?serviceId=14" "Mozilla/5.0 (Windows NT 10.0; Win64; x64) AppleWebKit/537.36 (KHTML, like Gecko) Chrome/125.0.0.0 Safari/537.36"
107.189.31.187 - - [10/Jun/2025:15:32:14 -0400] "GET /home/order?serviceId=14 HTTP/1.1" 200 14840 "https://imeiunlocking.net/home/order?serviceId=14" "Mozilla/5.0 (Windows NT 10.0; Win64; x64) AppleWebKit/537.36 (KHTML, like Gecko) Chrome/125.0.0.0 Safari/537.36"
107.189.31.187 - - [10/Jun/2025:15:32:15 -0400] "POST /register1 HTTP/1.1" 200 167 "https://imeiunlocking.net/register1" "Mozilla/5.0 (Windows NT 10.0; Win64; x64) AppleWebKit/537.36 (KHTML, like Gecko) Chrome/125.0.0.0 Safari/537.36"
45.141.215.88 - - [10/Jun/2025:15:32:16 -0400] "GET /home/order?serviceId=14 HTTP/1.1" 200 14792 "https://imeiunlocking.net/home/order?serviceId=14" "Mozilla/5.0 (Windows NT 10.0; Win64; x64) AppleWebKit/537.36 (KHTML, like Gecko) Chrome/125.0.0.0 Safari/537.36"
178.20.55.16 - - [10/Jun/2025:15:32:17 -0400] "POST /home/order?serviceId=14 HTTP/1.1" 303 0 "https://imeiunlocking.net/home/order?serviceId=14" "Mozilla/5.0 (Windows NT 10.0; Win64; x64) AppleWebKit/537.36 (KHTML, like Gecko) Chrome/125.0.0.0 Safari/537.36"
178.20.55.16 - - [10/Jun/2025:15:32:17 -0400] "GET /home/order?serviceId=14 HTTP/1.1" 200 14840 "https://imeiunlocking.net/home/order?serviceId=14" "Mozilla/5.0 (Windows NT 10.0; Win64; x64) AppleWebKit/537.36 (KHTML, like Gecko) Chrome/125.0.0.0 Safari/537.36"
178.20.55.16 - - [10/Jun/2025:15:32:18 -0400] "POST /register1 HTTP/1.1" 200 242 "https://imeiunlocking.net/register1" "Mozilla/5.0 (Windows NT 10.0; Win64; x64) AppleWebKit/537.36 (KHTML, like Gecko) Chrome/125.0.0.0 Safari/537.36"
85.208.96.212 - - [10/Jun/2025:15:33:26 -0400] "GET /vendor/phpoffice/phpspreadsheet/src/PhpSpreadsheet/Calculation/Statistical/Distributions/ChiSquared.php HTTP/1.1" 500 0 "-" "Mozilla/5.0 (compatible; SemrushBot/7~bl; +http://www.semrush.com/bot.html)"
45.141.215.40 - - [10/Jun/2025:15:34:20 -0400] "GET /home/order?serviceId=14 HTTP/1.1" 200 14792 "https://imeiunlocking.net/home/order?serviceId=14" "Mozilla/5.0 (Windows NT 10.0; Win64; x64) AppleWebKit/537.36 (KHTML, like Gecko) Chrome/125.0.0.0 Safari/537.36"
185.40.4.132 - - [10/Jun/2025:15:34:22 -0400] "POST /home/order?serviceId=14 HTTP/1.1" 303 0 "https://imeiunlocking.net/home/order?serviceId=14" "Mozilla/5.0 (Windows NT 10.0; Win64; x64) AppleWebKit/537.36 (KHTML, like Gecko) Chrome/125.0.0.0 Safari/537.36"
185.40.4.132 - - [10/Jun/2025:15:34:22 -0400] "GET /home/order?serviceId=14 HTTP/1.1" 200 14842 "https://imeiunlocking.net/home/order?serviceId=14" "Mozilla/5.0 (Windows NT 10.0; Win64; x64) AppleWebKit/537.36 (KHTML, like Gecko) Chrome/125.0.0.0 Safari/537.36"
185.40.4.132 - - [10/Jun/2025:15:34:23 -0400] "POST /register1 HTTP/1.1" 200 242 "https://imeiunlocking.net/register1" "Mozilla/5.0 (Windows NT 10.0; Win64; x64) AppleWebKit/537.36 (KHTML, like Gecko) Chrome/125.0.0.0 Safari/537.36"
61.231.85.130 - - [10/Jun/2025:15:34:28 -0400] "GET / HTTP/1.1" 200 14611 "https://imeiunlocking.net/" "Mozilla/5.0 (Windows NT 6.1; WOW64) AppleWebKit/537.36 (KHTML, like Gecko) Chrome/38.0.7039.257 Safari/537.36"
162.0.217.222 - - [10/Jun/2025:15:35:03 -0400] "GET /cron3344/sendimeiorders HTTP/1.1" 200 0 "-" "Wget/1.19.5 (linux-gnu)"
162.0.217.222 - - [10/Jun/2025:15:35:04 -0400] "GET /cron3344/getimeiorders HTTP/1.1" 200 0 "-" "Wget/1.19.5 (linux-gnu)"
162.0.217.222 - - [10/Jun/2025:15:35:04 -0400] "GET /cron3344/revertorderstatuses HTTP/1.1" 200 0 "-" "Wget/1.19.5 (linux-gnu)"
49.51.52.250 - - [10/Jun/2025:15:35:11 -0400] "GET /home/order?serviceId=18 HTTP/1.1" 200 14931 "-" "Mozilla/5.0 (iPhone; CPU iPhone OS 13_2_3 like Mac OS X) AppleWebKit/605.1.15 (KHTML, like Gecko) Version/13.0.3 Mobile/15E148 Safari/604.1"
61.231.85.130 - - [10/Jun/2025:15:35:18 -0400] "GET / HTTP/1.1" 200 14613 "https://imeiunlocking.net/" "Mozilla/5.0 (Windows NT 6.1; WOW64) AppleWebKit/537.36 (KHTML, like Gecko) Chrome/34.0.7566.795 Safari/537.36"
185.220.101.23 - - [10/Jun/2025:15:36:06 -0400] "GET /home/order?serviceId=14 HTTP/1.1" 200 14792 "https://imeiunlocking.net/home/order?serviceId=14" "Mozilla/5.0 (Windows NT 10.0; Win64; x64) AppleWebKit/537.36 (KHTML, like Gecko) Chrome/125.0.0.0 Safari/537.36"
185.220.101.23 - - [10/Jun/2025:15:36:07 -0400] "POST /home/order?serviceId=14 HTTP/1.1" 303 0 "https://imeiunlocking.net/home/order?serviceId=14" "Mozilla/5.0 (Windows NT 10.0; Win64; x64) AppleWebKit/537.36 (KHTML, like Gecko) Chrome/125.0.0.0 Safari/537.36"
185.220.101.23 - - [10/Jun/2025:15:36:07 -0400] "GET /home/order?serviceId=14 HTTP/1.1" 200 14839 "https://imeiunlocking.net/home/order?serviceId=14" "Mozilla/5.0 (Windows NT 10.0; Win64; x64) AppleWebKit/537.36 (KHTML, like Gecko) Chrome/125.0.0.0 Safari/537.36"
192.42.116.215 - - [10/Jun/2025:15:36:09 -0400] "POST /register1 HTTP/1.1" 200 242 "https://imeiunlocking.net/register1" "Mozilla/5.0 (Windows NT 10.0; Win64; x64) AppleWebKit/537.36 (KHTML, like Gecko) Chrome/125.0.0.0 Safari/537.36"
185.191.171.10 - - [10/Jun/2025:15:38:30 -0400] "GET /assets/global_assets/scss/layouts/layout_2/dark/compile/ckeditor/contents.scss HTTP/1.1" 200 1029 "-" "Mozilla/5.0 (compatible; SemrushBot/7~bl; +http://www.semrush.com/bot.html)"
8.217.184.77 - - [10/Jun/2025:15:39:32 -0400] "GET /robots.txt HTTP/1.1" 404 503 "-" "AliyunSecBot/Aliyun (AliyunSecBot@service.alibaba.com)"
8.217.215.15 - - [10/Jun/2025:15:39:33 -0400] "GET /shopdetail/11413947 HTTP/1.1" 404 503 "-" "AliyunSecBot/Aliyun (AliyunSecBot@service.alibaba.com)"
162.0.217.222 - - [10/Jun/2025:15:40:04 -0400] "GET /cron3344/sendimeiorders HTTP/1.1" 200 0 "-" "Wget/1.19.5 (linux-gnu)"
162.0.217.222 - - [10/Jun/2025:15:40:04 -0400] "GET /cron3344/revertorderstatuses HTTP/1.1" 200 0 "-" "Wget/1.19.5 (linux-gnu)"
162.0.217.222 - - [10/Jun/2025:15:40:04 -0400] "GET /cron3344/getimeiorders HTTP/1.1" 200 0 "-" "Wget/1.19.5 (linux-gnu)"
185.191.171.10 - - [10/Jun/2025:15:40:11 -0400] "GET /vendor/nikic/php-parser/lib/PhpParser/Node/Scalar/MagicConst/Method.php HTTP/1.1" 500 0 "-" "Mozilla/5.0 (compatible; SemrushBot/7~bl; +http://www.semrush.com/bot.html)"
5.45.102.93 - - [10/Jun/2025:15:40:56 -0400] "GET /home/order?serviceId=14 HTTP/1.1" 200 14792 "https://imeiunlocking.net/home/order?serviceId=14" "Mozilla/5.0 (Windows NT 10.0; Win64; x64) AppleWebKit/537.36 (KHTML, like Gecko) Chrome/125.0.0.0 Safari/537.36"
185.220.101.25 - - [10/Jun/2025:15:40:59 -0400] "POST /home/order?serviceId=14 HTTP/1.1" 303 0 "https://imeiunlocking.net/home/order?serviceId=14" "Mozilla/5.0 (Windows NT 10.0; Win64; x64) AppleWebKit/537.36 (KHTML, like Gecko) Chrome/125.0.0.0 Safari/537.36"
185.220.101.25 - - [10/Jun/2025:15:41:00 -0400] "GET /home/order?serviceId=14 HTTP/1.1" 200 14841 "https://imeiunlocking.net/home/order?serviceId=14" "Mozilla/5.0 (Windows NT 10.0; Win64; x64) AppleWebKit/537.36 (KHTML, like Gecko) Chrome/125.0.0.0 Safari/537.36"
185.220.101.25 - - [10/Jun/2025:15:41:02 -0400] "POST /register1 HTTP/1.1" 200 242 "https://imeiunlocking.net/register1" "Mozilla/5.0 (Windows NT 10.0; Win64; x64) AppleWebKit/537.36 (KHTML, like Gecko) Chrome/125.0.0.0 Safari/537.36"
85.208.96.210 - - [10/Jun/2025:15:41:12 -0400] "GET /vendor/nikic/php-parser/lib/PhpParser/Node/Expr/AssignOp/Plus.php HTTP/1.1" 500 0 "-" "Mozilla/5.0 (compatible; SemrushBot/7~bl; +http://www.semrush.com/bot.html)"
185.220.101.6 - - [10/Jun/2025:15:41:12 -0400] "GET /home/order?serviceId=14 HTTP/1.1" 200 14793 "https://imeiunlocking.net/home/order?serviceId=14" "Mozilla/5.0 (Windows NT 10.0; Win64; x64) AppleWebKit/537.36 (KHTML, like Gecko) Chrome/125.0.0.0 Safari/537.36"
185.220.101.6 - - [10/Jun/2025:15:41:12 -0400] "POST /home/order?serviceId=14 HTTP/1.1" 303 0 "https://imeiunlocking.net/home/order?serviceId=14" "Mozilla/5.0 (Windows NT 10.0; Win64; x64) AppleWebKit/537.36 (KHTML, like Gecko) Chrome/125.0.0.0 Safari/537.36"
185.220.101.6 - - [10/Jun/2025:15:41:12 -0400] "GET /home/order?serviceId=14 HTTP/1.1" 200 14838 "https://imeiunlocking.net/home/order?serviceId=14" "Mozilla/5.0 (Windows NT 10.0; Win64; x64) AppleWebKit/537.36 (KHTML, like Gecko) Chrome/125.0.0.0 Safari/537.36"
185.220.101.6 - - [10/Jun/2025:15:41:13 -0400] "POST /register1 HTTP/1.1" 200 242 "https://imeiunlocking.net/register1" "Mozilla/5.0 (Windows NT 10.0; Win64; x64) AppleWebKit/537.36 (KHTML, like Gecko) Chrome/125.0.0.0 Safari/537.36"
85.208.96.200 - - [10/Jun/2025:15:41:29 -0400] "GET /assets/global_assets/scss/layouts/layout_1/default/compile/ckeditor/editor.scss HTTP/1.1" 200 1061 "-" "Mozilla/5.0 (compatible; SemrushBot/7~bl; +http://www.semrush.com/bot.html)"
162.0.217.222 - - [10/Jun/2025:15:45:03 -0400] "GET /cron3344/getimeiorders HTTP/1.1" 200 0 "-" "Wget/1.19.5 (linux-gnu)"
162.0.217.222 - - [10/Jun/2025:15:45:03 -0400] "GET /cron3344/sendimeiorders HTTP/1.1" 200 0 "-" "Wget/1.19.5 (linux-gnu)"
162.0.217.222 - - [10/Jun/2025:15:45:03 -0400] "GET /cron3344/revertorderstatuses HTTP/1.1" 200 0 "-" "Wget/1.19.5 (linux-gnu)"
43.130.102.223 - - [10/Jun/2025:15:45:07 -0400] "GET /home/order?serviceId=3 HTTP/1.1" 200 15068 "-" "Mozilla/5.0 (iPhone; CPU iPhone OS 13_2_3 like Mac OS X) AppleWebKit/605.1.15 (KHTML, like Gecko) Version/13.0.3 Mobile/15E148 Safari/604.1"
61.231.85.130 - - [10/Jun/2025:15:45:40 -0400] "GET / HTTP/1.1" 200 14611 "https://imeiunlocking.net/" "Mozilla/5.0 (Windows NT 6.1; WOW64) AppleWebKit/537.36 (KHTML, like Gecko) Chrome/33.0.2670.318 Safari/537.36"
192.42.116.177 - - [10/Jun/2025:15:45:47 -0400] "GET /home/order?serviceId=14 HTTP/1.1" 200 14793 "https://imeiunlocking.net/home/order?serviceId=14" "Mozilla/5.0 (Windows NT 10.0; Win64; x64) AppleWebKit/537.36 (KHTML, like Gecko) Chrome/125.0.0.0 Safari/537.36"
192.42.116.177 - - [10/Jun/2025:15:45:48 -0400] "POST /home/order?serviceId=14 HTTP/1.1" 303 0 "https://imeiunlocking.net/home/order?serviceId=14" "Mozilla/5.0 (Windows NT 10.0; Win64; x64) AppleWebKit/537.36 (KHTML, like Gecko) Chrome/125.0.0.0 Safari/537.36"
192.42.116.177 - - [10/Jun/2025:15:45:49 -0400] "GET /home/order?serviceId=14 HTTP/1.1" 200 14841 "https://imeiunlocking.net/home/order?serviceId=14" "Mozilla/5.0 (Windows NT 10.0; Win64; x64) AppleWebKit/537.36 (KHTML, like Gecko) Chrome/125.0.0.0 Safari/537.36"
192.42.116.177 - - [10/Jun/2025:15:45:50 -0400] "POST /register1 HTTP/1.1" 200 242 "https://imeiunlocking.net/register1" "Mozilla/5.0 (Windows NT 10.0; Win64; x64) AppleWebKit/537.36 (KHTML, like Gecko) Chrome/125.0.0.0 Safari/537.36"
85.208.96.200 - - [10/Jun/2025:15:46:05 -0400] "GET /vendor/nikic/php-parser/lib/PhpParser/Node/Scalar/MagicConst/Line.php HTTP/1.1" 500 0 "-" "Mozilla/5.0 (compatible; SemrushBot/7~bl; +http://www.semrush.com/bot.html)"
85.208.96.198 - - [10/Jun/2025:15:48:55 -0400] "GET /assets/global_assets/scss/themes/material/components/tables/datatables/_datatable-scroller.scss HTTP/1.1" 200 1192 "-" "Mozilla/5.0 (compatible; SemrushBot/7~bl; +http://www.semrush.com/bot.html)"
103.159.50.66 - - [10/Jun/2025:15:49:32 -0400] "GET /admin/uploadify/uploadify.css HTTP/1.1" 404 503 "-" "Mozilla/5.0 (X11; Ubuntu; Linux i686; rv:28.0) Gecko/20100101 Firefox/72.0"
185.191.171.8 - - [10/Jun/2025:15:49:38 -0400] "GET /assets/global_assets/scss/themes/material/components/forms/editors/_ace.scss HTTP/1.1" 200 399 "-" "Mozilla/5.0 (compatible; SemrushBot/7~bl; +http://www.semrush.com/bot.html)"
162.0.217.222 - - [10/Jun/2025:15:50:04 -0400] "GET /cron3344/sendimeiorders HTTP/1.1" 200 0 "-" "Wget/1.19.5 (linux-gnu)"
162.0.217.222 - - [10/Jun/2025:15:50:04 -0400] "GET /cron3344/getimeiorders HTTP/1.1" 200 0 "-" "Wget/1.19.5 (linux-gnu)"
162.0.217.222 - - [10/Jun/2025:15:50:04 -0400] "GET /cron3344/revertorderstatuses HTTP/1.1" 200 0 "-" "Wget/1.19.5 (linux-gnu)"
185.191.171.1 - - [10/Jun/2025:15:50:35 -0400] "GET /vendor/phpoffice/phpspreadsheet/src/PhpSpreadsheet/Calculation/MathTrig/Trig/Cotangent.php HTTP/1.1" 500 0 "-" "Mozilla/5.0 (compatible; SemrushBot/7~bl; +http://www.semrush.com/bot.html)"
185.129.61.5 - - [10/Jun/2025:15:52:51 -0400] "GET /home/order?serviceId=14 HTTP/1.1" 200 14792 "https://imeiunlocking.net/home/order?serviceId=14" "Mozilla/5.0 (Windows NT 10.0; Win64; x64) AppleWebKit/537.36 (KHTML, like Gecko) Chrome/125.0.0.0 Safari/537.36"
185.129.61.5 - - [10/Jun/2025:15:52:52 -0400] "POST /home/order?serviceId=14 HTTP/1.1" 303 0 "https://imeiunlocking.net/home/order?serviceId=14" "Mozilla/5.0 (Windows NT 10.0; Win64; x64) AppleWebKit/537.36 (KHTML, like Gecko) Chrome/125.0.0.0 Safari/537.36"
185.129.61.5 - - [10/Jun/2025:15:52:53 -0400] "GET /home/order?serviceId=14 HTTP/1.1" 200 14839 "https://imeiunlocking.net/home/order?serviceId=14" "Mozilla/5.0 (Windows NT 10.0; Win64; x64) AppleWebKit/537.36 (KHTML, like Gecko) Chrome/125.0.0.0 Safari/537.36"
185.129.61.5 - - [10/Jun/2025:15:52:53 -0400] "POST /register1 HTTP/1.1" 200 242 "https://imeiunlocking.net/register1" "Mozilla/5.0 (Windows NT 10.0; Win64; x64) AppleWebKit/537.36 (KHTML, like Gecko) Chrome/125.0.0.0 Safari/537.36"
162.0.217.222 - - [10/Jun/2025:15:55:04 -0400] "GET /cron3344/getimeiorders HTTP/1.1" 200 0 "-" "Wget/1.19.5 (linux-gnu)"
162.0.217.222 - - [10/Jun/2025:15:55:04 -0400] "GET /cron3344/sendimeiorders HTTP/1.1" 200 0 "-" "Wget/1.19.5 (linux-gnu)"
162.0.217.222 - - [10/Jun/2025:15:55:04 -0400] "GET /cron3344/revertorderstatuses HTTP/1.1" 200 0 "-" "Wget/1.19.5 (linux-gnu)"
45.84.107.54 - - [10/Jun/2025:15:56:20 -0400] "GET /home/order?serviceId=14 HTTP/1.1" 200 14793 "https://imeiunlocking.net/home/order?serviceId=14" "Mozilla/5.0 (Windows NT 10.0; Win64; x64) AppleWebKit/537.36 (KHTML, like Gecko) Chrome/125.0.0.0 Safari/537.36"
45.84.107.54 - - [10/Jun/2025:15:56:20 -0400] "POST /home/order?serviceId=14 HTTP/1.1" 303 0 "https://imeiunlocking.net/home/order?serviceId=14" "Mozilla/5.0 (Windows NT 10.0; Win64; x64) AppleWebKit/537.36 (KHTML, like Gecko) Chrome/125.0.0.0 Safari/537.36"
45.84.107.54 - - [10/Jun/2025:15:56:21 -0400] "GET /home/order?serviceId=14 HTTP/1.1" 200 14843 "https://imeiunlocking.net/home/order?serviceId=14" "Mozilla/5.0 (Windows NT 10.0; Win64; x64) AppleWebKit/537.36 (KHTML, like Gecko) Chrome/125.0.0.0 Safari/537.36"
45.84.107.54 - - [10/Jun/2025:15:56:21 -0400] "POST /register1 HTTP/1.1" 200 242 "https://imeiunlocking.net/register1" "Mozilla/5.0 (Windows NT 10.0; Win64; x64) AppleWebKit/537.36 (KHTML, like Gecko) Chrome/125.0.0.0 Safari/537.36"
185.191.171.2 - - [10/Jun/2025:15:56:33 -0400] "GET /vendor/phpoffice/phpspreadsheet/src/PhpSpreadsheet/Calculation/Statistical/Distributions/HyperGeometric.php HTTP/1.1" 500 0 "-" "Mozilla/5.0 (compatible; SemrushBot/7~bl; +http://www.semrush.com/bot.html)"
204.8.96.150 - - [10/Jun/2025:15:56:35 -0400] "GET /home/order?serviceId=14 HTTP/1.1" 200 14794 "https://imeiunlocking.net/home/order?serviceId=14" "Mozilla/5.0 (Windows NT 10.0; Win64; x64) AppleWebKit/537.36 (KHTML, like Gecko) Chrome/125.0.0.0 Safari/537.36"
204.8.96.150 - - [10/Jun/2025:15:56:38 -0400] "POST /home/order?serviceId=14 HTTP/1.1" 303 0 "https://imeiunlocking.net/home/order?serviceId=14" "Mozilla/5.0 (Windows NT 10.0; Win64; x64) AppleWebKit/537.36 (KHTML, like Gecko) Chrome/125.0.0.0 Safari/537.36"
204.8.96.150 - - [10/Jun/2025:15:56:38 -0400] "GET /home/order?serviceId=14 HTTP/1.1" 200 14842 "https://imeiunlocking.net/home/order?serviceId=14" "Mozilla/5.0 (Windows NT 10.0; Win64; x64) AppleWebKit/537.36 (KHTML, like Gecko) Chrome/125.0.0.0 Safari/537.36"
204.8.96.150 - - [10/Jun/2025:15:56:41 -0400] "POST /register1 HTTP/1.1" 200 242 "https://imeiunlocking.net/register1" "Mozilla/5.0 (Windows NT 10.0; Win64; x64) AppleWebKit/537.36 (KHTML, like Gecko) Chrome/125.0.0.0 Safari/537.36"
61.231.85.130 - - [10/Jun/2025:15:57:16 -0400] "GET / HTTP/1.1" 200 14612 "https://imeiunlocking.net/" "Mozilla/5.0 (Windows NT 6.1; WOW64) AppleWebKit/537.36 (KHTML, like Gecko) Chrome/39.0.4359.752 Safari/537.36"
170.106.160.90 - - [10/Jun/2025:15:57:51 -0400] "GET /home/details/8 HTTP/1.1" 200 12284 "-" "Mozilla/5.0 (iPhone; CPU iPhone OS 13_2_3 like Mac OS X) AppleWebKit/605.1.15 (KHTML, like Gecko) Version/13.0.3 Mobile/15E148 Safari/604.1"
185.191.171.1 - - [10/Jun/2025:15:58:14 -0400] "GET /vendor/phpoffice/phpspreadsheet/src/PhpSpreadsheet/Worksheet/AutoFilter/Column/Rule.php HTTP/1.1" 200 0 "-" "Mozilla/5.0 (compatible; SemrushBot/7~bl; +http://www.semrush.com/bot.html)"
54.36.148.247 - - [10/Jun/2025:15:58:29 -0400] "GET /vendor/symfony/console/Formatter/?ND HTTP/1.1" 200 1055 "-" "Mozilla/5.0 (compatible; AhrefsBot/7.0; +http://ahrefs.com/robot/)"
8.217.211.60 - - [10/Jun/2025:15:59:25 -0400] "GET /home/product_and_services/1 HTTP/1.1" 200 12685 "-" "AliyunSecBot/Aliyun (AliyunSecBot@service.alibaba.com)"
162.0.217.222 - - [10/Jun/2025:16:00:05 -0400] "GET /cron3344/revertorderstatuses HTTP/1.1" 200 0 "-" "Wget/1.19.5 (linux-gnu)"
162.0.217.222 - - [10/Jun/2025:16:00:05 -0400] "GET /cron3344/sendimeiorders HTTP/1.1" 200 0 "-" "Wget/1.19.5 (linux-gnu)"
162.0.217.222 - - [10/Jun/2025:16:00:05 -0400] "GET /cron3344/getimeiorders HTTP/1.1" 200 0 "-" "Wget/1.19.5 (linux-gnu)"
85.208.96.196 - - [10/Jun/2025:16:00:37 -0400] "GET /vendor/phpoffice/phpspreadsheet/src/PhpSpreadsheet/Calculation/Financial/Securities/Price.php HTTP/1.1" 200 0 "-" "Mozilla/5.0 (compatible; SemrushBot/7~bl; +http://www.semrush.com/bot.html)"
66.249.73.231 - - [10/Jun/2025:16:01:38 -0400] "GET /rupiah/?demo=fantasy+southeast+asia+playstar HTTP/1.1" 404 503 "-" "Mozilla/5.0 (Linux; Android 6.0.1; Nexus 5X Build/MMB29P) AppleWebKit/537.36 (KHTML, like Gecko) Chrome/136.0.7103.113 Mobile Safari/537.36 (compatible; Googlebot/2.1; +http://www.google.com/bot.html)"
212.8.248.108 - - [10/Jun/2025:16:01:44 -0400] "GET / HTTP/1.1" 200 14610 "-" "Mozilla/5.0 (Windows NT 10.0; Win64; x64) AppleWebKit/537.36 (KHTML, like Gecko) Chrome/118.0.0.0 Safari/537.36"
85.208.96.204 - - [10/Jun/2025:16:01:53 -0400] "GET /vendor/sebastian/ HTTP/1.1" 200 1075 "-" "Mozilla/5.0 (compatible; SemrushBot/7~bl; +http://www.semrush.com/bot.html)"
23.191.200.15 - - [10/Jun/2025:16:02:49 -0400] "GET /home/order?serviceId=14 HTTP/1.1" 200 14791 "https://imeiunlocking.net/home/order?serviceId=14" "Mozilla/5.0 (Windows NT 10.0; Win64; x64) AppleWebKit/537.36 (KHTML, like Gecko) Chrome/125.0.0.0 Safari/537.36"
176.65.149.87 - - [10/Jun/2025:16:02:50 -0400] "GET /home/order?serviceId=14 HTTP/1.1" 200 14792 "https://imeiunlocking.net/home/order?serviceId=14" "Mozilla/5.0 (Windows NT 10.0; Win64; x64) AppleWebKit/537.36 (KHTML, like Gecko) Chrome/125.0.0.0 Safari/537.36"
176.65.149.87 - - [10/Jun/2025:16:02:51 -0400] "POST /home/order?serviceId=14 HTTP/1.1" 303 0 "https://imeiunlocking.net/home/order?serviceId=14" "Mozilla/5.0 (Windows NT 10.0; Win64; x64) AppleWebKit/537.36 (KHTML, like Gecko) Chrome/125.0.0.0 Safari/537.36"
23.191.200.15 - - [10/Jun/2025:16:02:51 -0400] "POST /home/order?serviceId=14 HTTP/1.1" 303 0 "https://imeiunlocking.net/home/order?serviceId=14" "Mozilla/5.0 (Windows NT 10.0; Win64; x64) AppleWebKit/537.36 (KHTML, like Gecko) Chrome/125.0.0.0 Safari/537.36"
176.65.149.87 - - [10/Jun/2025:16:02:51 -0400] "GET /home/order?serviceId=14 HTTP/1.1" 200 14841 "https://imeiunlocking.net/home/order?serviceId=14" "Mozilla/5.0 (Windows NT 10.0; Win64; x64) AppleWebKit/537.36 (KHTML, like Gecko) Chrome/125.0.0.0 Safari/537.36"
23.191.200.15 - - [10/Jun/2025:16:02:52 -0400] "GET /home/order?serviceId=14 HTTP/1.1" 200 14839 "https://imeiunlocking.net/home/order?serviceId=14" "Mozilla/5.0 (Windows NT 10.0; Win64; x64) AppleWebKit/537.36 (KHTML, like Gecko) Chrome/125.0.0.0 Safari/537.36"
176.65.149.87 - - [10/Jun/2025:16:02:52 -0400] "POST /register1 HTTP/1.1" 200 242 "https://imeiunlocking.net/register1" "Mozilla/5.0 (Windows NT 10.0; Win64; x64) AppleWebKit/537.36 (KHTML, like Gecko) Chrome/125.0.0.0 Safari/537.36"
23.191.200.15 - - [10/Jun/2025:16:02:53 -0400] "POST /register1 HTTP/1.1" 200 167 "https://imeiunlocking.net/register1" "Mozilla/5.0 (Windows NT 10.0; Win64; x64) AppleWebKit/537.36 (KHTML, like Gecko) Chrome/125.0.0.0 Safari/537.36"
162.0.217.222 - - [10/Jun/2025:16:05:05 -0400] "GET /cron3344/sendimeiorders HTTP/1.1" 200 0 "-" "Wget/1.19.5 (linux-gnu)"
162.0.217.222 - - [10/Jun/2025:16:05:05 -0400] "GET /cron3344/getimeiorders HTTP/1.1" 200 0 "-" "Wget/1.19.5 (linux-gnu)"
162.0.217.222 - - [10/Jun/2025:16:05:05 -0400] "GET /cron3344/revertorderstatuses HTTP/1.1" 200 0 "-" "Wget/1.19.5 (linux-gnu)"
185.191.171.13 - - [10/Jun/2025:16:08:53 -0400] "GET /robots.txt HTTP/1.1" 404 503 "-" "Mozilla/5.0 (compatible; SemrushBot/7~bl; +http://www.semrush.com/bot.html)"
185.191.171.4 - - [10/Jun/2025:16:08:53 -0400] "GET /vendor/phpunit/ HTTP/1.1" 200 1014 "-" "Mozilla/5.0 (compatible; SemrushBot/7~bl; +http://www.semrush.com/bot.html)"
185.191.171.12 - - [10/Jun/2025:16:09:11 -0400] "GET /vendor/phpoffice/phpspreadsheet/src/PhpSpreadsheet/Writer/Xls/Style/CellBorder.php HTTP/1.1" 200 0 "-" "Mozilla/5.0 (compatible; SemrushBot/7~bl; +http://www.semrush.com/bot.html)"
43.155.188.157 - - [10/Jun/2025:16:09:46 -0400] "GET /login HTTP/1.1" 200 1006 "-" "Mozilla/5.0 (iPhone; CPU iPhone OS 13_2_3 like Mac OS X) AppleWebKit/605.1.15 (KHTML, like Gecko) Version/13.0.3 Mobile/15E148 Safari/604.1"
162.0.217.222 - - [10/Jun/2025:16:10:04 -0400] "GET /cron3344/sendimeiorders HTTP/1.1" 200 0 "-" "Wget/1.19.5 (linux-gnu)"
162.0.217.222 - - [10/Jun/2025:16:10:04 -0400] "GET /cron3344/revertorderstatuses HTTP/1.1" 200 0 "-" "Wget/1.19.5 (linux-gnu)"
162.0.217.222 - - [10/Jun/2025:16:10:04 -0400] "GET /cron3344/getimeiorders HTTP/1.1" 200 0 "-" "Wget/1.19.5 (linux-gnu)"
185.191.171.1 - - [10/Jun/2025:16:10:09 -0400] "GET /vendor/markbaker/ HTTP/1.1" 200 637 "-" "Mozilla/5.0 (compatible; SemrushBot/7~bl; +http://www.semrush.com/bot.html)"
185.220.101.25 - - [10/Jun/2025:16:11:01 -0400] "GET /home/order?serviceId=14 HTTP/1.1" 200 14792 "https://imeiunlocking.net/home/order?serviceId=14" "Mozilla/5.0 (Windows NT 10.0; Win64; x64) AppleWebKit/537.36 (KHTML, like Gecko) Chrome/125.0.0.0 Safari/537.36"
185.220.101.25 - - [10/Jun/2025:16:11:02 -0400] "POST /home/order?serviceId=14 HTTP/1.1" 303 0 "https://imeiunlocking.net/home/order?serviceId=14" "Mozilla/5.0 (Windows NT 10.0; Win64; x64) AppleWebKit/537.36 (KHTML, like Gecko) Chrome/125.0.0.0 Safari/537.36"
185.220.101.25 - - [10/Jun/2025:16:11:02 -0400] "GET /home/order?serviceId=14 HTTP/1.1" 200 14840 "https://imeiunlocking.net/home/order?serviceId=14" "Mozilla/5.0 (Windows NT 10.0; Win64; x64) AppleWebKit/537.36 (KHTML, like Gecko) Chrome/125.0.0.0 Safari/537.36"
185.220.101.25 - - [10/Jun/2025:16:11:03 -0400] "POST /register1 HTTP/1.1" 200 242 "https://imeiunlocking.net/register1" "Mozilla/5.0 (Windows NT 10.0; Win64; x64) AppleWebKit/537.36 (KHTML, like Gecko) Chrome/125.0.0.0 Safari/537.36"
45.66.35.22 - - [10/Jun/2025:16:13:35 -0400] "GET /home/order?serviceId=14 HTTP/1.1" 200 14793 "https://imeiunlocking.net/home/order?serviceId=14" "Mozilla/5.0 (Windows NT 10.0; Win64; x64) AppleWebKit/537.36 (KHTML, like Gecko) Chrome/125.0.0.0 Safari/537.36"
45.66.35.22 - - [10/Jun/2025:16:13:36 -0400] "POST /home/order?serviceId=14 HTTP/1.1" 303 0 "https://imeiunlocking.net/home/order?serviceId=14" "Mozilla/5.0 (Windows NT 10.0; Win64; x64) AppleWebKit/537.36 (KHTML, like Gecko) Chrome/125.0.0.0 Safari/537.36"
45.66.35.22 - - [10/Jun/2025:16:13:36 -0400] "GET /home/order?serviceId=14 HTTP/1.1" 200 14843 "https://imeiunlocking.net/home/order?serviceId=14" "Mozilla/5.0 (Windows NT 10.0; Win64; x64) AppleWebKit/537.36 (KHTML, like Gecko) Chrome/125.0.0.0 Safari/537.36"
