66.249.64.167 - - [07/Jun/2025:11:52:23 -0400] "GET /?g=1262776942850 HTTP/1.1" 200 202521 "-" "Mozilla/5.0 (Linux; Android 6.0.1; Nexus 5X Build/MMB29P) AppleWebKit/537.36 (KHTML, like Gecko) Chrome/137.0.7151.68 Mobile Safari/537.36 (compatible; Googlebot/2.1; +http://www.google.com/bot.html)"
66.249.70.35 - - [07/Jun/2025:11:53:16 -0400] "GET /?g=1318300722450 HTTP/1.1" 200 202521 "-" "Mozilla/5.0 (Linux; Android 6.0.1; Nexus 5X Build/MMB29P) AppleWebKit/537.36 (KHTML, like Gecko) Chrome/137.0.7151.68 Mobile Safari/537.36 (compatible; Googlebot/2.1; +http://www.google.com/bot.html)"
66.249.64.165 - - [07/Jun/2025:11:53:19 -0400] "GET /?g=1290621751750 HTTP/1.1" 200 202521 "-" "Mozilla/5.0 (Linux; Android 6.0.1; Nexus 5X Build/MMB29P) AppleWebKit/537.36 (KHTML, like Gecko) Chrome/137.0.7151.68 Mobile Safari/537.36 (compatible; Googlebot/2.1; +http://www.google.com/bot.html)"
66.249.64.167 - - [07/Jun/2025:11:55:56 -0400] "GET /amp/index.html HTTP/1.1" 304 0 "-" "Mozilla/5.0 (Linux; Android 6.0.1; Nexus 5X Build/MMB29P) AppleWebKit/537.36 (KHTML, like Gecko) Chrome/136.0.7103.113 Mobile Safari/537.36 (compatible; Googlebot/2.1; +http://www.google.com/bot.html)"
66.249.64.167 - - [07/Jun/2025:11:56:06 -0400] "POST /acp/cross-border-widget/cross-border-widget-9d12262f-bb3c-45dc-8734-32c2269c79f5-1740478125718/getValueHTML?page-type=undefined&stamp=1740979869207 HTTP/1.1" 404 1251 "https://imei-unlocking.com/?_gl=1*1ix4f11*_gcl_au*MTYxMTI1OTI3MS4xNzIxODg2NjU0*_ga*ODYyMzk4MzA3LjE2OTk0NTM1Nzg.*_ga_7H42SVMQ0V*MTcyMTg4NjY1NS4xMjEuMS4xNzIxODg2NjY5LjQ2LjAuMA..&_ga=2.198040047.1958808748.1721886654-862398307.1699453578&_bdsid=2ulvIJ.n~ZXCIW.1721886656070.1721886848&_bd_prev_page=https://imei-unlocking.com/cbeicb/i105158050.html" "Mozilla/5.0 (Linux; Android 6.0.1; Nexus 5X Build/MMB29P) AppleWebKit/537.36 (KHTML, like Gecko) Chrome/136.0.7103.92 Mobile Safari/537.36 (compatible; Googlebot/2.1; +http://www.google.com/bot.html)"
66.249.64.165 - - [07/Jun/2025:11:56:26 -0400] "GET /?_gl=1*1ix4f11*_gcl_au*MTYxMTI1OTI3MS4xNzIxODg2NjU0*_ga*ODYyMzk4MzA3LjE2OTk0NTM1Nzg.*_ga_7H42SVMQ0V*MTcyMTg4NjY1NS4xMjEuMS4xNzIxODg2NjY5LjQ2LjAuMA..&_ga=2.198040047.1958808748.1721886654-862398307.1699453578&_bdsid=2ulvIJ.n~ZXCIW.1721886656070.1721886848&_bd_prev_page=https://imei-unlocking.com/hqiila/i105237072.html HTTP/1.1" 200 202521 "-" "Mozilla/5.0 (Linux; Android 6.0.1; Nexus 5X Build/MMB29P) AppleWebKit/537.36 (KHTML, like Gecko) Chrome/136.0.7103.113 Mobile Safari/537.36 (compatible; Googlebot/2.1; +http://www.google.com/bot.html)"
66.249.64.165 - - [07/Jun/2025:11:57:29 -0400] "GET /?g=1164724961250 HTTP/1.1" 200 202521 "-" "Mozilla/5.0 (Linux; Android 6.0.1; Nexus 5X Build/MMB29P) AppleWebKit/537.36 (KHTML, like Gecko) Chrome/137.0.7151.68 Mobile Safari/537.36 (compatible; Googlebot/2.1; +http://www.google.com/bot.html)"
66.249.64.166 - - [07/Jun/2025:11:57:44 -0400] "GET /amp/index.html HTTP/1.1" 304 0 "-" "Mozilla/5.0 (Linux; Android 6.0.1; Nexus 5X Build/MMB29P) AppleWebKit/537.36 (KHTML, like Gecko) Chrome/136.0.7103.113 Mobile Safari/537.36 (compatible; Googlebot/2.1; +http://www.google.com/bot.html)"
66.249.64.165 - - [07/Jun/2025:11:58:00 -0400] "GET /?g=1150807223650 HTTP/1.1" 200 202521 "-" "Mozilla/5.0 (Linux; Android 6.0.1; Nexus 5X Build/MMB29P) AppleWebKit/537.36 (KHTML, like Gecko) Chrome/137.0.7151.68 Mobile Safari/537.36 (compatible; Googlebot/2.1; +http://www.google.com/bot.html)"
66.249.64.166 - - [07/Jun/2025:11:58:16 -0400] "GET /?g=759064131550 HTTP/1.1" 200 202521 "-" "Mozilla/5.0 (Linux; Android 6.0.1; Nexus 5X Build/MMB29P) AppleWebKit/537.36 (KHTML, like Gecko) Chrome/137.0.7151.68 Mobile Safari/537.36 (compatible; Googlebot/2.1; +http://www.google.com/bot.html)"
66.249.64.167 - - [07/Jun/2025:12:00:01 -0400] "GET /?g=1326597371050 HTTP/1.1" 200 202521 "-" "Mozilla/5.0 (Linux; Android 6.0.1; Nexus 5X Build/MMB29P) AppleWebKit/537.36 (KHTML, like Gecko) Chrome/137.0.7151.68 Mobile Safari/537.36 (compatible; Googlebot/2.1; +http://www.google.com/bot.html)"
66.249.64.165 - - [07/Jun/2025:12:00:28 -0400] "GET /?g=1179155973650 HTTP/1.1" 200 202521 "-" "Mozilla/5.0 (Linux; Android 6.0.1; Nexus 5X Build/MMB29P) AppleWebKit/537.36 (KHTML, like Gecko) Chrome/137.0.7151.68 Mobile Safari/537.36 (compatible; Googlebot/2.1; +http://www.google.com/bot.html)"
66.249.64.167 - - [07/Jun/2025:12:02:01 -0400] "GET /?g=1208805123750 HTTP/1.1" 200 202521 "-" "Mozilla/5.0 (Linux; Android 6.0.1; Nexus 5X Build/MMB29P) AppleWebKit/537.36 (KHTML, like Gecko) Chrome/137.0.7151.68 Mobile Safari/537.36 (compatible; Googlebot/2.1; +http://www.google.com/bot.html)"
66.249.70.35 - - [07/Jun/2025:12:02:10 -0400] "GET /?g=1246918222650 HTTP/1.1" 200 202521 "-" "Mozilla/5.0 (Linux; Android 6.0.1; Nexus 5X Build/MMB29P) AppleWebKit/537.36 (KHTML, like Gecko) Chrome/137.0.7151.68 Mobile Safari/537.36 (compatible; Googlebot/2.1; +http://www.google.com/bot.html)"
66.249.64.166 - - [07/Jun/2025:12:02:16 -0400] "GET /?g=1271760200750 HTTP/1.1" 200 202521 "-" "Mozilla/5.0 (Linux; Android 6.0.1; Nexus 5X Build/MMB29P) AppleWebKit/537.36 (KHTML, like Gecko) Chrome/137.0.7151.68 Mobile Safari/537.36 (compatible; Googlebot/2.1; +http://www.google.com/bot.html)"
66.249.70.36 - - [07/Jun/2025:12:02:26 -0400] "GET /?g=1266414101750 HTTP/1.1" 200 202521 "-" "Mozilla/5.0 (Linux; Android 6.0.1; Nexus 5X Build/MMB29P) AppleWebKit/537.36 (KHTML, like Gecko) Chrome/137.0.7151.68 Mobile Safari/537.36 (compatible; Googlebot/2.1; +http://www.google.com/bot.html)"
66.249.70.36 - - [07/Jun/2025:12:02:38 -0400] "GET /?_gl=1*1ix4f11*_gcl_au*MTYxMTI1OTI3MS4xNzIxODg2NjU0*_ga*ODYyMzk4MzA3LjE2OTk0NTM1Nzg.*_ga_7H42SVMQ0V*MTcyMTg4NjY1NS4xMjEuMS4xNzIxODg2NjY5LjQ2LjAuMA..&_ga=2.198040047.1958808748.1721886654-862398307.1699453578&_bdsid=2ulvIJ.n~ZXCIW.1721886656070.1721886848&_bd_prev_page=https://www.imei-unlocking.com/666907_105393628 HTTP/1.1" 200 202521 "-" "Mozilla/5.0 (Linux; Android 6.0.1; Nexus 5X Build/MMB29P) AppleWebKit/537.36 (KHTML, like Gecko) Chrome/136.0.7103.113 Mobile Safari/537.36 (compatible; Googlebot/2.1; +http://www.google.com/bot.html)"
66.249.64.165 - - [07/Jun/2025:12:03:29 -0400] "GET /amp/index.html HTTP/1.1" 304 0 "-" "Mozilla/5.0 (Linux; Android 6.0.1; Nexus 5X Build/MMB29P) AppleWebKit/537.36 (KHTML, like Gecko) Chrome/136.0.7103.113 Mobile Safari/537.36 (compatible; Googlebot/2.1; +http://www.google.com/bot.html)"
66.249.64.165 - - [07/Jun/2025:12:04:23 -0400] "GET /?g=1117954321250 HTTP/1.1" 200 202521 "-" "Mozilla/5.0 (Linux; Android 6.0.1; Nexus 5X Build/MMB29P) AppleWebKit/537.36 (KHTML, like Gecko) Chrome/137.0.7151.68 Mobile Safari/537.36 (compatible; Googlebot/2.1; +http://www.google.com/bot.html)"
66.249.70.37 - - [07/Jun/2025:12:04:26 -0400] "GET /?g=1337458883050 HTTP/1.1" 200 202521 "-" "Mozilla/5.0 (Linux; Android 6.0.1; Nexus 5X Build/MMB29P) AppleWebKit/537.36 (KHTML, like Gecko) Chrome/137.0.7151.68 Mobile Safari/537.36 (compatible; Googlebot/2.1; +http://www.google.com/bot.html)"
66.249.70.35 - - [07/Jun/2025:12:04:27 -0400] "GET /?g=1316661730650 HTTP/1.1" 200 202521 "-" "Mozilla/5.0 (Linux; Android 6.0.1; Nexus 5X Build/MMB29P) AppleWebKit/537.36 (KHTML, like Gecko) Chrome/137.0.7151.68 Mobile Safari/537.36 (compatible; Googlebot/2.1; +http://www.google.com/bot.html)"
66.249.64.165 - - [07/Jun/2025:12:04:44 -0400] "POST /dram/renderLazyLoaded HTTP/1.1" 404 1251 "https://imei-unlocking.com/?_gl=1*1ix4f11*_gcl_au*MTYxMTI1OTI3MS4xNzIxODg2NjU0*_ga*ODYyMzk4MzA3LjE2OTk0NTM1Nzg.*_ga_7H42SVMQ0V*MTcyMTg4NjY1NS4xMjEuMS4xNzIxODg2NjY5LjQ2LjAuMA..&_ga=2.198040047.1958808748.1721886654-862398307.1699453578&_bdsid=2ulvIJ.n~ZXCIW.1721886656070.1721886848&_bd_prev_page=https://imei-unlocking.com/hqiila/i105237072.html" "Mozilla/5.0 (Linux; Android 6.0.1; Nexus 5X Build/MMB29P) AppleWebKit/537.36 (KHTML, like Gecko) Chrome/136.0.7103.92 Mobile Safari/537.36 (compatible; Googlebot/2.1; +http://www.google.com/bot.html)"
66.249.64.166 - - [07/Jun/2025:12:04:44 -0400] "POST /dram/renderLazyLoaded HTTP/1.1" 404 1251 "https://imei-unlocking.com/?_gl=1*1ix4f11*_gcl_au*MTYxMTI1OTI3MS4xNzIxODg2NjU0*_ga*ODYyMzk4MzA3LjE2OTk0NTM1Nzg.*_ga_7H42SVMQ0V*MTcyMTg4NjY1NS4xMjEuMS4xNzIxODg2NjY5LjQ2LjAuMA..&_ga=2.198040047.1958808748.1721886654-862398307.1699453578&_bdsid=2ulvIJ.n~ZXCIW.1721886656070.1721886848&_bd_prev_page=https://imei-unlocking.com/hqiila/i105237072.html" "Mozilla/5.0 (Linux; Android 6.0.1; Nexus 5X Build/MMB29P) AppleWebKit/537.36 (KHTML, like Gecko) Chrome/136.0.7103.92 Mobile Safari/537.36 (compatible; Googlebot/2.1; +http://www.google.com/bot.html)"
66.249.64.166 - - [07/Jun/2025:12:04:45 -0400] "POST /acp/cross-border-widget/cross-border-widget-9d12262f-bb3c-45dc-8734-32c2269c79f5-1740478125718/getValueHTML?page-type=undefined&stamp=1740979869207 HTTP/1.1" 404 1251 "https://imei-unlocking.com/?_gl=1*1ix4f11*_gcl_au*MTYxMTI1OTI3MS4xNzIxODg2NjU0*_ga*ODYyMzk4MzA3LjE2OTk0NTM1Nzg.*_ga_7H42SVMQ0V*MTcyMTg4NjY1NS4xMjEuMS4xNzIxODg2NjY5LjQ2LjAuMA..&_ga=2.198040047.1958808748.1721886654-862398307.1699453578&_bdsid=2ulvIJ.n~ZXCIW.1721886656070.1721886848&_bd_prev_page=https://imei-unlocking.com/hqiila/i105237072.html" "Mozilla/5.0 (Linux; Android 6.0.1; Nexus 5X Build/MMB29P) AppleWebKit/537.36 (KHTML, like Gecko) Chrome/136.0.7103.92 Mobile Safari/537.36 (compatible; Googlebot/2.1; +http://www.google.com/bot.html)"
66.249.64.165 - - [07/Jun/2025:12:04:48 -0400] "GET /?g=1147812431250 HTTP/1.1" 200 202521 "-" "Mozilla/5.0 (Linux; Android 6.0.1; Nexus 5X Build/MMB29P) AppleWebKit/537.36 (KHTML, like Gecko) Chrome/137.0.7151.68 Mobile Safari/537.36 (compatible; Googlebot/2.1; +http://www.google.com/bot.html)"
85.208.96.202 - - [07/Jun/2025:12:04:51 -0400] "GET /robots.txt HTTP/1.1" 404 1251 "-" "Mozilla/5.0 (compatible; SemrushBot/7~bl; +http://www.semrush.com/bot.html)"
185.191.171.13 - - [07/Jun/2025:12:04:52 -0400] "GET /edu/?gov=mahjong%2Bways%2Bscatter%2Bhitam%2Bdemo HTTP/1.1" 200 272763 "-" "Mozilla/5.0 (compatible; SemrushBot/7~bl; +http://www.semrush.com/bot.html)"
85.208.96.207 - - [07/Jun/2025:12:04:57 -0400] "GET /edu/?gov=MAHJONG%2BWAYS%2BSCATTER%2BHITAM%2BDEMO HTTP/1.1" 200 273019 "-" "Mozilla/5.0 (compatible; SemrushBot/7~bl; +http://www.semrush.com/bot.html)"
66.249.64.166 - - [07/Jun/2025:12:05:33 -0400] "GET /?g=1285051532450 HTTP/1.1" 200 202521 "-" "Mozilla/5.0 (Linux; Android 6.0.1; Nexus 5X Build/MMB29P) AppleWebKit/537.36 (KHTML, like Gecko) Chrome/137.0.7151.68 Mobile Safari/537.36 (compatible; Googlebot/2.1; +http://www.google.com/bot.html)"
216.244.66.231 - - [07/Jun/2025:12:05:56 -0400] "GET /robots.txt HTTP/1.1" 404 1251 "-" "Mozilla/5.0 (compatible; DotBot/1.2; +https://opensiteexplorer.org/dotbot; help@moz.com)"
66.249.70.35 - - [07/Jun/2025:12:06:27 -0400] "GET /?g=1203391871350 HTTP/1.1" 200 202521 "-" "Mozilla/5.0 (Linux; Android 6.0.1; Nexus 5X Build/MMB29P) AppleWebKit/537.36 (KHTML, like Gecko) Chrome/137.0.7151.68 Mobile Safari/537.36 (compatible; Googlebot/2.1; +http://www.google.com/bot.html)"
66.249.64.166 - - [07/Jun/2025:12:07:16 -0400] "GET /?g=1322134810150 HTTP/1.1" 200 202521 "-" "Mozilla/5.0 (Linux; Android 6.0.1; Nexus 5X Build/MMB29P) AppleWebKit/537.36 (KHTML, like Gecko) Chrome/137.0.7151.68 Mobile Safari/537.36 (compatible; Googlebot/2.1; +http://www.google.com/bot.html)"
66.249.64.165 - - [07/Jun/2025:12:07:28 -0400] "GET /?g=1184298751950 HTTP/1.1" 200 202521 "-" "Mozilla/5.0 (Linux; Android 6.0.1; Nexus 5X Build/MMB29P) AppleWebKit/537.36 (KHTML, like Gecko) Chrome/137.0.7151.68 Mobile Safari/537.36 (compatible; Googlebot/2.1; +http://www.google.com/bot.html)"
66.249.64.166 - - [07/Jun/2025:12:08:09 -0400] "GET /?g=1326157463650 HTTP/1.1" 200 202521 "-" "Mozilla/5.0 (Linux; Android 6.0.1; Nexus 5X Build/MMB29P) AppleWebKit/537.36 (KHTML, like Gecko) Chrome/137.0.7151.68 Mobile Safari/537.36 (compatible; Googlebot/2.1; +http://www.google.com/bot.html)"
66.249.64.165 - - [07/Jun/2025:12:08:22 -0400] "GET /?g=1139263822450 HTTP/1.1" 200 202521 "-" "Mozilla/5.0 (Linux; Android 6.0.1; Nexus 5X Build/MMB29P) AppleWebKit/537.36 (KHTML, like Gecko) Chrome/137.0.7151.68 Mobile Safari/537.36 (compatible; Googlebot/2.1; +http://www.google.com/bot.html)"
66.249.70.35 - - [07/Jun/2025:12:10:02 -0400] "GET /?g=1315659523250 HTTP/1.1" 200 202521 "-" "Mozilla/5.0 (Linux; Android 6.0.1; Nexus 5X Build/MMB29P) AppleWebKit/537.36 (KHTML, like Gecko) Chrome/137.0.7151.68 Mobile Safari/537.36 (compatible; Googlebot/2.1; +http://www.google.com/bot.html)"
66.249.64.167 - - [07/Jun/2025:12:10:40 -0400] "GET /amp/index.html HTTP/1.1" 304 0 "-" "Mozilla/5.0 (Linux; Android 6.0.1; Nexus 5X Build/MMB29P) AppleWebKit/537.36 (KHTML, like Gecko) Chrome/136.0.7103.113 Mobile Safari/537.36 (compatible; Googlebot/2.1; +http://www.google.com/bot.html)"
66.249.64.165 - - [07/Jun/2025:12:11:09 -0400] "GET /?g=1330343181050 HTTP/1.1" 200 202521 "-" "Mozilla/5.0 (Linux; Android 6.0.1; Nexus 5X Build/MMB29P) AppleWebKit/537.36 (KHTML, like Gecko) Chrome/137.0.7151.68 Mobile Safari/537.36 (compatible; Googlebot/2.1; +http://www.google.com/bot.html)"
216.244.66.231 - - [07/Jun/2025:12:12:49 -0400] "GET /product/sim-unlock-service-xperiatm-x-compact-so-02j/ HTTP/1.1" 404 1251 "-" "Mozilla/5.0 (compatible; DotBot/1.2; +https://opensiteexplorer.org/dotbot; help@moz.com)"
66.249.64.166 - - [07/Jun/2025:12:13:00 -0400] "GET /?g=136193882150 HTTP/1.1" 200 202521 "-" "Mozilla/5.0 (Linux; Android 6.0.1; Nexus 5X Build/MMB29P) AppleWebKit/537.36 (KHTML, like Gecko) Chrome/137.0.7151.68 Mobile Safari/537.36 (compatible; Googlebot/2.1; +http://www.google.com/bot.html)"
66.249.64.165 - - [07/Jun/2025:12:13:15 -0400] "GET /?g=1394020581850 HTTP/1.1" 200 202521 "-" "Mozilla/5.0 (Linux; Android 6.0.1; Nexus 5X Build/MMB29P) AppleWebKit/537.36 (KHTML, like Gecko) Chrome/137.0.7151.68 Mobile Safari/537.36 (compatible; Googlebot/2.1; +http://www.google.com/bot.html)"
216.244.66.231 - - [07/Jun/2025:12:13:54 -0400] "GET /product/sim-unlock-service-aquos-crystal-y2/feed/ HTTP/1.1" 404 1251 "-" "Mozilla/5.0 (compatible; DotBot/1.2; +https://opensiteexplorer.org/dotbot; help@moz.com)"
216.244.66.231 - - [07/Jun/2025:12:13:58 -0400] "GET /product/sim-unlock-service-google-pixel-4/feed/ HTTP/1.1" 404 1251 "-" "Mozilla/5.0 (compatible; DotBot/1.2; +https://opensiteexplorer.org/dotbot; help@moz.com)"
216.244.66.231 - - [07/Jun/2025:12:14:02 -0400] "GET /product/sim-unlock-service-iphone-11-pro-max/ HTTP/1.1" 404 1251 "-" "Mozilla/5.0 (compatible; DotBot/1.2; +https://opensiteexplorer.org/dotbot; help@moz.com)"
216.244.66.231 - - [07/Jun/2025:12:14:06 -0400] "GET /wp-content/uploads/2024/08/AQUOS-Mobile-Phone-1.jpg HTTP/1.1" 404 1251 "-" "Mozilla/5.0 (compatible; DotBot/1.2; +https://opensiteexplorer.org/dotbot; help@moz.com)"
66.249.64.166 - - [07/Jun/2025:12:14:10 -0400] "GET /?g=1261759980650 HTTP/1.1" 200 202521 "-" "Mozilla/5.0 (Linux; Android 6.0.1; Nexus 5X Build/MMB29P) AppleWebKit/537.36 (KHTML, like Gecko) Chrome/137.0.7151.68 Mobile Safari/537.36 (compatible; Googlebot/2.1; +http://www.google.com/bot.html)"
216.244.66.231 - - [07/Jun/2025:12:14:10 -0400] "GET /product/sim-unlock-service-iphone-6s/ HTTP/1.1" 404 1251 "-" "Mozilla/5.0 (compatible; DotBot/1.2; +https://opensiteexplorer.org/dotbot; help@moz.com)"
216.244.66.231 - - [07/Jun/2025:12:14:15 -0400] "GET /wp-content/uploads/2024/08/AQUOS-CRYSTAL-Y2-1.jpg HTTP/1.1" 404 1251 "-" "Mozilla/5.0 (compatible; DotBot/1.2; +https://opensiteexplorer.org/dotbot; help@moz.com)"
216.244.66.231 - - [07/Jun/2025:12:14:21 -0400] "GET /wp-content/uploads/2024/08/Android-One-X1-1.jpg HTTP/1.1" 404 1251 "-" "Mozilla/5.0 (compatible; DotBot/1.2; +https://opensiteexplorer.org/dotbot; help@moz.com)"
216.244.66.231 - - [07/Jun/2025:12:14:25 -0400] "GET /wp-content/uploads/2024/08/Xperia-XZ3-SO-01L-2-1.jpg HTTP/1.1" 404 1251 "-" "Mozilla/5.0 (compatible; DotBot/1.2; +https://opensiteexplorer.org/dotbot; help@moz.com)"
216.244.66.231 - - [07/Jun/2025:12:14:45 -0400] "GET /product/sim-unlock-service-aquos-xx3-mini/?add-to-cart=686 HTTP/1.1" 404 1251 "-" "Mozilla/5.0 (compatible; DotBot/1.2; +https://opensiteexplorer.org/dotbot; help@moz.com)"
216.244.66.231 - - [07/Jun/2025:12:14:48 -0400] "GET /product/sim-unlock-service-galaxy-a51-5g/?add-to-cart=665 HTTP/1.1" 404 1251 "-" "Mozilla/5.0 (compatible; DotBot/1.2; +https://opensiteexplorer.org/dotbot; help@moz.com)"
216.244.66.231 - - [07/Jun/2025:12:14:51 -0400] "GET /product/sim-unlock-service-google-pixel-7-pro/?add-to-cart=696 HTTP/1.1" 404 1251 "-" "Mozilla/5.0 (compatible; DotBot/1.2; +https://opensiteexplorer.org/dotbot; help@moz.com)"
216.244.66.231 - - [07/Jun/2025:12:14:53 -0400] "GET /product/sim-unlock-service-xperia-1/?add-to-cart=724 HTTP/1.1" 404 1251 "-" "Mozilla/5.0 (compatible; DotBot/1.2; +https://opensiteexplorer.org/dotbot; help@moz.com)"
66.249.64.166 - - [07/Jun/2025:12:15:23 -0400] "GET /amp/index.html HTTP/1.1" 304 0 "-" "Mozilla/5.0 (Linux; Android 6.0.1; Nexus 5X Build/MMB29P) AppleWebKit/537.36 (KHTML, like Gecko) Chrome/136.0.7103.113 Mobile Safari/537.36 (compatible; Googlebot/2.1; +http://www.google.com/bot.html)"
66.249.64.166 - - [07/Jun/2025:12:15:28 -0400] "GET /?g=1310741982350 HTTP/1.1" 200 202521 "-" "Mozilla/5.0 (Linux; Android 6.0.1; Nexus 5X Build/MMB29P) AppleWebKit/537.36 (KHTML, like Gecko) Chrome/137.0.7151.68 Mobile Safari/537.36 (compatible; Googlebot/2.1; +http://www.google.com/bot.html)"
66.249.64.166 - - [07/Jun/2025:12:15:42 -0400] "POST /dram/renderLazyLoaded HTTP/1.1" 404 1251 "https://imei-unlocking.com/?_gl=1*1ix4f11*_gcl_au*MTYxMTI1OTI3MS4xNzIxODg2NjU0*_ga*ODYyMzk4MzA3LjE2OTk0NTM1Nzg.*_ga_7H42SVMQ0V*MTcyMTg4NjY1NS4xMjEuMS4xNzIxODg2NjY5LjQ2LjAuMA..&_ga=2.198040047.1958808748.1721886654-862398307.1699453578&_bdsid=2ulvIJ.n~ZXCIW.1721886656070.1721886848&_bd_prev_page=https://imei-unlocking.com/ttkqeh/i105149892.html" "Mozilla/5.0 (Linux; Android 6.0.1; Nexus 5X Build/MMB29P) AppleWebKit/537.36 (KHTML, like Gecko) Chrome/136.0.7103.92 Mobile Safari/537.36 (compatible; Googlebot/2.1; +http://www.google.com/bot.html)"
66.249.64.166 - - [07/Jun/2025:12:15:42 -0400] "POST /dram/renderLazyLoaded HTTP/1.1" 404 1251 "https://imei-unlocking.com/?_gl=1*1ix4f11*_gcl_au*MTYxMTI1OTI3MS4xNzIxODg2NjU0*_ga*ODYyMzk4MzA3LjE2OTk0NTM1Nzg.*_ga_7H42SVMQ0V*MTcyMTg4NjY1NS4xMjEuMS4xNzIxODg2NjY5LjQ2LjAuMA..&_ga=2.198040047.1958808748.1721886654-862398307.1699453578&_bdsid=2ulvIJ.n~ZXCIW.1721886656070.1721886848&_bd_prev_page=https://imei-unlocking.com/ttkqeh/i105149892.html" "Mozilla/5.0 (Linux; Android 6.0.1; Nexus 5X Build/MMB29P) AppleWebKit/537.36 (KHTML, like Gecko) Chrome/136.0.7103.92 Mobile Safari/537.36 (compatible; Googlebot/2.1; +http://www.google.com/bot.html)"
66.249.64.165 - - [07/Jun/2025:12:15:43 -0400] "POST /acp/cross-border-widget/cross-border-widget-9d12262f-bb3c-45dc-8734-32c2269c79f5-1740478125718/getValueHTML?page-type=undefined&stamp=1740979869207 HTTP/1.1" 404 1251 "https://imei-unlocking.com/?_gl=1*1ix4f11*_gcl_au*MTYxMTI1OTI3MS4xNzIxODg2NjU0*_ga*ODYyMzk4MzA3LjE2OTk0NTM1Nzg.*_ga_7H42SVMQ0V*MTcyMTg4NjY1NS4xMjEuMS4xNzIxODg2NjY5LjQ2LjAuMA..&_ga=2.198040047.1958808748.1721886654-862398307.1699453578&_bdsid=2ulvIJ.n~ZXCIW.1721886656070.1721886848&_bd_prev_page=https://imei-unlocking.com/ttkqeh/i105149892.html" "Mozilla/5.0 (Linux; Android 6.0.1; Nexus 5X Build/MMB29P) AppleWebKit/537.36 (KHTML, like Gecko) Chrome/136.0.7103.92 Mobile Safari/537.36 (compatible; Googlebot/2.1; +http://www.google.com/bot.html)"
216.244.66.231 - - [07/Jun/2025:12:16:11 -0400] "GET /product/sim-unlock-service-aquos-sense-basic/?add_to_wishlist=686&_wpnonce=fa4b6bc6ba HTTP/1.1" 404 1251 "-" "Mozilla/5.0 (compatible; DotBot/1.2; +https://opensiteexplorer.org/dotbot; help@moz.com)"
216.244.66.231 - - [07/Jun/2025:12:16:15 -0400] "GET /product/sim-unlock-service-aquos-zero2-sh-01m/?add_to_wishlist=1361&_wpnonce=f3a775bedb HTTP/1.1" 404 1251 "-" "Mozilla/5.0 (compatible; DotBot/1.2; +https://opensiteexplorer.org/dotbot; help@moz.com)"
216.244.66.231 - - [07/Jun/2025:12:16:19 -0400] "GET /product/sim-unlock-service-disney-mobile-on-docomo-dm-02h/?add_to_wishlist=1337&_wpnonce=5a83e16ee1 HTTP/1.1" 404 1251 "-" "Mozilla/5.0 (compatible; DotBot/1.2; +https://opensiteexplorer.org/dotbot; help@moz.com)"
216.244.66.231 - - [07/Jun/2025:12:16:22 -0400] "GET /product/sim-unlock-service-dtab-d-01k/?add_to_wishlist=1382&_wpnonce=7f13cfb8c8 HTTP/1.1" 404 1251 "-" "Mozilla/5.0 (compatible; DotBot/1.2; +https://opensiteexplorer.org/dotbot; help@moz.com)"
66.249.64.167 - - [07/Jun/2025:12:16:25 -0400] "GET /?g=1274829281050 HTTP/1.1" 200 202521 "-" "Mozilla/5.0 (Linux; Android 6.0.1; Nexus 5X Build/MMB29P) AppleWebKit/537.36 (KHTML, like Gecko) Chrome/137.0.7151.68 Mobile Safari/537.36 (compatible; Googlebot/2.1; +http://www.google.com/bot.html)"
216.244.66.231 - - [07/Jun/2025:12:16:26 -0400] "GET /product/sim-unlock-service-galaxy-s10olympic-games-edition-sc-05l/?add_to_wishlist=1443&_wpnonce=bf3f0d6347 HTTP/1.1" 404 1251 "-" "Mozilla/5.0 (compatible; DotBot/1.2; +https://opensiteexplorer.org/dotbot; help@moz.com)"
66.249.64.166 - - [07/Jun/2025:12:16:27 -0400] "GET /?_gl=1*1ix4f11*_gcl_au*MTYxMTI1OTI3MS4xNzIxODg2NjU0*_ga*ODYyMzk4MzA3LjE2OTk0NTM1Nzg.*_ga_7H42SVMQ0V*MTcyMTg4NjY1NS4xMjEuMS4xNzIxODg2NjY5LjQ2LjAuMA..&_ga=2.198040047.1958808748.1721886654-862398307.1699453578&_bdsid=2ulvIJ.n~ZXCIW.1721886656070.1721886848&_bd_prev_page=https://imei-unlocking.com/cnovfd/i105465164.html HTTP/1.1" 200 202521 "-" "Mozilla/5.0 (Linux; Android 6.0.1; Nexus 5X Build/MMB29P) AppleWebKit/537.36 (KHTML, like Gecko) Chrome/136.0.7103.113 Mobile Safari/537.36 (compatible; Googlebot/2.1; +http://www.google.com/bot.html)"
216.244.66.231 - - [07/Jun/2025:12:16:34 -0400] "GET /product/sim-unlock-service-google-pixel-7a/?add_to_wishlist=690&_wpnonce=e8cdaeacb0 HTTP/1.1" 404 1251 "-" "Mozilla/5.0 (compatible; DotBot/1.2; +https://opensiteexplorer.org/dotbot; help@moz.com)"
216.244.66.231 - - [07/Jun/2025:12:16:42 -0400] "GET /product/sim-unlock-service-huawei-mate-10-pro/?add_to_wishlist=708&_wpnonce=e8cdaeacb0 HTTP/1.1" 404 1251 "-" "Mozilla/5.0 (compatible; DotBot/1.2; +https://opensiteexplorer.org/dotbot; help@moz.com)"
216.244.66.231 - - [07/Jun/2025:12:16:48 -0400] "GET /product/sim-unlock-service-oppo-a55s-5g/?add_to_wishlist=674&_wpnonce=38934a1bb6 HTTP/1.1" 404 1251 "-" "Mozilla/5.0 (compatible; DotBot/1.2; +https://opensiteexplorer.org/dotbot; help@moz.com)"
216.244.66.231 - - [07/Jun/2025:12:16:54 -0400] "GET /product/sim-unlock-service-oppo-find-x3-pro/?add_to_wishlist=724&_wpnonce=25dcffcba7 HTTP/1.1" 404 1251 "-" "Mozilla/5.0 (compatible; DotBot/1.2; +https://opensiteexplorer.org/dotbot; help@moz.com)"
216.244.66.231 - - [07/Jun/2025:12:16:59 -0400] "GET /product/sim-unlock-service-oppo-reno3-a/?add_to_wishlist=650&_wpnonce=61aefd727b HTTP/1.1" 404 1251 "-" "Mozilla/5.0 (compatible; DotBot/1.2; +https://opensiteexplorer.org/dotbot; help@moz.com)"
216.244.66.231 - - [07/Jun/2025:12:17:02 -0400] "GET /product/sim-unlock-service-oppo-reno7-a/?add_to_wishlist=693&_wpnonce=f13868481f HTTP/1.1" 404 1251 "-" "Mozilla/5.0 (compatible; DotBot/1.2; +https://opensiteexplorer.org/dotbot; help@moz.com)"
216.244.66.231 - - [07/Jun/2025:12:17:06 -0400] "GET /product/sim-unlock-service-xperia-10-v/?add_to_wishlist=677&_wpnonce=f0a547b09f HTTP/1.1" 404 1251 "-" "Mozilla/5.0 (compatible; DotBot/1.2; +https://opensiteexplorer.org/dotbot; help@moz.com)"
216.244.66.231 - - [07/Jun/2025:12:17:08 -0400] "GET /product/sim-unlock-service-xperiatm-z4-so-03g/?add_to_wishlist=1388&_wpnonce=bf3f0d6347 HTTP/1.1" 404 1251 "-" "Mozilla/5.0 (compatible; DotBot/1.2; +https://opensiteexplorer.org/dotbot; help@moz.com)"
216.244.66.231 - - [07/Jun/2025:12:17:11 -0400] "GET /shop/page/5/?add_to_wishlist=1229&_wpnonce=9c5f9e94f0 HTTP/1.1" 404 1251 "-" "Mozilla/5.0 (compatible; DotBot/1.2; +https://opensiteexplorer.org/dotbot; help@moz.com)"
216.244.66.231 - - [07/Jun/2025:12:17:35 -0400] "GET /Brands/amazon-phones/page/10/?add_to_wishlist=1298&_wpnonce=375cc2a072 HTTP/1.1" 404 1251 "-" "Mozilla/5.0 (compatible; DotBot/1.2; +https://opensiteexplorer.org/dotbot; help@moz.com)"
216.244.66.231 - - [07/Jun/2025:12:17:39 -0400] "GET /Brands/docomo/page/5/?add_to_wishlist=1488&_wpnonce=fcc6ea49d2 HTTP/1.1" 404 1251 "-" "Mozilla/5.0 (compatible; DotBot/1.2; +https://opensiteexplorer.org/dotbot; help@moz.com)"
216.244.66.231 - - [07/Jun/2025:12:17:45 -0400] "GET /Brands/softbank/page/11/?add_to_wishlist=1004&_wpnonce=f13868481f HTTP/1.1" 404 1251 "-" "Mozilla/5.0 (compatible; DotBot/1.2; +https://opensiteexplorer.org/dotbot; help@moz.com)"
216.244.66.231 - - [07/Jun/2025:12:17:50 -0400] "GET /Brands/softbank/page/11/?add_to_wishlist=1865&_wpnonce=f13868481f HTTP/1.1" 404 1251 "-" "Mozilla/5.0 (compatible; DotBot/1.2; +https://opensiteexplorer.org/dotbot; help@moz.com)"
216.244.66.231 - - [07/Jun/2025:12:17:57 -0400] "GET /Brands/softbank/page/5/?add_to_wishlist=1124&_wpnonce=9c5f9e94f0 HTTP/1.1" 404 1251 "-" "Mozilla/5.0 (compatible; DotBot/1.2; +https://opensiteexplorer.org/dotbot; help@moz.com)"
66.249.64.167 - - [07/Jun/2025:12:17:59 -0400] "GET /?g=1277590060250 HTTP/1.1" 200 202521 "-" "Mozilla/5.0 (Linux; Android 6.0.1; Nexus 5X Build/MMB29P) AppleWebKit/537.36 (KHTML, like Gecko) Chrome/137.0.7151.68 Mobile Safari/537.36 (compatible; Googlebot/2.1; +http://www.google.com/bot.html)"
66.249.64.166 - - [07/Jun/2025:12:18:01 -0400] "GET /?g=1160013253750 HTTP/1.1" 200 202521 "-" "Mozilla/5.0 (Linux; Android 6.0.1; Nexus 5X Build/MMB29P) AppleWebKit/537.36 (KHTML, like Gecko) Chrome/137.0.7151.68 Mobile Safari/537.36 (compatible; Googlebot/2.1; +http://www.google.com/bot.html)"
216.244.66.231 - - [07/Jun/2025:12:18:08 -0400] "GET /Brands/softbank/page/8/?add_to_wishlist=742&_wpnonce=8de560b152 HTTP/1.1" 404 1251 "-" "Mozilla/5.0 (compatible; DotBot/1.2; +https://opensiteexplorer.org/dotbot; help@moz.com)"
216.244.66.231 - - [07/Jun/2025:12:18:17 -0400] "GET /Brands/uq-mobile/page/10/?add_to_wishlist=1091&_wpnonce=2c219642af HTTP/1.1" 404 1251 "-" "Mozilla/5.0 (compatible; DotBot/1.2; +https://opensiteexplorer.org/dotbot; help@moz.com)"
216.244.66.231 - - [07/Jun/2025:12:18:25 -0400] "GET /Brands/uq-mobile/page/11/?add_to_wishlist=1184&_wpnonce=375cc2a072 HTTP/1.1" 404 1251 "-" "Mozilla/5.0 (compatible; DotBot/1.2; +https://opensiteexplorer.org/dotbot; help@moz.com)"
66.249.64.166 - - [07/Jun/2025:12:18:32 -0400] "GET /?g=1134947822350 HTTP/1.1" 200 202521 "-" "Mozilla/5.0 (Linux; Android 6.0.1; Nexus 5X Build/MMB29P) AppleWebKit/537.36 (KHTML, like Gecko) Chrome/137.0.7151.68 Mobile Safari/537.36 (compatible; Googlebot/2.1; +http://www.google.com/bot.html)"
216.244.66.231 - - [07/Jun/2025:12:18:33 -0400] "GET /Brands/uq-mobile/page/9/?add_to_wishlist=908&_wpnonce=a1f4f4dca0 HTTP/1.1" 404 1251 "-" "Mozilla/5.0 (compatible; DotBot/1.2; +https://opensiteexplorer.org/dotbot; help@moz.com)"
216.244.66.231 - - [07/Jun/2025:12:18:39 -0400] "GET /Brands/uq-mobile/page/9/?add_to_wishlist=908&_wpnonce=e5982e84ed HTTP/1.1" 404 1251 "-" "Mozilla/5.0 (compatible; DotBot/1.2; +https://opensiteexplorer.org/dotbot; help@moz.com)"
216.244.66.231 - - [07/Jun/2025:12:19:18 -0400] "GET /product/sim-unlock-service-galaxy-s21-5g-sc-51b/?add-to-cart=1370 HTTP/1.1" 404 1251 "-" "Mozilla/5.0 (compatible; DotBot/1.2; +https://opensiteexplorer.org/dotbot; help@moz.com)"
52.167.144.162 - - [07/Jun/2025:12:19:34 -0400] "GET /shopping/j32001045411.html HTTP/1.1" 404 1251 "-" "Mozilla/5.0 AppleWebKit/537.36 (KHTML, like Gecko; compatible; bingbot/2.0; +http://www.bing.com/bingbot.htm) Chrome/116.0.1938.76 Safari/537.36"
216.244.66.231 - - [07/Jun/2025:12:20:01 -0400] "GET /product/sim-unlock-service-aquos-r8-pro/?add_to_wishlist=727&_wpnonce=f13868481f HTTP/1.1" 404 1251 "-" "Mozilla/5.0 (compatible; DotBot/1.2; +https://opensiteexplorer.org/dotbot; help@moz.com)"
216.244.66.231 - - [07/Jun/2025:12:20:05 -0400] "GET /product/sim-unlock-service-arrows-be4-f-41a/?add_to_wishlist=1391&_wpnonce=0ff0f123dc HTTP/1.1" 404 1251 "-" "Mozilla/5.0 (compatible; DotBot/1.2; +https://opensiteexplorer.org/dotbot; help@moz.com)"
216.244.66.231 - - [07/Jun/2025:12:20:08 -0400] "GET /product/sim-unlock-service-docomo-kids-junior/?add_to_wishlist=1334&_wpnonce=f13868481f HTTP/1.1" 404 1251 "-" "Mozilla/5.0 (compatible; DotBot/1.2; +https://opensiteexplorer.org/dotbot; help@moz.com)"
216.244.66.231 - - [07/Jun/2025:12:20:11 -0400] "GET /product/sim-unlock-service-galaxy-a41-sc-41a/?add_to_wishlist=1358&_wpnonce=4f382851f7 HTTP/1.1" 404 1251 "-" "Mozilla/5.0 (compatible; DotBot/1.2; +https://opensiteexplorer.org/dotbot; help@moz.com)"
216.244.66.231 - - [07/Jun/2025:12:20:14 -0400] "GET /product/sim-unlock-service-oppo-a73/?add_to_wishlist=680&_wpnonce=f13868481f HTTP/1.1" 404 1251 "-" "Mozilla/5.0 (compatible; DotBot/1.2; +https://opensiteexplorer.org/dotbot; help@moz.com)"
216.244.66.231 - - [07/Jun/2025:12:20:23 -0400] "GET /product/sim-unlock-service-aquos-crystal-y2/?add_to_wishlist=730&_wpnonce=38934a1bb6 HTTP/1.1" 404 1251 "-" "Mozilla/5.0 (compatible; DotBot/1.2; +https://opensiteexplorer.org/dotbot; help@moz.com)"
216.244.66.231 - - [07/Jun/2025:12:20:25 -0400] "GET /product/sim-unlock-service-google-pixel-4/?add_to_wishlist=696&_wpnonce=639a133a34 HTTP/1.1" 404 1251 "-" "Mozilla/5.0 (compatible; DotBot/1.2; +https://opensiteexplorer.org/dotbot; help@moz.com)"
66.249.64.165 - - [07/Jun/2025:12:20:25 -0400] "GET /amp/index.html HTTP/1.1" 200 2399 "-" "Mozilla/5.0 (Linux; Android 6.0.1; Nexus 5X Build/MMB29P) AppleWebKit/537.36 (KHTML, like Gecko) Chrome/136.0.7103.113 Mobile Safari/537.36 (compatible; Googlebot/2.1; +http://www.google.com/bot.html)"
216.244.66.231 - - [07/Jun/2025:12:20:27 -0400] "GET /product/sim-unlock-service-xperia-xz2-premium-2/?add_to_wishlist=677&_wpnonce=f13868481f HTTP/1.1" 404 1251 "-" "Mozilla/5.0 (compatible; DotBot/1.2; +https://opensiteexplorer.org/dotbot; help@moz.com)"
216.244.66.231 - - [07/Jun/2025:12:20:29 -0400] "GET /product/sim-unlock-service-xperia-xz2-premium-2/?add_to_wishlist=974&_wpnonce=f13868481f HTTP/1.1" 404 1251 "-" "Mozilla/5.0 (compatible; DotBot/1.2; +https://opensiteexplorer.org/dotbot; help@moz.com)"
207.46.13.102 - - [07/Jun/2025:12:20:57 -0400] "GET /shopping/x1800301747.html HTTP/1.1" 404 1251 "-" "Mozilla/5.0 AppleWebKit/537.36 (KHTML, like Gecko; compatible; bingbot/2.0; +http://www.bing.com/bingbot.htm) Chrome/116.0.1938.76 Safari/537.36"
216.244.66.231 - - [07/Jun/2025:12:21:11 -0400] "GET /Brands/docomo/page/9/?add_to_wishlist=1512&_wpnonce=e89051e022 HTTP/1.1" 404 1251 "-" "Mozilla/5.0 (compatible; DotBot/1.2; +https://opensiteexplorer.org/dotbot; help@moz.com)"
216.244.66.231 - - [07/Jun/2025:12:21:13 -0400] "GET /Brands/y-mobile/page/4/?add_to_wishlist=1226&_wpnonce=e89051e022 HTTP/1.1" 404 1251 "-" "Mozilla/5.0 (compatible; DotBot/1.2; +https://opensiteexplorer.org/dotbot; help@moz.com)"
66.249.64.167 - - [07/Jun/2025:12:23:11 -0400] "GET /amp/index.html HTTP/1.1" 304 0 "-" "Mozilla/5.0 (Linux; Android 6.0.1; Nexus 5X Build/MMB29P) AppleWebKit/537.36 (KHTML, like Gecko) Chrome/136.0.7103.113 Mobile Safari/537.36 (compatible; Googlebot/2.1; +http://www.google.com/bot.html)"
66.249.70.37 - - [07/Jun/2025:12:24:11 -0400] "GET /?_gl=1*1ix4f11*_gcl_au*MTYxMTI1OTI3MS4xNzIxODg2NjU0*_ga*ODYyMzk4MzA3LjE2OTk0NTM1Nzg.*_ga_7H42SVMQ0V*MTcyMTg4NjY1NS4xMjEuMS4xNzIxODg2NjY5LjQ2LjAuMA..&_ga=2.198040047.1958808748.1721886654-862398307.1699453578&_bdsid=2ulvIJ.n~ZXCIW.1721886656070.1721886848&_bd_prev_page=https://www.imei-unlocking.com/detail.php?32001466643.htm HTTP/1.1" 200 202521 "-" "Mozilla/5.0 (Linux; Android 6.0.1; Nexus 5X Build/MMB29P) AppleWebKit/537.36 (KHTML, like Gecko) Chrome/136.0.7103.113 Mobile Safari/537.36 (compatible; Googlebot/2.1; +http://www.google.com/bot.html)"
52.167.144.215 - - [07/Jun/2025:12:26:12 -0400] "GET /shopping/a42561689968.html HTTP/1.1" 404 1251 "-" "Mozilla/5.0 AppleWebKit/537.36 (KHTML, like Gecko; compatible; bingbot/2.0; +http://www.bing.com/bingbot.htm) Chrome/116.0.1938.76 Safari/537.36"
66.249.64.165 - - [07/Jun/2025:12:26:38 -0400] "GET /?_gl=1*1ix4f11*_gcl_au*MTYxMTI1OTI3MS4xNzIxODg2NjU0*_ga*ODYyMzk4MzA3LjE2OTk0NTM1Nzg.*_ga_7H42SVMQ0V*MTcyMTg4NjY1NS4xMjEuMS4xNzIxODg2NjY5LjQ2LjAuMA..&_ga=2.198040047.1958808748.1721886654-862398307.1699453578&_bdsid=2ulvIJ.n~ZXCIW.1721886656070.1721886848&_bd_prev_page=https://imei-unlocking.com/cnovfd/i10543017.html HTTP/1.1" 200 202521 "-" "Mozilla/5.0 (Linux; Android 6.0.1; Nexus 5X Build/MMB29P) AppleWebKit/537.36 (KHTML, like Gecko) Chrome/136.0.7103.113 Mobile Safari/537.36 (compatible; Googlebot/2.1; +http://www.google.com/bot.html)"
66.249.64.167 - - [07/Jun/2025:12:27:24 -0400] "GET /?_gl=1*1ix4f11*_gcl_au*MTYxMTI1OTI3MS4xNzIxODg2NjU0*_ga*ODYyMzk4MzA3LjE2OTk0NTM1Nzg.*_ga_7H42SVMQ0V*MTcyMTg4NjY1NS4xMjEuMS4xNzIxODg2NjY5LjQ2LjAuMA..&_ga=2.198040047.1958808748.1721886654-862398307.1699453578&_bdsid=2ulvIJ.n~ZXCIW.1721886656070.1721886848&_bd_prev_page=https://imei-unlocking.com/hqiila/i105390283.html HTTP/1.1" 200 202521 "-" "Mozilla/5.0 (Linux; Android 6.0.1; Nexus 5X Build/MMB29P) AppleWebKit/537.36 (KHTML, like Gecko) Chrome/136.0.7103.113 Mobile Safari/537.36 (compatible; Googlebot/2.1; +http://www.google.com/bot.html)"
40.77.167.25 - - [07/Jun/2025:12:27:56 -0400] "GET /shopping/r99114104007.html HTTP/1.1" 404 1251 "-" "Mozilla/5.0 AppleWebKit/537.36 (KHTML, like Gecko; compatible; bingbot/2.0; +http://www.bing.com/bingbot.htm) Chrome/116.0.1938.76 Safari/537.36"
66.249.64.166 - - [07/Jun/2025:12:31:25 -0400] "GET /?_gl=1*1ix4f11*_gcl_au*MTYxMTI1OTI3MS4xNzIxODg2NjU0*_ga*ODYyMzk4MzA3LjE2OTk0NTM1Nzg.*_ga_7H42SVMQ0V*MTcyMTg4NjY1NS4xMjEuMS4xNzIxODg2NjY5LjQ2LjAuMA..&_ga=2.198040047.1958808748.1721886654-862398307.1699453578&_bdsid=2ulvIJ.n~ZXCIW.1721886656070.1721886848&_bd_prev_page=https://imei-unlocking.com/hqiila/i105449637.html HTTP/1.1" 200 202521 "-" "Mozilla/5.0 (Linux; Android 6.0.1; Nexus 5X Build/MMB29P) AppleWebKit/537.36 (KHTML, like Gecko) Chrome/136.0.7103.113 Mobile Safari/537.36 (compatible; Googlebot/2.1; +http://www.google.com/bot.html)"
66.249.64.165 - - [07/Jun/2025:12:32:17 -0400] "GET /?g=1379733472950 HTTP/1.1" 200 202521 "-" "Mozilla/5.0 (Linux; Android 6.0.1; Nexus 5X Build/MMB29P) AppleWebKit/537.36 (KHTML, like Gecko) Chrome/137.0.7151.68 Mobile Safari/537.36 (compatible; Googlebot/2.1; +http://www.google.com/bot.html)"
66.249.64.166 - - [07/Jun/2025:12:32:50 -0400] "GET /amp/index.html HTTP/1.1" 304 0 "-" "Mozilla/5.0 (Linux; Android 6.0.1; Nexus 5X Build/MMB29P) AppleWebKit/537.36 (KHTML, like Gecko) Chrome/136.0.7103.113 Mobile Safari/537.36 (compatible; Googlebot/2.1; +http://www.google.com/bot.html)"
66.249.64.166 - - [07/Jun/2025:12:33:09 -0400] "GET /?g=1269180082350 HTTP/1.1" 200 202521 "-" "Mozilla/5.0 (Linux; Android 6.0.1; Nexus 5X Build/MMB29P) AppleWebKit/537.36 (KHTML, like Gecko) Chrome/137.0.7151.68 Mobile Safari/537.36 (compatible; Googlebot/2.1; +http://www.google.com/bot.html)"